{"id":12189,"date":"2022-07-26T08:01:14","date_gmt":"2022-07-26T11:01:14","guid":{"rendered":"https:\/\/ifdcvm-slu.infd.edu.ar\/sitio\/?page_id=12189"},"modified":"2023-07-25T09:36:19","modified_gmt":"2023-07-25T12:36:19","slug":"area-de-alumnos-cambio-de-plan-y-carrera","status":"publish","type":"page","link":"https:\/\/ifdcvm-slu.infd.edu.ar\/sitio\/area-de-alumnos-cambio-de-plan-y-carrera\/","title":{"rendered":"\u00c1rea de Alumnos > Cambio de plan de estudio"},"content":{"rendered":"\n<p>En la presente secci\u00f3n se encuentran disponibles los formularios para plan de carrera y cambio de plan de estudios. Hac\u00e9 clic en el formulario de tu inter\u00e9s.<\/p>\n\n\n\n<p><a href=\"https:\/\/docs.google.com\/forms\/d\/e\/1FAIpQLSd9LRc-ul5VOygpC-DKQCzl8cuBGoWcx2aY1esQdBiGUImxAQ\/viewform?usp=pp_url\" data-type=\"URL\" data-id=\"https:\/\/docs.google.com\/forms\/d\/e\/1FAIpQLSd9LRc-ul5VOygpC-DKQCzl8cuBGoWcx2aY1esQdBiGUImxAQ\/viewform?usp=pp_url\" target=\"_blank\" rel=\"noreferrer noopener\">Formulario para cambio de plan de estudios.<\/a> (2\u00b0 cuatrimestre 2023)<\/p>\n","protected":false},"excerpt":{"rendered":"<p>En la presente secci\u00f3n se encuentran disponibles los formularios para plan de carrera y cambio de plan de estudios. Hac\u00e9 clic en el formulario de tu inter\u00e9s. Formulario para cambio de plan de estudios. (2\u00b0 cuatrimestre 2023)<\/p>\n","protected":false},"author":1518,"featured_media":0,"parent":0,"menu_order":0,"comment_status":"closed","ping_status":"closed","template":"","meta":[],"acf":[],"_links":{"self":[{"href":"https:\/\/ifdcvm-slu.infd.edu.ar\/sitio\/wp-json\/wp\/v2\/pages\/12189"}],"collection":[{"href":"https:\/\/ifdcvm-slu.infd.edu.ar\/sitio\/wp-json\/wp\/v2\/pages"}],"about":[{"href":"https:\/\/ifdcvm-slu.infd.edu.ar\/sitio\/wp-json\/wp\/v2\/types\/page"}],"author":[{"embeddable":true,"href":"https:\/\/ifdcvm-slu.infd.edu.ar\/sitio\/wp-json\/wp\/v2\/users\/1518"}],"replies":[{"embeddable":true,"href":"https:\/\/ifdcvm-slu.infd.edu.ar\/sitio\/wp-json\/wp\/v2\/comments?post=12189"}],"version-history":[{"count":4,"href":"https:\/\/ifdcvm-slu.infd.edu.ar\/sitio\/wp-json\/wp\/v2\/pages\/12189\/revisions"}],"predecessor-version":[{"id":13969,"href":"https:\/\/ifdcvm-slu.infd.edu.ar\/sitio\/wp-json\/wp\/v2\/pages\/12189\/revisions\/13969"}],"wp:attachment":[{"href":"https:\/\/ifdcvm-slu.infd.edu.ar\/sitio\/wp-json\/wp\/v2\/media?parent=12189"}],"curies":[{"name":"wp","href":"https:\/\/api.w.org\/{rel}","templated":true}]}}