{"id":12611,"date":"2022-09-07T18:59:38","date_gmt":"2022-09-07T21:59:38","guid":{"rendered":"https:\/\/ifdcvm-slu.infd.edu.ar\/sitio\/?page_id=12611"},"modified":"2026-03-28T10:34:00","modified_gmt":"2026-03-28T13:34:00","slug":"oferta-educativa-requisitos-de-preinscripcion","status":"publish","type":"page","link":"https:\/\/ifdcvm-slu.infd.edu.ar\/sitio\/oferta-educativa-requisitos-de-preinscripcion\/","title":{"rendered":"Oferta Educativa 2026 &#8211; Requisitos de preinscripci\u00f3n."},"content":{"rendered":"\n<p class=\"has-base-3-color has-luminous-vivid-amber-to-luminous-vivid-orange-gradient-background has-text-color has-background\">RECORD\u00c1 QUE TEN\u00c9S TIEMPO HASTA EL 31\/03\/2026 PARA COMPLETAR LA DOCUMENTACI\u00d3N.<\/p>\n\n\n\n<p class=\"has-base-background-color has-background\">&#x1f449;RECORD\u00c1 QUE NUESTRAS CARRERAS SE DICTAN BAJO LA MODALIDAD PRESENCIAL.<\/p>\n\n\n\n<p class=\"has-contrast-color has-base-3-background-color has-text-color has-background\"><strong>Requisitos<\/strong>: <strong>INGRESANTES CON SECUNDARIO COMPLETO:<\/strong><\/p>\n\n\n\n<p>La documentaci\u00f3n solicitada deber\u00e1 presentarse en soporte papel en el&nbsp;<strong>Departamento de Alumnos<\/strong><\/p>\n\n\n\n<ul>\n<li>Completar el&nbsp;<strong><a href=\"https:\/\/s1.ifdcvm.edu.ar\/preinscripcion\/vm\/alta_usuario\" data-type=\"URL\" data-id=\"https:\/\/s1.ifdcvm.edu.ar\/preinscripcion\/vm\/alta_usuario\" target=\"_blank\" rel=\"noreferrer noopener\">Formulario de solicitud de inscripci\u00f3n<\/a><\/strong> y entregarlo impreso.<\/li>\n\n\n\n<li>Original y fotocopia (de ambos lados) del&nbsp;<strong>DNI&nbsp;<\/strong>(excluyente);<\/li>\n\n\n\n<li>Fotocopia de t\u00edtulo o anal\u00edtico de estudios de nivel secundario finalizado y\/o constancia de finalizaci\u00f3n de estudios; en ambos casos deber\u00e1 estar legalizada por la instituci\u00f3n educativa que lo emite. Por juez de paz o por escribano p\u00fablico solamente en casos de que correspondan a colegios fuera de la Prov. de San Luis. (excluyente).<\/li>\n\n\n\n<li>Dos fotos color 4 x 4;<\/li>\n\n\n\n<li><a href=\"https:\/\/ifdcvm-slu.infd.edu.ar\/sitio\/wp-content\/uploads\/2026\/02\/2026-Ficha-medica-ingresantes.pdf\" data-type=\"URL\" data-id=\"https:\/\/ifdcvm-slu.infd.edu.ar\/sitio\/wp-content\/uploads\/2026\/02\/2026-Ficha-medica-ingresantes.pdf\" target=\"_blank\" rel=\"noreferrer noopener\">Ficha m\u00e9dica<\/a>.<\/li>\n<\/ul>\n\n\n\n<p><strong>INGRESANTES MAYORES DE 25 A\u00d1OS SIN SECUNDARIO COMPLETO<\/strong> (SE PODR\u00c1N INSCRIBIR DESDE EL 01\/09 AL 12\/09\/2025)<\/p>\n\n\n\n<p>La documentaci\u00f3n solicitada deber\u00e1 presentarse en soporte papel en el&nbsp;<strong>Departamento de Alumnos<\/strong><\/p>\n\n\n\n<ul>\n<li>Completar el&nbsp;<strong>Formulario de solicitud de inscripci\u00f3n<\/strong>.<\/li>\n\n\n\n<li>Original y fotocopia (de ambos lados) del&nbsp;<strong>DNI&nbsp;<\/strong>(excluyente);<\/li>\n\n\n\n<li>Fotocopia de t\u00edtulo o anal\u00edtico de estudios de nivel primario finalizado y\/o constancia de finalizaci\u00f3n de estudio secundario incompleto; en ambos casos deber\u00e1 estar legalizada por la instituci\u00f3n educativa que lo emite. Por juez de paz o por escribano p\u00fablico solamente en casos de que correspondan a colegios fuera de la Prov. de San Luis. (excluyente).<\/li>\n\n\n\n<li>Dos fotos color 4 x 4;<\/li>\n<\/ul>\n\n\n\n<p class=\"has-contrast-color has-very-light-gray-to-cyan-bluish-gray-gradient-background has-text-color has-background\"><strong>Correo electr\u00f3nico para efectuar consultas<\/strong>:&nbsp;&nbsp;<a href=\"mailto:ingresoifdcvm@ifdcvm.edu.ar\" data-type=\"mailto\" data-id=\"mailto:ingresoifdcvm@ifdcvm.edu.ar\" target=\"_blank\" rel=\"noreferrer noopener\">ingresoifdcvm@ifdcvm.edu.ar<\/a> o a <a rel=\"noreferrer noopener\" href=\"https:\/\/wa.me\/p\/7096241903728274\/5492657301486\" data-type=\"URL\" data-id=\"https:\/\/wa.me\/p\/7096241903728274\/5492657301486\" target=\"_blank\">nuestro WhatsApp<\/a><\/p>\n","protected":false},"excerpt":{"rendered":"<p>RECORD\u00c1 QUE TEN\u00c9S TIEMPO HASTA EL 31\/03\/2026 PARA COMPLETAR LA DOCUMENTACI\u00d3N. &#x1f449;RECORD\u00c1 QUE NUESTRAS CARRERAS SE DICTAN BAJO LA MODALIDAD PRESENCIAL. Requisitos: INGRESANTES CON SECUNDARIO COMPLETO: La documentaci\u00f3n solicitada deber\u00e1 presentarse en soporte papel en el&nbsp;Departamento de Alumnos INGRESANTES MAYORES DE 25 A\u00d1OS SIN SECUNDARIO COMPLETO (SE PODR\u00c1N INSCRIBIR DESDE EL 01\/09 AL 12\/09\/2025) La &#8230; <a title=\"Oferta Educativa 2026 &#8211; Requisitos de preinscripci\u00f3n.\" class=\"read-more\" href=\"https:\/\/ifdcvm-slu.infd.edu.ar\/sitio\/oferta-educativa-requisitos-de-preinscripcion\/\" aria-label=\"More on Oferta Educativa 2026 &#8211; Requisitos de preinscripci\u00f3n.\">[+]<\/a><\/p>\n","protected":false},"author":1518,"featured_media":0,"parent":0,"menu_order":0,"comment_status":"closed","ping_status":"closed","template":"","meta":[],"acf":[],"_links":{"self":[{"href":"https:\/\/ifdcvm-slu.infd.edu.ar\/sitio\/wp-json\/wp\/v2\/pages\/12611"}],"collection":[{"href":"https:\/\/ifdcvm-slu.infd.edu.ar\/sitio\/wp-json\/wp\/v2\/pages"}],"about":[{"href":"https:\/\/ifdcvm-slu.infd.edu.ar\/sitio\/wp-json\/wp\/v2\/types\/page"}],"author":[{"embeddable":true,"href":"https:\/\/ifdcvm-slu.infd.edu.ar\/sitio\/wp-json\/wp\/v2\/users\/1518"}],"replies":[{"embeddable":true,"href":"https:\/\/ifdcvm-slu.infd.edu.ar\/sitio\/wp-json\/wp\/v2\/comments?post=12611"}],"version-history":[{"count":58,"href":"https:\/\/ifdcvm-slu.infd.edu.ar\/sitio\/wp-json\/wp\/v2\/pages\/12611\/revisions"}],"predecessor-version":[{"id":17828,"href":"https:\/\/ifdcvm-slu.infd.edu.ar\/sitio\/wp-json\/wp\/v2\/pages\/12611\/revisions\/17828"}],"wp:attachment":[{"href":"https:\/\/ifdcvm-slu.infd.edu.ar\/sitio\/wp-json\/wp\/v2\/media?parent=12611"}],"curies":[{"name":"wp","href":"https:\/\/api.w.org\/{rel}","templated":true}]}}