{"id":13701,"date":"2023-05-29T10:25:54","date_gmt":"2023-05-29T13:25:54","guid":{"rendered":"https:\/\/ifdcvm-slu.infd.edu.ar\/sitio\/?page_id=13701"},"modified":"2024-03-08T12:15:27","modified_gmt":"2024-03-08T15:15:27","slug":"legalizaciones","status":"publish","type":"page","link":"https:\/\/ifdcvm-slu.infd.edu.ar\/sitio\/legalizaciones\/","title":{"rendered":"Legalizaciones"},"content":{"rendered":"\n<p>Legalizaci\u00f3n de&nbsp; programas, planes de estudio, resoluciones acad\u00e9micas y resoluciones rectorales del IFDC-VM.<\/p>\n\n\n\n<p>Complete el siguiente formulario para iniciar el tr\u00e1mite de&nbsp; legalizaci\u00f3n de planes de estudio, programas y resoluciones acad\u00e9micas y rectorales del IFDC-VM:&nbsp;<a href=\"https:\/\/forms.gle\/CaTuKH35j7skCTY4A\" rel=\"noreferrer noopener\" target=\"_blank\">https:\/\/forms.gle\/CaTuKH35j7skCTY4A<\/a><\/p>\n\n\n\n<p>Una vez recibido el formulario, desde Secretar\u00eda de Direcci\u00f3n Acad\u00e9mica le enviar\u00e1n un correo con el turno (d\u00eda y hora) para que presente la documentaci\u00f3n a legalizar en soporte papel.<\/p>\n\n\n\n<p>El tr\u00e1mite de legalizaci\u00f3n se realiza en un lapso de 72 hs. h\u00e1biles (laborales) a contar desde el d\u00eda en que es recibido el sobre con la documentaci\u00f3n. Recuerde que el horario de recepci\u00f3n de la solicitud como el de entrega y retiro de la documentaci\u00f3n es de\u00a0<strong>lunes a viernes de<\/strong>\u00a0<strong>8 hs. a 12hs.\u00a0<\/strong><\/p>\n","protected":false},"excerpt":{"rendered":"<p>Legalizaci\u00f3n de&nbsp; programas, planes de estudio, resoluciones acad\u00e9micas y resoluciones rectorales del IFDC-VM. Complete el siguiente formulario para iniciar el tr\u00e1mite de&nbsp; legalizaci\u00f3n de planes de estudio, programas y resoluciones acad\u00e9micas y rectorales del IFDC-VM:&nbsp;https:\/\/forms.gle\/CaTuKH35j7skCTY4A Una vez recibido el formulario, desde Secretar\u00eda de Direcci\u00f3n Acad\u00e9mica le enviar\u00e1n un correo con el turno (d\u00eda y hora) &#8230; <a title=\"Legalizaciones\" class=\"read-more\" href=\"https:\/\/ifdcvm-slu.infd.edu.ar\/sitio\/legalizaciones\/\" aria-label=\"More on Legalizaciones\">[+]<\/a><\/p>\n","protected":false},"author":1518,"featured_media":0,"parent":0,"menu_order":0,"comment_status":"closed","ping_status":"closed","template":"","meta":[],"acf":[],"_links":{"self":[{"href":"https:\/\/ifdcvm-slu.infd.edu.ar\/sitio\/wp-json\/wp\/v2\/pages\/13701"}],"collection":[{"href":"https:\/\/ifdcvm-slu.infd.edu.ar\/sitio\/wp-json\/wp\/v2\/pages"}],"about":[{"href":"https:\/\/ifdcvm-slu.infd.edu.ar\/sitio\/wp-json\/wp\/v2\/types\/page"}],"author":[{"embeddable":true,"href":"https:\/\/ifdcvm-slu.infd.edu.ar\/sitio\/wp-json\/wp\/v2\/users\/1518"}],"replies":[{"embeddable":true,"href":"https:\/\/ifdcvm-slu.infd.edu.ar\/sitio\/wp-json\/wp\/v2\/comments?post=13701"}],"version-history":[{"count":3,"href":"https:\/\/ifdcvm-slu.infd.edu.ar\/sitio\/wp-json\/wp\/v2\/pages\/13701\/revisions"}],"predecessor-version":[{"id":14891,"href":"https:\/\/ifdcvm-slu.infd.edu.ar\/sitio\/wp-json\/wp\/v2\/pages\/13701\/revisions\/14891"}],"wp:attachment":[{"href":"https:\/\/ifdcvm-slu.infd.edu.ar\/sitio\/wp-json\/wp\/v2\/media?parent=13701"}],"curies":[{"name":"wp","href":"https:\/\/api.w.org\/{rel}","templated":true}]}}