{"id":17400,"date":"2025-11-04T17:11:09","date_gmt":"2025-11-04T20:11:09","guid":{"rendered":"https:\/\/ifdcvm-slu.infd.edu.ar\/sitio\/?page_id=17400"},"modified":"2025-11-04T17:11:12","modified_gmt":"2025-11-04T20:11:12","slug":"solicitud-de-prorroga-para-el-cierre-de-actas-de-cursado","status":"publish","type":"page","link":"https:\/\/ifdcvm-slu.infd.edu.ar\/sitio\/solicitud-de-prorroga-para-el-cierre-de-actas-de-cursado\/","title":{"rendered":"Solicitud de Pr\u00f3rroga para el cierre de actas de cursado"},"content":{"rendered":"\n<figure class=\"wp-block-table\"><table><tbody><tr><td><strong>Solicitud de Pr\u00f3rroga para el cierre de actas de cursado<\/strong><\/td><td><strong>Formularios<\/strong><\/td><\/tr><tr><td>Estimados\/as docentes del IFDC-VM, La fecha de pr\u00f3rroga se\u00a0 estipula de manera general para todas las UC solicitantes hasta el d\u00eda jueves 27\/11\/2025. Solicitamos completar el formulario detallando la informaci\u00f3n requerida, para posibilitar la confecci\u00f3n del Memor\u00e1ndum Acad\u00e9mico que comunica la pr\u00f3rroga del cierre de actas correspondientes a las Unidades Curriculares que se dictan durante el 2\u00b0 cuatrimestre 2025.<\/td><td>Completar el formulario de <a href=\"https:\/\/forms.gle\/tEjyL4pTnFFvDxDt5\">Pr\u00f3rroga de regularidad\u00a0 2\u00b0C 2025<\/a>\u00a0 detallando la informaci\u00f3n requerida.<br>El <strong><u>plazo para completar el formulario<\/u><\/strong> se establece hasta el d\u00eda viernes 14\/11\/2025. \u00a0 \u00a0<\/td><\/tr><\/tbody><\/table><\/figure>\n","protected":false},"excerpt":{"rendered":"<p>Solicitud de Pr\u00f3rroga para el cierre de actas de cursado Formularios Estimados\/as docentes del IFDC-VM, La fecha de pr\u00f3rroga se\u00a0 estipula de manera general para todas las UC solicitantes hasta el d\u00eda jueves 27\/11\/2025. Solicitamos completar el formulario detallando la informaci\u00f3n requerida, para posibilitar la confecci\u00f3n del Memor\u00e1ndum Acad\u00e9mico que comunica la pr\u00f3rroga del cierre &#8230; <a title=\"Solicitud de Pr\u00f3rroga para el cierre de actas de cursado\" class=\"read-more\" href=\"https:\/\/ifdcvm-slu.infd.edu.ar\/sitio\/solicitud-de-prorroga-para-el-cierre-de-actas-de-cursado\/\" aria-label=\"More on Solicitud de Pr\u00f3rroga para el cierre de actas de cursado\">[+]<\/a><\/p>\n","protected":false},"author":1518,"featured_media":0,"parent":0,"menu_order":0,"comment_status":"closed","ping_status":"closed","template":"","meta":[],"acf":[],"_links":{"self":[{"href":"https:\/\/ifdcvm-slu.infd.edu.ar\/sitio\/wp-json\/wp\/v2\/pages\/17400"}],"collection":[{"href":"https:\/\/ifdcvm-slu.infd.edu.ar\/sitio\/wp-json\/wp\/v2\/pages"}],"about":[{"href":"https:\/\/ifdcvm-slu.infd.edu.ar\/sitio\/wp-json\/wp\/v2\/types\/page"}],"author":[{"embeddable":true,"href":"https:\/\/ifdcvm-slu.infd.edu.ar\/sitio\/wp-json\/wp\/v2\/users\/1518"}],"replies":[{"embeddable":true,"href":"https:\/\/ifdcvm-slu.infd.edu.ar\/sitio\/wp-json\/wp\/v2\/comments?post=17400"}],"version-history":[{"count":1,"href":"https:\/\/ifdcvm-slu.infd.edu.ar\/sitio\/wp-json\/wp\/v2\/pages\/17400\/revisions"}],"predecessor-version":[{"id":17401,"href":"https:\/\/ifdcvm-slu.infd.edu.ar\/sitio\/wp-json\/wp\/v2\/pages\/17400\/revisions\/17401"}],"wp:attachment":[{"href":"https:\/\/ifdcvm-slu.infd.edu.ar\/sitio\/wp-json\/wp\/v2\/media?parent=17400"}],"curies":[{"name":"wp","href":"https:\/\/api.w.org\/{rel}","templated":true}]}}