{"id":17516,"date":"2026-02-12T11:18:51","date_gmt":"2026-02-12T14:18:51","guid":{"rendered":"https:\/\/ifdcvm-slu.infd.edu.ar\/sitio\/?page_id=17516"},"modified":"2026-02-12T14:27:21","modified_gmt":"2026-02-12T17:27:21","slug":"solicitud-de-mesa-especial-de-examen-3","status":"publish","type":"page","link":"https:\/\/ifdcvm-slu.infd.edu.ar\/sitio\/solicitud-de-mesa-especial-de-examen-3\/","title":{"rendered":"Solicitud de Mesa especial de examen"},"content":{"rendered":"\n<p><strong>Mesa Especial de Examen 2026<\/strong><\/p>\n\n\n\n<p class=\"has-base-2-background-color has-background\">Si te quedan 6 (seis) materias o menos para finalizar tu Carrera, pod\u00e9s solicitar Mesa Especial de Examen seg\u00fan establece el Reglamento Acad\u00e9mico Institucional (solicitar solo por formulario).<\/p>\n\n\n\n<p><strong>Para tener en cuenta:<\/strong><\/p>\n\n\n\n<ol>\n<li>No se puede solicitar mesa de examen extraordinaria en el plazo de 15 d\u00edas corridos anteriores o posteriores a las fechas de ex\u00e1menes estipuladas por calendario acad\u00e9mico.<\/li>\n\n\n\n<li>La fecha en la que presentes tu solicitud debe ser mayor a cinco (5) d\u00edas h\u00e1biles anteriores a la fecha del examen que acuerdes con tu Profesor\/a Responsable.<\/li>\n<\/ol>\n\n\n\n<p><strong>Para iniciar tu solicitud deber\u00e1s:<\/strong><\/p>\n\n\n\n<ol>\n<li>Imprimir el <strong><a href=\"https:\/\/docs.google.com\/document\/d\/1HxilFeYOYAK6kTEfh9JrY-jyozW5UZXH\/edit?usp=drive_link&amp;ouid=100215673252715447495&amp;rtpof=true&amp;sd=true\" data-type=\"URL\" data-id=\"https:\/\/docs.google.com\/document\/d\/1HxilFeYOYAK6kTEfh9JrY-jyozW5UZXH\/edit?usp=drive_link&amp;ouid=100215673252715447495&amp;rtpof=true&amp;sd=true\" target=\"_blank\" rel=\"noreferrer noopener\">Formulario de solicitud de Mesa Especial de Examen 2026<\/a><\/strong>.<\/li>\n\n\n\n<li>Acordar fecha y hora del examen con el\/la Profesor\/a Responsable de la Unidad Curricular que quer\u00e9s rendir y completar el formulario con esos datos.<\/li>\n\n\n\n<li>Hacer firmar el formulario con el\/la Coordinador\/a de tu Carrera o \u00c1rea (en el caso de UC de Campo de Formaci\u00f3n General o del Campo de la Formaci\u00f3n en la Pr\u00e1ctica Profesional).<\/li>\n\n\n\n<li>Cuando hayas completado el formulario, sacale una foto o escanealo y subilo en el siguiente formulario: <a href=\"https:\/\/forms.gle\/YbyfdMFEe66YAbhbA\" target=\"_blank\" rel=\"noreferrer noopener\"><strong>https:\/\/forms.gle\/YbyfdMFEe66YAbhbA<\/strong><\/a>&nbsp;<\/li>\n<\/ol>\n\n\n\n<p><strong>IMPORTANTE:<\/strong><\/p>\n\n\n\n<ul>\n<li>La solicitud podr\u00e1 realizarse a partir del 12\/02 hasta el 10\/12\/2026.<\/li>\n\n\n\n<li>La Direcci\u00f3n Acad\u00e9mica no aceptar\u00e1 solicitudes de mesas especiales que ingresen en un plazo menor al estipulado en el punto (a).<\/li>\n\n\n\n<li>La Direcci\u00f3n Acad\u00e9mica dar\u00e1 su aprobaci\u00f3n en el lapso de 5 (cinco) d\u00edas h\u00e1biles.<\/li>\n<\/ul>\n","protected":false},"excerpt":{"rendered":"<p>Mesa Especial de Examen 2026 Si te quedan 6 (seis) materias o menos para finalizar tu Carrera, pod\u00e9s solicitar Mesa Especial de Examen seg\u00fan establece el Reglamento Acad\u00e9mico Institucional (solicitar solo por formulario). Para tener en cuenta: Para iniciar tu solicitud deber\u00e1s: IMPORTANTE:<\/p>\n","protected":false},"author":1518,"featured_media":0,"parent":0,"menu_order":0,"comment_status":"closed","ping_status":"closed","template":"","meta":[],"acf":[],"_links":{"self":[{"href":"https:\/\/ifdcvm-slu.infd.edu.ar\/sitio\/wp-json\/wp\/v2\/pages\/17516"}],"collection":[{"href":"https:\/\/ifdcvm-slu.infd.edu.ar\/sitio\/wp-json\/wp\/v2\/pages"}],"about":[{"href":"https:\/\/ifdcvm-slu.infd.edu.ar\/sitio\/wp-json\/wp\/v2\/types\/page"}],"author":[{"embeddable":true,"href":"https:\/\/ifdcvm-slu.infd.edu.ar\/sitio\/wp-json\/wp\/v2\/users\/1518"}],"replies":[{"embeddable":true,"href":"https:\/\/ifdcvm-slu.infd.edu.ar\/sitio\/wp-json\/wp\/v2\/comments?post=17516"}],"version-history":[{"count":2,"href":"https:\/\/ifdcvm-slu.infd.edu.ar\/sitio\/wp-json\/wp\/v2\/pages\/17516\/revisions"}],"predecessor-version":[{"id":17541,"href":"https:\/\/ifdcvm-slu.infd.edu.ar\/sitio\/wp-json\/wp\/v2\/pages\/17516\/revisions\/17541"}],"wp:attachment":[{"href":"https:\/\/ifdcvm-slu.infd.edu.ar\/sitio\/wp-json\/wp\/v2\/media?parent=17516"}],"curies":[{"name":"wp","href":"https:\/\/api.w.org\/{rel}","templated":true}]}}