{"id":17529,"date":"2026-02-12T11:34:12","date_gmt":"2026-02-12T14:34:12","guid":{"rendered":"https:\/\/ifdcvm-slu.infd.edu.ar\/sitio\/?page_id=17529"},"modified":"2026-02-12T13:07:51","modified_gmt":"2026-02-12T16:07:51","slug":"constancias-y-certificados-constancia-de-alumno-regular","status":"publish","type":"page","link":"https:\/\/ifdcvm-slu.infd.edu.ar\/sitio\/constancias-y-certificados-constancia-de-alumno-regular\/","title":{"rendered":"Constancias y certificados (Constancia de alumno regular)"},"content":{"rendered":"\n<p>Estimado\/a estudiante,&nbsp;<\/p>\n\n\n\n<p>Si desea solicitar la \u201cconstancia de alumno\/a regular\u201d, deber\u00e1 completar el siguiente <a rel=\"noreferrer noopener\" href=\"https:\/\/docs.google.com\/forms\/d\/e\/1FAIpQLSfStcRN0EY0PSFJgAqxblZXrwNHaxcuztblWlmgOMdcNch-yg\/viewform?usp=header\" data-type=\"URL\" data-id=\"https:\/\/docs.google.com\/forms\/d\/e\/1FAIpQLSfStcRN0EY0PSFJgAqxblZXrwNHaxcuztblWlmgOMdcNch-yg\/viewform?usp=header\" target=\"_blank\">formulario<\/a><\/p>\n\n\n\n<p>Importante:<\/p>\n\n\n\n<ul>\n<li>Esta opci\u00f3n no est\u00e1 disponible para ingresantes y egresados\/as.<\/li>\n\n\n\n<li>La solicitud se podr\u00e1 realizar durante el a\u00f1o acad\u00e9mico vigente.<\/li>\n<\/ul>\n","protected":false},"excerpt":{"rendered":"<p>Estimado\/a estudiante,&nbsp; Si desea solicitar la \u201cconstancia de alumno\/a regular\u201d, deber\u00e1 completar el siguiente formulario Importante:<\/p>\n","protected":false},"author":1518,"featured_media":0,"parent":0,"menu_order":0,"comment_status":"closed","ping_status":"closed","template":"","meta":[],"acf":[],"_links":{"self":[{"href":"https:\/\/ifdcvm-slu.infd.edu.ar\/sitio\/wp-json\/wp\/v2\/pages\/17529"}],"collection":[{"href":"https:\/\/ifdcvm-slu.infd.edu.ar\/sitio\/wp-json\/wp\/v2\/pages"}],"about":[{"href":"https:\/\/ifdcvm-slu.infd.edu.ar\/sitio\/wp-json\/wp\/v2\/types\/page"}],"author":[{"embeddable":true,"href":"https:\/\/ifdcvm-slu.infd.edu.ar\/sitio\/wp-json\/wp\/v2\/users\/1518"}],"replies":[{"embeddable":true,"href":"https:\/\/ifdcvm-slu.infd.edu.ar\/sitio\/wp-json\/wp\/v2\/comments?post=17529"}],"version-history":[{"count":2,"href":"https:\/\/ifdcvm-slu.infd.edu.ar\/sitio\/wp-json\/wp\/v2\/pages\/17529\/revisions"}],"predecessor-version":[{"id":17540,"href":"https:\/\/ifdcvm-slu.infd.edu.ar\/sitio\/wp-json\/wp\/v2\/pages\/17529\/revisions\/17540"}],"wp:attachment":[{"href":"https:\/\/ifdcvm-slu.infd.edu.ar\/sitio\/wp-json\/wp\/v2\/media?parent=17529"}],"curies":[{"name":"wp","href":"https:\/\/api.w.org\/{rel}","templated":true}]}}