{"id":2657,"date":"2018-07-02T19:25:46","date_gmt":"2018-07-02T22:25:46","guid":{"rendered":"https:\/\/ifdcvm-slu.infd.edu.ar\/sitio\/ubicacion\/"},"modified":"2023-07-06T12:13:19","modified_gmt":"2023-07-06T15:13:19","slug":"ubicacion","status":"publish","type":"page","link":"https:\/\/ifdcvm-slu.infd.edu.ar\/sitio\/ubicacion\/","title":{"rendered":"Ubicaci\u00f3n"},"content":{"rendered":"<p><iframe loading=\"lazy\" style=\"border: 0;\" src=\"https:\/\/www.google.com\/maps\/embed?pb=!4v1551785335579!6m8!1m7!1sgebRs_ScccnMPY-iKiUaOQ!2m2!1d-33.67315166689512!2d-65.45802519469505!3f96.15143!4f0!5f0.7820865974627469\" width=\"600\" height=\"450\" frameborder=\"0\" allowfullscreen=\"allowfullscreen\"><\/iframe><\/p>\n<p><strong>Direcci\u00f3n exacta:<\/strong> 9 de Julio 1147<\/p>\n<p><strong>Referencia adicional:<\/strong>\u00a0El IFDC V.M. se encuentra <strong>entre las calles Jujuy y M. Cabrini y B\u00e9lgica y 9 de Julio<\/strong>.<\/p>\n<hr \/>\n<p><strong>Otros datos administrativos<\/strong><\/p>\n<p>Asociaci\u00f3n Educativa de Formaci\u00f3n Superior<\/p>\n<p><strong>CUIT\u00a0\u00a0<\/strong>30-70841954-7<\/p>\n<p><strong>CUE<\/strong> 740062100<\/p>\n<p><strong>Regi\u00f3n Educativa II<\/strong><\/p>\n<hr \/>\n<p>Ingrese a <a href=\"https:\/\/ifdcvm-slu.infd.edu.ar\/sitio\/8169-2\/\">nuestras v\u00edas de contacto<\/a> si desea establecer contacto con alg\u00fan \u00e1rea en particular.<\/p>\n","protected":false},"excerpt":{"rendered":"<p>Direcci\u00f3n exacta: 9 de Julio 1147 Referencia adicional:\u00a0El IFDC V.M. se encuentra entre las calles Jujuy y M. Cabrini y B\u00e9lgica y 9 de Julio. Otros datos administrativos Asociaci\u00f3n Educativa de Formaci\u00f3n Superior CUIT\u00a0\u00a030-70841954-7 CUE 740062100 Regi\u00f3n Educativa II Ingrese a nuestras v\u00edas de contacto si desea establecer contacto con alg\u00fan \u00e1rea en particular.<\/p>\n","protected":false},"author":1518,"featured_media":0,"parent":0,"menu_order":0,"comment_status":"closed","ping_status":"closed","template":"","meta":[],"acf":[],"_links":{"self":[{"href":"https:\/\/ifdcvm-slu.infd.edu.ar\/sitio\/wp-json\/wp\/v2\/pages\/2657"}],"collection":[{"href":"https:\/\/ifdcvm-slu.infd.edu.ar\/sitio\/wp-json\/wp\/v2\/pages"}],"about":[{"href":"https:\/\/ifdcvm-slu.infd.edu.ar\/sitio\/wp-json\/wp\/v2\/types\/page"}],"author":[{"embeddable":true,"href":"https:\/\/ifdcvm-slu.infd.edu.ar\/sitio\/wp-json\/wp\/v2\/users\/1518"}],"replies":[{"embeddable":true,"href":"https:\/\/ifdcvm-slu.infd.edu.ar\/sitio\/wp-json\/wp\/v2\/comments?post=2657"}],"version-history":[{"count":3,"href":"https:\/\/ifdcvm-slu.infd.edu.ar\/sitio\/wp-json\/wp\/v2\/pages\/2657\/revisions"}],"predecessor-version":[{"id":13923,"href":"https:\/\/ifdcvm-slu.infd.edu.ar\/sitio\/wp-json\/wp\/v2\/pages\/2657\/revisions\/13923"}],"wp:attachment":[{"href":"https:\/\/ifdcvm-slu.infd.edu.ar\/sitio\/wp-json\/wp\/v2\/media?parent=2657"}],"curies":[{"name":"wp","href":"https:\/\/api.w.org\/{rel}","templated":true}]}}