{"id":2666,"date":"2018-07-02T19:25:49","date_gmt":"2018-07-02T22:25:49","guid":{"rendered":"https:\/\/ifdcvm-slu.infd.edu.ar\/sitio\/bibliotecas-digitales-y-virtuales\/"},"modified":"2020-04-16T17:49:38","modified_gmt":"2020-04-16T20:49:38","slug":"bibliotecas-digitales-y-virtuales","status":"publish","type":"page","link":"https:\/\/ifdcvm-slu.infd.edu.ar\/sitio\/bibliotecas-digitales-y-virtuales\/","title":{"rendered":"Bibliotecas Digitales y Virtuales"},"content":{"rendered":"<p class=\"MsoNormal\" style=\"text-align: justify;\">\n<h5 class=\"MsoNormal\" style=\"text-align: justify;\"><a href=\"http:\/\/www.bibliomania.com\/\" target=\"_blank\" rel=\"noopener\">Biblioman\u00eda <\/a><\/h5>\n<h5 class=\"MsoNormal\" style=\"text-align: justify;\">www.bibliomania.com<br \/>\nP\u00e1gina con m\u00e1s de 2000 libros cl\u00e1sicos digitalizados.<\/h5>\n<p>&nbsp;<\/p>\n<h5 class=\"MsoNormal\" style=\"text-align: justify;\">\u00a0<a href=\"http:\/\/biblio.colmex.mx\/recelec\/bibdig.htm\" target=\"_blank\" rel=\"noopener\">Biblioteca Digital Daniel Cosio Villegas<\/a><\/h5>\n<h5 class=\"MsoNormal\" style=\"text-align: justify;\">www.biblio.colmex.mx<br \/>\nEncontrar\u00e1 algunos textos universales y enlaces a otras bibliotecas digitales mexicanas.<\/h5>\n<p>&nbsp;<\/p>\n<h5 class=\"MsoNormal\" style=\"text-align: justify;\"><a href=\"http:\/\/www.fundacionluminis.org.ar\/\" target=\"_blank\" rel=\"noopener\">Biblioteca Virtual de la Fundaci\u00f3n Luminis<\/a><\/h5>\n<h5 class=\"MsoNormal\" style=\"text-align: justify;\">www.fundaci\u00f3nluminis.org.ar<br \/>\nArt\u00edculos completos en word y pdf sobre calidad, equidad y gesti\u00f3n educativa, formaci\u00f3n docente, educaci\u00f3n y nuevas tecnolog\u00edas, dise\u00f1o curricular, gobierno escolar, entre otros.<\/h5>\n<p>&nbsp;<\/p>\n<h5 class=\"MsoNormal\" style=\"text-align: justify;\"><a href=\"http:\/\/www.cervantesvirtual.com\/\" target=\"_blank\" rel=\"noopener\">Biblioteca Virtual Miguel de Cervantes<\/a><\/h5>\n<h5 class=\"MsoNormal\" style=\"text-align: justify;\">www.cervantesvirtual.com<br \/>\nSe pueden realizar b\u00fasquedas a trav\u00e9s del acceso al Cat\u00e1logo de autores, de obras o por materia. Encontrar\u00e1 la secci\u00f3n Biblioteca de literatura infantil y juvenil donde acceder\u00e1 al texto completo de diversas obras.<\/h5>\n<p>&nbsp;<\/p>\n<h5 class=\"MsoNormal\" style=\"text-align: justify;\"><a href=\"http:\/\/tecnologiaedu.us.es\/bibliovir.htm\" target=\"_blank\" rel=\"noopener\">Biblioteca Virtual de Tecnolog\u00eda Educativa<\/a><\/h5>\n<h5 class=\"MsoNormal\" style=\"text-align: justify;\">www.tecnologiaedu.us.es<br \/>\nDocumentos completos, revistas virtuales y enlaces relacionados, sitios web, actas de jornadas y congresos, libros completos, y tesis doctorales a su disposici\u00f3n.<\/h5>\n<p>&nbsp;<\/p>\n<h5 class=\"MsoNormal\" style=\"text-align: justify;\"><a href=\"http:\/\/www.bireme.br\/bvs\/E\/ehome.htm\" target=\"_blank\" rel=\"noopener\">Biblioteca Virtual en Adolescencia y Salud<\/a><\/h5>\n<h5 class=\"MsoNormal\" style=\"text-align: justify;\">www.bireme.br<br \/>\nLa Biblioteca Virtual en Salud &#8211; Adolescencia y Salud, (BVS Adolec Am\u00e9rica Latina y Caribe, es la estrategia adoptada por BIREME\/OPS con el objetivo de responder organizada y eficientemente a las necesidades emergentes de los pa\u00edses de producir y operar fuentes de informaci\u00f3n en salud integradas en Internet.<\/h5>\n<p>&nbsp;<\/p>\n<h5 class=\"MsoNormal\" style=\"text-align: justify;\"><a href=\"http:\/\/www.biblioteca.org.ar\/\" target=\"_blank\" rel=\"noopener\">Biblioteca Virtual Universal<\/a><\/h5>\n<h5 class=\"MsoNormal\" style=\"text-align: justify;\">www.biblioteca.org.car<br \/>\nEste sitio posibilita el acceso directo a las obras. Posee un sistema de b\u00fasquedas por T\u00edtulo de la obra, autor y clasificaci\u00f3n de materias. Encontrar\u00e1 las siguientes secciones: Cat\u00e1logo General, Biblioteca Docente, Biblioteca Infantil, Biblioteca Juvenil, Biblioteca Universitaria, Biblioteca T\u00e9cnica, Hemeroteca y Arte.<\/h5>\n<p>&nbsp;<\/p>\n<h5 class=\"MsoNormal\" style=\"text-align: justify;\"><a href=\"http:\/\/www.bibliotecasvirtuales.com\/\" target=\"_blank\" rel=\"noopener\">Bibliotecas Virtuales &#8211; Comunidad literaria y textos en l\u00ednea <\/a><\/h5>\n<h5 class=\"MsoNormal\" style=\"text-align: justify;\">www.bibliotecasvirtuales.com<br \/>\nA trav\u00e9s de sus p\u00e1ginas, el lector tiene acceso a una selecci\u00f3n (en constante ampliaci\u00f3n) de los textos completos de las obras m\u00e1s destacadas de la Humanidad, con \u00e9nfasis particular en Iberoam\u00e9rica. Novelas, cuentos, obras de teatro, ensayos, art\u00edculos, f\u00e1bulas, poes\u00edas, leyendas y textos en general de autores dominicanos, argentinos, espa\u00f1oles y de todo el mundo est\u00e1n presentes en sus estantes virtuales, as\u00ed como las biograf\u00edas de sus autores.<\/h5>\n<p>&nbsp;<\/p>\n<h5 class=\"MsoNormal\" style=\"text-align: justify;\"><a href=\"http:\/\/www.prossiga.br\/bvtematicas\/\" target=\"_blank\" rel=\"noopener\">Bibliotecas Virtuais Tem\u00e1ticas (en portugu\u00e9s) <\/a><\/h5>\n<h5 class=\"MsoNormal\" style=\"text-align: justify;\">www.prossiga.br<\/h5>\n<p>&nbsp;<\/p>\n<h5 class=\"MsoNormal\" style=\"text-align: justify;\"><a href=\"http:\/\/www.bpl.org\/electronic\/index.htm\" target=\"_blank\" rel=\"noopener\">Boston Public Library <\/a><\/h5>\n<h5 class=\"MsoNormal\" style=\"text-align: justify;\">www.bpl.org<br \/>\nHallar\u00e1 recursos electr\u00f3nicos sobre diferentes temas.<\/h5>\n<p>&nbsp;<\/p>\n<h5 class=\"MsoNormal\" style=\"text-align: justify;\"><a href=\"http:\/\/www.ciberoteca.com\/homecas.asp\" target=\"_blank\" rel=\"noopener\">Ciberoteca : La biblioteca virtual m\u00e1s grande del mundo<\/a><\/h5>\n<h5 class=\"MsoNormal\" style=\"text-align: justify;\">www.ciberoteca.com<br \/>\nEncontrar\u00e1 una secci\u00f3n denominada Ciberoteca Escolar.<\/h5>\n","protected":false},"excerpt":{"rendered":"<p>Biblioman\u00eda www.bibliomania.com P\u00e1gina con m\u00e1s de 2000 libros cl\u00e1sicos digitalizados. &nbsp; \u00a0Biblioteca Digital Daniel Cosio Villegas www.biblio.colmex.mx Encontrar\u00e1 algunos textos universales y enlaces a otras bibliotecas digitales mexicanas. &nbsp; Biblioteca Virtual de la Fundaci\u00f3n Luminis www.fundaci\u00f3nluminis.org.ar Art\u00edculos completos en word y pdf sobre calidad, equidad y gesti\u00f3n educativa, formaci\u00f3n docente, educaci\u00f3n y nuevas tecnolog\u00edas, dise\u00f1o &#8230; <a title=\"Bibliotecas Digitales y Virtuales\" class=\"read-more\" href=\"https:\/\/ifdcvm-slu.infd.edu.ar\/sitio\/bibliotecas-digitales-y-virtuales\/\" aria-label=\"More on Bibliotecas Digitales y Virtuales\">[+]<\/a><\/p>\n","protected":false},"author":792,"featured_media":0,"parent":0,"menu_order":0,"comment_status":"closed","ping_status":"closed","template":"","meta":[],"acf":[],"_links":{"self":[{"href":"https:\/\/ifdcvm-slu.infd.edu.ar\/sitio\/wp-json\/wp\/v2\/pages\/2666"}],"collection":[{"href":"https:\/\/ifdcvm-slu.infd.edu.ar\/sitio\/wp-json\/wp\/v2\/pages"}],"about":[{"href":"https:\/\/ifdcvm-slu.infd.edu.ar\/sitio\/wp-json\/wp\/v2\/types\/page"}],"author":[{"embeddable":true,"href":"https:\/\/ifdcvm-slu.infd.edu.ar\/sitio\/wp-json\/wp\/v2\/users\/792"}],"replies":[{"embeddable":true,"href":"https:\/\/ifdcvm-slu.infd.edu.ar\/sitio\/wp-json\/wp\/v2\/comments?post=2666"}],"version-history":[{"count":5,"href":"https:\/\/ifdcvm-slu.infd.edu.ar\/sitio\/wp-json\/wp\/v2\/pages\/2666\/revisions"}],"predecessor-version":[{"id":7920,"href":"https:\/\/ifdcvm-slu.infd.edu.ar\/sitio\/wp-json\/wp\/v2\/pages\/2666\/revisions\/7920"}],"wp:attachment":[{"href":"https:\/\/ifdcvm-slu.infd.edu.ar\/sitio\/wp-json\/wp\/v2\/media?parent=2666"}],"curies":[{"name":"wp","href":"https:\/\/api.w.org\/{rel}","templated":true}]}}