{"id":2690,"date":"2018-07-02T19:26:01","date_gmt":"2018-07-02T22:26:01","guid":{"rendered":"https:\/\/ifdcvm-slu.infd.edu.ar\/sitio\/educacion\/"},"modified":"2020-04-17T09:43:07","modified_gmt":"2020-04-17T12:43:07","slug":"educacion","status":"publish","type":"page","link":"https:\/\/ifdcvm-slu.infd.edu.ar\/sitio\/educacion\/","title":{"rendered":"Educaci\u00f3n"},"content":{"rendered":"<p>* <a title=\"Educaci\u00f3n Especial\" href=\"index.cgi?wid_item=49&amp;wid_seccion=20\">Educaci\u00f3n Especial<\/a><\/p>\n<p>* <a title=\"Capacitaci\u00f3n a Distancia\" href=\"index.cgi?wid_item=53&amp;wid_seccion=20\">Capacitaci\u00f3n a distancia<\/a><\/p>\n<p>* <a title=\"Educaci\u00f3n Inicial\" href=\"index.cgi?wid_item=52&amp;wid_seccion=20\">Educaci\u00f3n Inicial<\/a><\/p>\n<p>* <a title=\"Educaci\u00f3n Superior\" href=\"index.cgi?wid_item=51&amp;wid_seccion=20\">Educaci\u00f3n Superior<\/a><\/p>\n<p>* <a title=\"Portales Educativos\" href=\"index.cgi?wid_item=54&amp;wid_seccion=20\">Portales educativos<\/a><\/p>\n<p>* <a title=\"Teor\u00eda de la Educaci\u00f3n\" href=\"index.cgi?wid_item=25&amp;wid_seccion=20\">Teor\u00edas y pensadores de la educaci\u00f3n<\/a><\/p>\n<p><span style=\"font-size: 8pt; color: #333399;\">(Ingrese haciendo clic)<\/span><\/p>\n","protected":false},"excerpt":{"rendered":"<p>* Educaci\u00f3n Especial * Capacitaci\u00f3n a distancia * Educaci\u00f3n Inicial * Educaci\u00f3n Superior * Portales educativos * Teor\u00edas y pensadores de la educaci\u00f3n (Ingrese haciendo clic)<\/p>\n","protected":false},"author":792,"featured_media":0,"parent":0,"menu_order":0,"comment_status":"closed","ping_status":"closed","template":"","meta":[],"acf":[],"_links":{"self":[{"href":"https:\/\/ifdcvm-slu.infd.edu.ar\/sitio\/wp-json\/wp\/v2\/pages\/2690"}],"collection":[{"href":"https:\/\/ifdcvm-slu.infd.edu.ar\/sitio\/wp-json\/wp\/v2\/pages"}],"about":[{"href":"https:\/\/ifdcvm-slu.infd.edu.ar\/sitio\/wp-json\/wp\/v2\/types\/page"}],"author":[{"embeddable":true,"href":"https:\/\/ifdcvm-slu.infd.edu.ar\/sitio\/wp-json\/wp\/v2\/users\/792"}],"replies":[{"embeddable":true,"href":"https:\/\/ifdcvm-slu.infd.edu.ar\/sitio\/wp-json\/wp\/v2\/comments?post=2690"}],"version-history":[{"count":1,"href":"https:\/\/ifdcvm-slu.infd.edu.ar\/sitio\/wp-json\/wp\/v2\/pages\/2690\/revisions"}],"predecessor-version":[{"id":7999,"href":"https:\/\/ifdcvm-slu.infd.edu.ar\/sitio\/wp-json\/wp\/v2\/pages\/2690\/revisions\/7999"}],"wp:attachment":[{"href":"https:\/\/ifdcvm-slu.infd.edu.ar\/sitio\/wp-json\/wp\/v2\/media?parent=2690"}],"curies":[{"name":"wp","href":"https:\/\/api.w.org\/{rel}","templated":true}]}}