{"id":2705,"date":"2018-07-10T12:50:00","date_gmt":"2018-07-10T15:50:00","guid":{"rendered":"https:\/\/ifdcvm-slu.infd.edu.ar\/sitio\/?page_id=2705"},"modified":"2020-04-17T02:37:02","modified_gmt":"2020-04-17T05:37:02","slug":"arte-y-lenguajes-comunicacionales","status":"publish","type":"page","link":"https:\/\/ifdcvm-slu.infd.edu.ar\/sitio\/arte-y-lenguajes-comunicacionales\/","title":{"rendered":"Arte y Lenguajes Comunicacionales"},"content":{"rendered":"<table border=\"0\" width=\"620\" cellspacing=\"4\" cellpadding=\"0\">\n<tbody>\n<tr>\n<td class=\"titulo\">Arte y lenguajes comunicacionales<\/td>\n<\/tr>\n<tr>\n<td rowspan=\"3\"><\/td>\n<td>\n<table border=\"0\" width=\"100%\" cellspacing=\"0\" cellpadding=\"0\">\n<tbody>\n<tr>\n<td class=\"parrafo\"><\/td>\n<\/tr>\n<tr>\n<td class=\"parrafo\"><a href=\"http:\/\/www.metmuseum.org\/home.asp\" target=\"_blank\" rel=\"noopener\">Arte y lenguajes comunicacionales. The Metropolitan Museum of Art, Nueva York<\/a><br \/>\nEncontrar\u00e1 una l\u00ednea de tiempo que abarca el arte desde el 20.000 antes de Cristo hasta el a\u00f1o 1.600. (En ingl\u00e9s)<\/td>\n<\/tr>\n<tr>\n<td class=\"parrafo\"><a href=\"http:\/\/www.bivem.net\/\" target=\"_blank\" rel=\"noopener\">BIVEM. Biblioteca Virtual de Educaci\u00f3n Musical\u00a0<\/a><br \/>\nSus fondos, en castellano e ingl\u00e9s, est\u00e1n conformados fundamentalmente por sitios web, aunque tambi\u00e9n se incluyen otros documentos electr\u00f3nicos.<\/td>\n<\/tr>\n<tr>\n<td class=\"parrafo\"><\/td>\n<\/tr>\n<tr>\n<td class=\"parrafo\"><a href=\"http:\/\/www.lookatbook.com\/\" target=\"_blank\" rel=\"noopener\">BOOK\u00a0<\/a><br \/>\nSe muestra un trabajo pl\u00e1stico que viaj\u00f3 36 semanas entre cuatro artistas, dos en Brooklyn (NY, EEUU) y dos en Belfast (Irlanda).<\/td>\n<\/tr>\n<tr>\n<td class=\"parrafo\"><\/td>\n<\/tr>\n<tr>\n<td class=\"parrafo\"><a href=\"http:\/\/www.classicalarchives.com\/\" target=\"_blank\" rel=\"noopener\">Classical Music Archives\u00a0<\/a><br \/>\nUno de los sitios m\u00e1s importantes de la m\u00fasica cl\u00e1sica en la tela. Su repertorio se acerca a varios miles de archivos de m\u00fasica cl\u00e1sica. Representando a la mayor\u00eda de los compositores. Adem\u00e1s cuenta con comentarios biogr\u00e1ficos.<\/td>\n<\/tr>\n<tr>\n<td class=\"parrafo\"><\/td>\n<\/tr>\n<tr>\n<td class=\"parrafo\"><a href=\"http:\/\/www.uhu.es\/cine.educacion\/cineyeducacion\/index.htm\">Cine y Educaci\u00f3n\u00a0<\/a><br \/>\nContiene gran cantidad de material de apoyo para el docente que quiere acercarse al cine en tanto medio de comunicaci\u00f3n: desarrollo de conceptos, sugerencias did\u00e1cticas, ejemplos de actividades de an\u00e1lisis de pel\u00edculas, propuestas de producci\u00f3n cinematogr\u00e1fica en el aula, historia del cine, un glosario y una secci\u00f3n sobre los problemas de la educaci\u00f3n llevados al cine.<\/td>\n<\/tr>\n<tr>\n<td class=\"parrafo\"><\/td>\n<\/tr>\n<tr>\n<td class=\"parrafo\"><a href=\"http:\/\/educasting.info\/\" target=\"_blank\" rel=\"noopener\">Educasting<\/a><br \/>\nEs un proyecto que incentiva la creaci\u00f3n de podcasts educativos. Nace del estudio de los par\u00e1metros comunicacionales que afectan la transmisi\u00f3n de conocimiento a trav\u00e9s de esta tecnolog\u00eda y se propone como una iniciativa colaborativa.<\/td>\n<\/tr>\n<tr>\n<td class=\"parrafo\"><\/td>\n<\/tr>\n<tr>\n<td class=\"parrafo\"><a href=\"http:\/\/www.ph15.org.ar\/\" target=\"_blank\" rel=\"noopener\">Fundaci\u00f3n Ph 15\u00a0<\/a><br \/>\nSitio de la Fundaci\u00f3n dedicada a la experimentaci\u00f3n y creaci\u00f3n fotogr\u00e1fica con chicos y adolescentes de un barrio marginal de la Ciudad de Buenos Aires, la Villa n\u00famero 15, denominada \u201cCiudad Oculta\u201d.<\/td>\n<\/tr>\n<tr>\n<td class=\"parrafo\"><\/td>\n<\/tr>\n<tr>\n<td class=\"parrafo\"><a href=\"http:\/\/www.titerenet.com\/\" target=\"_blank\" rel=\"noopener\">La P\u00e1gina del Titiritero<\/a><br \/>\nCuenta con enlaces interesantes.<\/td>\n<\/tr>\n<tr>\n<td class=\"parrafo\"><\/td>\n<\/tr>\n<tr>\n<td class=\"parrafo\"><a href=\"http:\/\/www.malba.org.ar\/\" target=\"_blank\" rel=\"noopener\">Malba. Museo de Arte Latinoamericano de Buenos Aires\u00a0<\/a><br \/>\nEste sitio ofrece informaci\u00f3n sobre la colecci\u00f3n permanente del museo y las \u00faltimas exposiciones. Tambi\u00e9n permite conocer la programaci\u00f3n del \u00e1rea de cine y las actividades literarias.<br \/>\nEn la secci\u00f3n de educaci\u00f3n y acci\u00f3n cultural, las escuelas pueden gestionar una visita participativa al museo.<\/td>\n<\/tr>\n<tr>\n<td class=\"parrafo\"><\/td>\n<\/tr>\n<tr>\n<td class=\"parrafo\"><a href=\"http:\/\/www.xulsolar.org.ar\/\" target=\"_blank\" rel=\"noopener\">Museo Xul Solar\u00a0<\/a><br \/>\nAdem\u00e1s de la informaci\u00f3n institucional, el mapa del museo y la cronolog\u00eda del autor, pone a disposici\u00f3n obras del artista.<\/td>\n<\/tr>\n<tr>\n<td class=\"parrafo\"><\/td>\n<\/tr>\n<tr>\n<td class=\"parrafo\"><a href=\"http:\/\/colon.is.com.ar\/\" target=\"_blank\" rel=\"noopener\">Teatro Col\u00f3n\u00a0<\/a><br \/>\nA trav\u00e9s de una atractiva est\u00e9tica brinda informaci\u00f3n y fotos sobre su arquitectura, permite conocer los argumentos de \u00f3peras famosas a trav\u00e9s de la b\u00fasqueda por la inicial del apellido del autor e informa sobre los eventos que se interpretar\u00e1n en el teatro.<\/td>\n<\/tr>\n<tr>\n<td class=\"parrafo\"><\/td>\n<\/tr>\n<tr>\n<td class=\"parrafo\"><a href=\"http:\/\/digital.nypl.org\/mmpco\/\" target=\"_blank\" rel=\"noopener\">The Picture Collection\u00a0<\/a><br \/>\nSe trata de una colecci\u00f3n de 30.000 im\u00e1genes digitalizadas obtenidas de libros, revistas y diarios, en su mayor parte, anteriores a 1923. Entre sus opciones se encuentran im\u00e1genes sobre costumbres, dise\u00f1o, historia. Este recurso visual se encuentra en la New York Public Library.<\/td>\n<\/tr>\n<\/tbody>\n<\/table>\n<\/td>\n<\/tr>\n<tr>\n<td><\/td>\n<\/tr>\n<\/tbody>\n<\/table>\n","protected":false},"excerpt":{"rendered":"<p>Arte y lenguajes comunicacionales Arte y lenguajes comunicacionales. The Metropolitan Museum of Art, Nueva York Encontrar\u00e1 una l\u00ednea de tiempo que abarca el arte desde el 20.000 antes de Cristo hasta el a\u00f1o 1.600. (En ingl\u00e9s) BIVEM. Biblioteca Virtual de Educaci\u00f3n Musical\u00a0 Sus fondos, en castellano e ingl\u00e9s, est\u00e1n conformados fundamentalmente por sitios web, aunque &#8230; <a title=\"Arte y Lenguajes Comunicacionales\" class=\"read-more\" href=\"https:\/\/ifdcvm-slu.infd.edu.ar\/sitio\/arte-y-lenguajes-comunicacionales\/\" aria-label=\"More on Arte y Lenguajes Comunicacionales\">[+]<\/a><\/p>\n","protected":false},"author":1518,"featured_media":0,"parent":0,"menu_order":0,"comment_status":"closed","ping_status":"closed","template":"","meta":[],"acf":[],"_links":{"self":[{"href":"https:\/\/ifdcvm-slu.infd.edu.ar\/sitio\/wp-json\/wp\/v2\/pages\/2705"}],"collection":[{"href":"https:\/\/ifdcvm-slu.infd.edu.ar\/sitio\/wp-json\/wp\/v2\/pages"}],"about":[{"href":"https:\/\/ifdcvm-slu.infd.edu.ar\/sitio\/wp-json\/wp\/v2\/types\/page"}],"author":[{"embeddable":true,"href":"https:\/\/ifdcvm-slu.infd.edu.ar\/sitio\/wp-json\/wp\/v2\/users\/1518"}],"replies":[{"embeddable":true,"href":"https:\/\/ifdcvm-slu.infd.edu.ar\/sitio\/wp-json\/wp\/v2\/comments?post=2705"}],"version-history":[{"count":3,"href":"https:\/\/ifdcvm-slu.infd.edu.ar\/sitio\/wp-json\/wp\/v2\/pages\/2705\/revisions"}],"predecessor-version":[{"id":7970,"href":"https:\/\/ifdcvm-slu.infd.edu.ar\/sitio\/wp-json\/wp\/v2\/pages\/2705\/revisions\/7970"}],"wp:attachment":[{"href":"https:\/\/ifdcvm-slu.infd.edu.ar\/sitio\/wp-json\/wp\/v2\/media?parent=2705"}],"curies":[{"name":"wp","href":"https:\/\/api.w.org\/{rel}","templated":true}]}}