{"id":2706,"date":"2018-07-10T12:50:00","date_gmt":"2018-07-10T15:50:00","guid":{"rendered":"https:\/\/ifdcvm-slu.infd.edu.ar\/sitio\/?page_id=2706"},"modified":"2020-04-17T02:39:38","modified_gmt":"2020-04-17T05:39:38","slug":"ciencias-naturales","status":"publish","type":"page","link":"https:\/\/ifdcvm-slu.infd.edu.ar\/sitio\/ciencias-naturales\/","title":{"rendered":"Ciencias Naturales"},"content":{"rendered":"<table border=\"0\" width=\"620\" cellspacing=\"4\" cellpadding=\"0\">\n<tbody>\n<tr>\n<td class=\"titulo\">Ciencias naturales<\/td>\n<\/tr>\n<tr>\n<td rowspan=\"3\"><\/td>\n<td>\n<table border=\"0\" width=\"100%\" cellspacing=\"0\" cellpadding=\"0\">\n<tbody>\n<tr>\n<td class=\"parrafo\"><\/td>\n<\/tr>\n<tr>\n<td class=\"parrafo\"><a href=\"http:\/\/www.ambiente-ecologico.com\/\" target=\"_blank\" rel=\"noopener\">Ambiente Ecol\u00f3gico\u00a0<\/a><br \/>\nRevista electr\u00f3nica sobre temas ambientales, calidad de vida, ciencias y tecnolog\u00eda.<\/td>\n<\/tr>\n<tr>\n<td class=\"parrafo\"><\/td>\n<\/tr>\n<tr>\n<td class=\"parrafo\"><a href=\"http:\/\/www.ciencia-hoy.retina.ar\/\" target=\"_blank\" rel=\"noopener\">Asociaci\u00f3n Ciencia Hoy<\/a><br \/>\nPresenta todos los n\u00fameros de la revista \u00abCiencia Hoy\u00bb, que difunde el trabajo de cient\u00edficos y tecn\u00f3logos argentinos, y de toda Latinoam\u00e9rica, en el campo de las ciencias formales, naturales, sociales y de sus aplicaciones tecnol\u00f3gicas.<\/td>\n<\/tr>\n<tr>\n<td class=\"parrafo\"><\/td>\n<\/tr>\n<tr>\n<td class=\"parrafo\"><a href=\"http:\/\/www.aula21.net\/\" target=\"_blank\" rel=\"noopener\">Aula Tecnol\u00f3gica del Siglo XXI\u00a0<\/a><br \/>\nSitio creado por Francisco Mu\u00f1oz de la Pe\u00f1a Castrillo, licenciado en Ciencias Qu\u00edmicas. Encontrar\u00e1 recursos \u00fatiles para desarrollar la tarea docente, enlaces a webs educativas y especialmente de ciencias.<\/td>\n<\/tr>\n<tr>\n<td class=\"parrafo\"><\/td>\n<\/tr>\n<tr>\n<td class=\"parrafo\"><a href=\"http:\/\/www.um.es\/~molecula\/indice.htm\" target=\"_blank\" rel=\"noopener\">Aula Virtual de Biolog\u00eda. Universidad de Murcia\u00a0<\/a><br \/>\nAlgunas de las tem\u00e1ticas que trata son: bioelementos y biomol\u00e9culas, gl\u00facidos, l\u00edpidos, prote\u00ednas, enzimas, vitaminas y \u00e1cidos nucleicos. Al final del desarrollo del tema tienen una evaluaci\u00f3n y ejercicios.<\/td>\n<\/tr>\n<tr>\n<td class=\"parrafo\"><\/td>\n<\/tr>\n<tr>\n<td class=\"parrafo\"><a href=\"http:\/\/www.avesdelapatagonia.com.ar\/\" target=\"_blank\" rel=\"noopener\">Aves de la Patagonia\u00a0<\/a><br \/>\nCuenta con un listado de las aves t\u00edpicas del sur argentino con sus im\u00e1genes, descripciones, leyendas y la digitalizaci\u00f3n de sus sonidos.<\/td>\n<\/tr>\n<tr>\n<td class=\"parrafo\"><\/td>\n<\/tr>\n<tr>\n<td class=\"parrafo\"><a href=\"http:\/\/www.biodiversidadla.org\/\" target=\"_blank\" rel=\"noopener\">Biodiversidad en Am\u00e9rica Latina\u00a0<\/a><br \/>\nPresenta recursos educativos, novedades, prensa, documentos, boletines, una revista y enlaces destinados a quienes trabajan en defensa de la biodiversidad.<\/td>\n<\/tr>\n<tr>\n<td class=\"parrafo\"><\/td>\n<\/tr>\n<tr>\n<td class=\"parrafo\"><a href=\"http:\/\/www.ceamse.gov.ar\/\" target=\"_blank\" rel=\"noopener\">CEAMSE. Ecolog\u00eda urbana\u00a0<\/a><br \/>\nCuenta con un espacio dedicado a la escuela con informaci\u00f3n sobre la recolecci\u00f3n y el tratamiento de la basura a trav\u00e9s de las secciones: \u00ablos si y los no de los materiales\u00bb, \u00abvisitas educativas\u00bb, \u00abCeamse recicla en los barrios\u00bb. Adem\u00e1s tiene opciones dedicadas a los ni\u00f1os bajo los t\u00edtulos: \u00abresiduos\u00bb, \u00abreciclado\u00bb, \u00abparques\u00bb, \u00abcamino\u00bb, vivero forestal\u00bb, \u00abbasurales\u00bb, \u00abriachuelo\u00bb y \u00abqu\u00e9 pod\u00e9s hacer?\u00bb<\/td>\n<\/tr>\n<tr>\n<td class=\"parrafo\"><\/td>\n<\/tr>\n<tr>\n<td class=\"parrafo\"><a href=\"http:\/\/www.cienciaparaninos.com\/\" target=\"_blank\" rel=\"noopener\">Ciencia para ni\u00f1os\u00a0<\/a><br \/>\nEncontrar\u00e1 recursos cient\u00edficos y educativos para ni\u00f1os, adolescentes, profesores y padres de familia.<\/td>\n<\/tr>\n<tr>\n<td class=\"parrafo\"><\/td>\n<\/tr>\n<tr>\n<td class=\"parrafo\"><a href=\"http:\/\/www.greenpeace.org.ar\/\" target=\"_blank\" rel=\"noopener\">Greenpeace Argentina\u00a0<\/a><br \/>\nPara consultar informaci\u00f3n de prensa, campa\u00f1as realizadas y novedades sobre el cuidado del medio ambiente<\/td>\n<\/tr>\n<tr>\n<td class=\"parrafo\"><\/td>\n<\/tr>\n<tr>\n<td class=\"parrafo\"><a href=\"http:\/\/www.mariposasdelmundo.com\/\" target=\"_blank\" rel=\"noopener\">Mariposas del Mundo\u00a0<\/a><br \/>\nEste sitio, ubicado en la provincia de Buenos Aires, muestra im\u00e1genes del museo y brinda informaci\u00f3n sobre la oferta de cursos gratuitos que brinda.<\/td>\n<\/tr>\n<tr>\n<td class=\"parrafo\"><\/td>\n<\/tr>\n<tr>\n<td class=\"parrafo\"><a href=\"http:\/\/www.curiosikid.com\/\" target=\"_blank\" rel=\"noopener\">Museo de los ni\u00f1os (Caracas)\u00a0<\/a><br \/>\nEste sitio invita a los ni\u00f1os a realizar experimentos, investigar y conocer la naturaleza.<\/td>\n<\/tr>\n<tr>\n<td class=\"parrafo\"><\/td>\n<\/tr>\n<tr>\n<td class=\"parrafo\"><a href=\"http:\/\/www.biologia.arizona.edu\/\" target=\"_blank\" rel=\"noopener\">Proyecto Biol\u00f3gico: recursos interactivos online para aprender biolog\u00eda<\/a><br \/>\nRecursos interactivos creados por la Universidad de Arizona para el aprendizaje de la Biolog\u00eda. Actualmente ofrece gu\u00edas, actividades y problemas sobre Biolog\u00eda Celular, Gen\u00e9tica Mendeliana y Biolog\u00eda Humana. La traducci\u00f3n fue realizada por prestigiosas universidades de Chile, Espa\u00f1a y Argentina.<\/td>\n<\/tr>\n<tr>\n<td class=\"parrafo\"><\/td>\n<\/tr>\n<tr>\n<td class=\"parrafo\"><a href=\"http:\/\/www.proyectogeo.com.ar\/\" target=\"_blank\" rel=\"noopener\">Proyecto Geo\u00a0<\/a><br \/>\nEncontrar\u00e1 material sobre animales salvajes y dom\u00e9sticos, especies protegidas, bot\u00e1nica, recursos energ\u00e9ticos, cambios clim\u00e1ticos, y una secci\u00f3n especial de ecolog\u00eda para docentes.<\/td>\n<\/tr>\n<tr>\n<td class=\"parrafo\"><\/td>\n<\/tr>\n<tr>\n<td class=\"parrafo\"><a href=\"http:\/\/www.exploratorium.edu\/\" target=\"_blank\" rel=\"noopener\">The Exploratorium: the museum of science, art and human perception\u00a0<\/a><br \/>\nPosee 650 exhibiciones de ciencia, arte y percepci\u00f3n humana. El Exploratorium promociona el museo como un centro educacional.<\/td>\n<\/tr>\n<\/tbody>\n<\/table>\n<\/td>\n<\/tr>\n<tr>\n<td><\/td>\n<\/tr>\n<\/tbody>\n<\/table>\n","protected":false},"excerpt":{"rendered":"<p>Ciencias naturales Ambiente Ecol\u00f3gico\u00a0 Revista electr\u00f3nica sobre temas ambientales, calidad de vida, ciencias y tecnolog\u00eda. Asociaci\u00f3n Ciencia Hoy Presenta todos los n\u00fameros de la revista \u00abCiencia Hoy\u00bb, que difunde el trabajo de cient\u00edficos y tecn\u00f3logos argentinos, y de toda Latinoam\u00e9rica, en el campo de las ciencias formales, naturales, sociales y de sus aplicaciones tecnol\u00f3gicas. Aula &#8230; <a title=\"Ciencias Naturales\" class=\"read-more\" href=\"https:\/\/ifdcvm-slu.infd.edu.ar\/sitio\/ciencias-naturales\/\" aria-label=\"More on Ciencias Naturales\">[+]<\/a><\/p>\n","protected":false},"author":792,"featured_media":0,"parent":0,"menu_order":0,"comment_status":"closed","ping_status":"closed","template":"","meta":[],"acf":[],"_links":{"self":[{"href":"https:\/\/ifdcvm-slu.infd.edu.ar\/sitio\/wp-json\/wp\/v2\/pages\/2706"}],"collection":[{"href":"https:\/\/ifdcvm-slu.infd.edu.ar\/sitio\/wp-json\/wp\/v2\/pages"}],"about":[{"href":"https:\/\/ifdcvm-slu.infd.edu.ar\/sitio\/wp-json\/wp\/v2\/types\/page"}],"author":[{"embeddable":true,"href":"https:\/\/ifdcvm-slu.infd.edu.ar\/sitio\/wp-json\/wp\/v2\/users\/792"}],"replies":[{"embeddable":true,"href":"https:\/\/ifdcvm-slu.infd.edu.ar\/sitio\/wp-json\/wp\/v2\/comments?post=2706"}],"version-history":[{"count":3,"href":"https:\/\/ifdcvm-slu.infd.edu.ar\/sitio\/wp-json\/wp\/v2\/pages\/2706\/revisions"}],"predecessor-version":[{"id":7972,"href":"https:\/\/ifdcvm-slu.infd.edu.ar\/sitio\/wp-json\/wp\/v2\/pages\/2706\/revisions\/7972"}],"wp:attachment":[{"href":"https:\/\/ifdcvm-slu.infd.edu.ar\/sitio\/wp-json\/wp\/v2\/media?parent=2706"}],"curies":[{"name":"wp","href":"https:\/\/api.w.org\/{rel}","templated":true}]}}