{"id":2708,"date":"2018-07-10T12:50:00","date_gmt":"2018-07-10T15:50:00","guid":{"rendered":"https:\/\/ifdcvm-slu.infd.edu.ar\/sitio\/?page_id=2708"},"modified":"2020-04-17T02:45:42","modified_gmt":"2020-04-17T05:45:42","slug":"formacion-etica-y-ciudadana","status":"publish","type":"page","link":"https:\/\/ifdcvm-slu.infd.edu.ar\/sitio\/formacion-etica-y-ciudadana\/","title":{"rendered":"Formaci\u00f3n Etica y Ciudadana"},"content":{"rendered":"<table border=\"0\" width=\"620\" cellspacing=\"4\" cellpadding=\"0\">\n<tbody>\n<tr>\n<td>\n<table border=\"0\" width=\"100%\" cellspacing=\"0\" cellpadding=\"0\">\n<tbody>\n<tr>\n<td class=\"titulo\">Formaci\u00f3n \u00e9tica y ciudadana<\/td>\n<\/tr>\n<tr>\n<td rowspan=\"3\"><\/td>\n<td>\n<table border=\"0\" width=\"100%\" cellspacing=\"0\" cellpadding=\"0\">\n<tbody>\n<tr>\n<td class=\"parrafo\"><\/td>\n<\/tr>\n<tr>\n<td class=\"parrafo\"><a href=\"http:\/\/www.derechosdelainfancia.org\/\" target=\"_blank\" rel=\"noopener\">ADI. Asociaci\u00f3n para los Derechos de la Infancia<\/a><br \/>\nFunciona en la Ciudad de Buenos Aires y realiza jornadas formativas y campa\u00f1as.<\/td>\n<\/tr>\n<tr>\n<td class=\"parrafo\"><\/td>\n<\/tr>\n<tr>\n<td class=\"parrafo\"><a href=\"http:\/\/www.apdh-argentina.org.ar\/\" target=\"_blank\" rel=\"noopener\">Asamblea permanente por los Derechos Humanos\u00a0<\/a><br \/>\nEste sitio presenta documentos, publicaciones, agenda y novedades en relaci\u00f3n a sus comisiones: Adultos mayores, C\u00e1rceles, Educaci\u00f3n, Derechos sociales y econ\u00f3micos, Jur\u00eddica, Mujer, Pueblos abor\u00edgenes, Relaciones internacionales, Salud mental e Inmigraci\u00f3n y DD HH.<\/td>\n<\/tr>\n<tr>\n<td class=\"parrafo\"><\/td>\n<\/tr>\n<tr>\n<td class=\"parrafo\"><a href=\"http:\/\/www.cels.org.ar\/\" target=\"_blank\" rel=\"noopener\">Centro de Estudios Legales y Sociales<\/a><br \/>\nEs una organizaci\u00f3n no gubernamental, fundada en 1979, para la promoci\u00f3n y protecci\u00f3n de los derechos humanos y el fortalecimiento del sistema democr\u00e1tico y el Estado de Derecho en Argentina.<\/td>\n<\/tr>\n<tr>\n<td class=\"parrafo\"><\/td>\n<\/tr>\n<\/tbody>\n<\/table>\n<\/td>\n<\/tr>\n<\/tbody>\n<\/table>\n<\/td>\n<\/tr>\n<\/tbody>\n<\/table>\n","protected":false},"excerpt":{"rendered":"<p>Formaci\u00f3n \u00e9tica y ciudadana ADI. Asociaci\u00f3n para los Derechos de la Infancia Funciona en la Ciudad de Buenos Aires y realiza jornadas formativas y campa\u00f1as. Asamblea permanente por los Derechos Humanos\u00a0 Este sitio presenta documentos, publicaciones, agenda y novedades en relaci\u00f3n a sus comisiones: Adultos mayores, C\u00e1rceles, Educaci\u00f3n, Derechos sociales y econ\u00f3micos, Jur\u00eddica, Mujer, Pueblos &#8230; <a title=\"Formaci\u00f3n Etica y Ciudadana\" class=\"read-more\" href=\"https:\/\/ifdcvm-slu.infd.edu.ar\/sitio\/formacion-etica-y-ciudadana\/\" aria-label=\"More on Formaci\u00f3n Etica y Ciudadana\">[+]<\/a><\/p>\n","protected":false},"author":792,"featured_media":0,"parent":0,"menu_order":0,"comment_status":"closed","ping_status":"closed","template":"","meta":[],"acf":[],"_links":{"self":[{"href":"https:\/\/ifdcvm-slu.infd.edu.ar\/sitio\/wp-json\/wp\/v2\/pages\/2708"}],"collection":[{"href":"https:\/\/ifdcvm-slu.infd.edu.ar\/sitio\/wp-json\/wp\/v2\/pages"}],"about":[{"href":"https:\/\/ifdcvm-slu.infd.edu.ar\/sitio\/wp-json\/wp\/v2\/types\/page"}],"author":[{"embeddable":true,"href":"https:\/\/ifdcvm-slu.infd.edu.ar\/sitio\/wp-json\/wp\/v2\/users\/792"}],"replies":[{"embeddable":true,"href":"https:\/\/ifdcvm-slu.infd.edu.ar\/sitio\/wp-json\/wp\/v2\/comments?post=2708"}],"version-history":[{"count":2,"href":"https:\/\/ifdcvm-slu.infd.edu.ar\/sitio\/wp-json\/wp\/v2\/pages\/2708\/revisions"}],"predecessor-version":[{"id":7975,"href":"https:\/\/ifdcvm-slu.infd.edu.ar\/sitio\/wp-json\/wp\/v2\/pages\/2708\/revisions\/7975"}],"wp:attachment":[{"href":"https:\/\/ifdcvm-slu.infd.edu.ar\/sitio\/wp-json\/wp\/v2\/media?parent=2708"}],"curies":[{"name":"wp","href":"https:\/\/api.w.org\/{rel}","templated":true}]}}