{"id":2723,"date":"2018-07-02T19:26:18","date_gmt":"2018-07-02T22:26:18","guid":{"rendered":"https:\/\/ifdcvm-slu.infd.edu.ar\/sitio\/bibliotecologia-y-ciencias-de-la-informacion\/"},"modified":"2020-04-17T03:22:28","modified_gmt":"2020-04-17T06:22:28","slug":"bibliotecologia-y-ciencias-de-la-informacion","status":"publish","type":"page","link":"https:\/\/ifdcvm-slu.infd.edu.ar\/sitio\/bibliotecologia-y-ciencias-de-la-informacion\/","title":{"rendered":"Bibliotecolog\u00eda y Ciencias de la Informaci\u00f3n"},"content":{"rendered":"<table border=\"0\" width=\"620\" cellspacing=\"4\" cellpadding=\"0\">\n<tbody>\n<tr>\n<td class=\"titulo\">Bibliotecolog\u00eda y Ciencias de la informaci\u00f3n<\/td>\n<\/tr>\n<tr>\n<td rowspan=\"3\"><\/td>\n<td>\n<table border=\"0\" width=\"100%\" cellspacing=\"0\" cellpadding=\"0\">\n<tbody>\n<tr>\n<td class=\"parrafo\"><\/td>\n<\/tr>\n<tr>\n<td class=\"parrafo\"><a href=\"http:\/\/www.r020.com.ar\/index.php\" target=\"_blank\" rel=\"noopener\">R020<\/a><br \/>\nSitio independiente dedicado a la investigaci\u00f3n y difusi\u00f3n en el campo de la bibliotecolog\u00eda y las ciencias de la informaci\u00f3n.<\/td>\n<\/tr>\n<tr>\n<td class=\"parrafo\"><\/td>\n<\/tr>\n<tr>\n<td class=\"parrafo\"><a href=\"http:\/\/www.absysnet.com\/\">Absysnet.com<\/a><br \/>\nCentro de recursos y servicios para bibliotecas y bibliotecarios.<\/td>\n<\/tr>\n<\/tbody>\n<\/table>\n<\/td>\n<\/tr>\n<\/tbody>\n<\/table>\n","protected":false},"excerpt":{"rendered":"<p>Bibliotecolog\u00eda y Ciencias de la informaci\u00f3n R020 Sitio independiente dedicado a la investigaci\u00f3n y difusi\u00f3n en el campo de la bibliotecolog\u00eda y las ciencias de la informaci\u00f3n. Absysnet.com Centro de recursos y servicios para bibliotecas y bibliotecarios.<\/p>\n","protected":false},"author":792,"featured_media":0,"parent":0,"menu_order":0,"comment_status":"closed","ping_status":"closed","template":"","meta":[],"acf":[],"_links":{"self":[{"href":"https:\/\/ifdcvm-slu.infd.edu.ar\/sitio\/wp-json\/wp\/v2\/pages\/2723"}],"collection":[{"href":"https:\/\/ifdcvm-slu.infd.edu.ar\/sitio\/wp-json\/wp\/v2\/pages"}],"about":[{"href":"https:\/\/ifdcvm-slu.infd.edu.ar\/sitio\/wp-json\/wp\/v2\/types\/page"}],"author":[{"embeddable":true,"href":"https:\/\/ifdcvm-slu.infd.edu.ar\/sitio\/wp-json\/wp\/v2\/users\/792"}],"replies":[{"embeddable":true,"href":"https:\/\/ifdcvm-slu.infd.edu.ar\/sitio\/wp-json\/wp\/v2\/comments?post=2723"}],"version-history":[{"count":1,"href":"https:\/\/ifdcvm-slu.infd.edu.ar\/sitio\/wp-json\/wp\/v2\/pages\/2723\/revisions"}],"predecessor-version":[{"id":7993,"href":"https:\/\/ifdcvm-slu.infd.edu.ar\/sitio\/wp-json\/wp\/v2\/pages\/2723\/revisions\/7993"}],"wp:attachment":[{"href":"https:\/\/ifdcvm-slu.infd.edu.ar\/sitio\/wp-json\/wp\/v2\/media?parent=2723"}],"curies":[{"name":"wp","href":"https:\/\/api.w.org\/{rel}","templated":true}]}}