{"id":2734,"date":"2018-07-02T19:26:22","date_gmt":"2018-07-02T22:26:22","guid":{"rendered":"https:\/\/ifdcvm-slu.infd.edu.ar\/sitio\/planes-de-estudio\/"},"modified":"2024-05-27T12:48:35","modified_gmt":"2024-05-27T15:48:35","slug":"planes-de-estudio-primaria","status":"publish","type":"page","link":"https:\/\/ifdcvm-slu.infd.edu.ar\/sitio\/planes-de-estudio-primaria\/","title":{"rendered":"Planes de estudio"},"content":{"rendered":"<h3>Profesorado de Educaci\u00f3n Primaria<\/h3>\n<hr \/>\n<p><strong>&#x1f9d0;ACTUALIZACI\u00d3N<\/strong>: Si quer\u00e9s visualizar el plan de estudio en un formato m\u00e1s amigable ingres\u00e1 <a href=\"https:\/\/ifdcvm-slu.infd.edu.ar\/sitio\/planes-de-estudio-vigentes\/\">aqu\u00ed<\/a><\/p>\n<p><em>Resoluciones de los planes de estudio:<\/em><\/p>\n<p><a href=\"https:\/\/drive.google.com\/file\/d\/18Av9FKL7YwB5jJHj3Qm7juHmmNlr8qIF\/view?usp=sharing\" target=\"_blank\" rel=\"noopener\">Resoluci\u00f3n N\u00b0 57-PESyDPD-2008<\/a><\/p>\n<p><a href=\"https:\/\/drive.google.com\/file\/d\/1WqWK5SK_PadB2g1BvuwtSkqKKS2VZIFx\/view?usp=drive_link\">Resoluci\u00f3n N\u00b0 182-ME-2009<\/a> (REEMPLAZADA EL 05\/04\/2024)<\/p>\n<p><a href=\"https:\/\/drive.google.com\/file\/d\/1R_8obNmnuRSDA15l8gWU-NcSP9m9P_pV\/view?usp=sharing\" target=\"_blank\" rel=\"noopener\">Resoluci\u00f3n N\u00b0 199-ME-2014<\/a><\/p>\n<p><a href=\"https:\/\/ifdcvm-slu.infd.edu.ar\/sitio\/wp-content\/uploads\/2022\/02\/RESOLU-8-ME-2022-EDUCACION-PRIMARIA.pdf\">Resoluci\u00f3n N\u00b0 8-ME-2022<\/a><\/p>\n\n\n<p class=\"has-contrast-color has-base-background-color has-text-color has-background\">Contacto con la coordinaci\u00f3n de la carrera: coordinacion.primaria@ifdcvm.edu.ar<\/p>\n","protected":false},"excerpt":{"rendered":"<p>Profesorado de Educaci\u00f3n Primaria &#x1f9d0;ACTUALIZACI\u00d3N: Si quer\u00e9s visualizar el plan de estudio en un formato m\u00e1s amigable ingres\u00e1 aqu\u00ed Resoluciones de los planes de estudio: Resoluci\u00f3n N\u00b0 57-PESyDPD-2008 Resoluci\u00f3n N\u00b0 182-ME-2009 (REEMPLAZADA EL 05\/04\/2024) Resoluci\u00f3n N\u00b0 199-ME-2014 Resoluci\u00f3n N\u00b0 8-ME-2022 Contacto con la coordinaci\u00f3n de la carrera: coordinacion.primaria@ifdcvm.edu.ar<\/p>\n","protected":false},"author":792,"featured_media":0,"parent":0,"menu_order":0,"comment_status":"closed","ping_status":"closed","template":"","meta":[],"acf":[],"_links":{"self":[{"href":"https:\/\/ifdcvm-slu.infd.edu.ar\/sitio\/wp-json\/wp\/v2\/pages\/2734"}],"collection":[{"href":"https:\/\/ifdcvm-slu.infd.edu.ar\/sitio\/wp-json\/wp\/v2\/pages"}],"about":[{"href":"https:\/\/ifdcvm-slu.infd.edu.ar\/sitio\/wp-json\/wp\/v2\/types\/page"}],"author":[{"embeddable":true,"href":"https:\/\/ifdcvm-slu.infd.edu.ar\/sitio\/wp-json\/wp\/v2\/users\/792"}],"replies":[{"embeddable":true,"href":"https:\/\/ifdcvm-slu.infd.edu.ar\/sitio\/wp-json\/wp\/v2\/comments?post=2734"}],"version-history":[{"count":12,"href":"https:\/\/ifdcvm-slu.infd.edu.ar\/sitio\/wp-json\/wp\/v2\/pages\/2734\/revisions"}],"predecessor-version":[{"id":15226,"href":"https:\/\/ifdcvm-slu.infd.edu.ar\/sitio\/wp-json\/wp\/v2\/pages\/2734\/revisions\/15226"}],"wp:attachment":[{"href":"https:\/\/ifdcvm-slu.infd.edu.ar\/sitio\/wp-json\/wp\/v2\/media?parent=2734"}],"curies":[{"name":"wp","href":"https:\/\/api.w.org\/{rel}","templated":true}]}}