{"id":2770,"date":"2018-07-02T19:26:41","date_gmt":"2018-07-02T22:26:41","guid":{"rendered":"https:\/\/ifdcvm-slu.infd.edu.ar\/sitio\/planes-de-estudio-2\/"},"modified":"2024-05-27T12:49:41","modified_gmt":"2024-05-27T15:49:41","slug":"planes-de-estudio-2","status":"publish","type":"page","link":"https:\/\/ifdcvm-slu.infd.edu.ar\/sitio\/planes-de-estudio-2\/","title":{"rendered":"Planes de estudio"},"content":{"rendered":"\n<h3 class=\"wp-block-heading\">Profesorado de Educaci\u00f3n Tecnol\u00f3gica<\/h3>\n\n\n\n<hr class=\"wp-block-separator has-alpha-channel-opacity\"\/>\n\n\n\n<p><strong>&#x1f9d0;ACTUALIZACI\u00d3N<\/strong>: Si quer\u00e9s visualizar el plan de estudio en un formato m\u00e1s amigable ingres\u00e1 <a href=\"https:\/\/ifdcvm-slu.infd.edu.ar\/sitio\/planes-de-estudio-vigentes\/\">aqu\u00ed<\/a><\/p>\n\n\n\n<p><em>Resoluciones de los planes de estudio:<\/em><\/p>\n\n\n\n<p><a rel=\"noopener\" href=\"https:\/\/drive.google.com\/file\/d\/1XrouBzCyxDipGYJP6B0k7dHHasPCWtdD\/view?usp=sharing\" target=\"_blank\">Decreto N\u00b0 1963-MP-2003<\/a><\/p>\n\n\n\n<p><a href=\"https:\/\/drive.google.com\/file\/d\/1KGMBeAUgEM0xZC4Edtr3sPKcpzxRFLJ4\/view?usp=sharing\" target=\"_blank\" rel=\"noopener\">Resoluci\u00f3n N\u00b0 158-ME-2009<\/a><\/p>\n\n\n\n<p><a href=\"https:\/\/drive.google.com\/file\/d\/1psJGVnsIIhxlTZYadS74T41vhpZUr8KS\/view?usp=sharing\" target=\"_blank\" rel=\"noopener\">Resoluci\u00f3n N\u00b0 214-ME-2014<\/a><\/p>\n\n\n\n<p><a href=\"https:\/\/drive.google.com\/file\/d\/1zOESYf-UjPc4BPryPloC2hkW_3fUbcqA\/view?usp=sharing\" target=\"_blank\" rel=\"noopener\">Resoluci\u00f3n N\u00b0 3-ME-2019<\/a><\/p>\n\n\n\n<p><a href=\"https:\/\/ifdcvm-slu.infd.edu.ar\/sitio\/wp-content\/uploads\/2022\/02\/RESOLU-5-ME-2022-EDUCACION-TECNOLOGICA.pdf\">Resoluci\u00f3n N\u00b0 5-ME-2022<\/a><\/p>\n\n\n\n<p class=\"has-contrast-color has-base-background-color has-text-color has-background\">Contacto con la coordinaci\u00f3n de la carrera: coordinacion.tecnologia@ifdcvm.edu.ar<\/p>\n","protected":false},"excerpt":{"rendered":"<p>Profesorado de Educaci\u00f3n Tecnol\u00f3gica &#x1f9d0;ACTUALIZACI\u00d3N: Si quer\u00e9s visualizar el plan de estudio en un formato m\u00e1s amigable ingres\u00e1 aqu\u00ed Resoluciones de los planes de estudio: Decreto N\u00b0 1963-MP-2003 Resoluci\u00f3n N\u00b0 158-ME-2009 Resoluci\u00f3n N\u00b0 214-ME-2014 Resoluci\u00f3n N\u00b0 3-ME-2019 Resoluci\u00f3n N\u00b0 5-ME-2022 Contacto con la coordinaci\u00f3n de la carrera: coordinacion.tecnologia@ifdcvm.edu.ar<\/p>\n","protected":false},"author":1518,"featured_media":0,"parent":0,"menu_order":0,"comment_status":"closed","ping_status":"closed","template":"","meta":[],"acf":[],"_links":{"self":[{"href":"https:\/\/ifdcvm-slu.infd.edu.ar\/sitio\/wp-json\/wp\/v2\/pages\/2770"}],"collection":[{"href":"https:\/\/ifdcvm-slu.infd.edu.ar\/sitio\/wp-json\/wp\/v2\/pages"}],"about":[{"href":"https:\/\/ifdcvm-slu.infd.edu.ar\/sitio\/wp-json\/wp\/v2\/types\/page"}],"author":[{"embeddable":true,"href":"https:\/\/ifdcvm-slu.infd.edu.ar\/sitio\/wp-json\/wp\/v2\/users\/1518"}],"replies":[{"embeddable":true,"href":"https:\/\/ifdcvm-slu.infd.edu.ar\/sitio\/wp-json\/wp\/v2\/comments?post=2770"}],"version-history":[{"count":7,"href":"https:\/\/ifdcvm-slu.infd.edu.ar\/sitio\/wp-json\/wp\/v2\/pages\/2770\/revisions"}],"predecessor-version":[{"id":15228,"href":"https:\/\/ifdcvm-slu.infd.edu.ar\/sitio\/wp-json\/wp\/v2\/pages\/2770\/revisions\/15228"}],"wp:attachment":[{"href":"https:\/\/ifdcvm-slu.infd.edu.ar\/sitio\/wp-json\/wp\/v2\/media?parent=2770"}],"curies":[{"name":"wp","href":"https:\/\/api.w.org\/{rel}","templated":true}]}}