{"id":2778,"date":"2018-07-02T19:26:43","date_gmt":"2018-07-02T22:26:43","guid":{"rendered":"https:\/\/ifdcvm-slu.infd.edu.ar\/sitio\/planes-de-estudio-6\/"},"modified":"2024-05-27T12:52:09","modified_gmt":"2024-05-27T15:52:09","slug":"planes-de-estudio-6","status":"publish","type":"page","link":"https:\/\/ifdcvm-slu.infd.edu.ar\/sitio\/planes-de-estudio-6\/","title":{"rendered":"Planes de estudio"},"content":{"rendered":"<h3><a>Profesorado de Educ. Sec. en Matem\u00e1tica<\/a><\/h3>\n<hr \/>\n<p><strong><img decoding=\"async\" class=\"emoji\" role=\"img\" draggable=\"false\" src=\"https:\/\/s.w.org\/images\/core\/emoji\/14.0.0\/svg\/1f9d0.svg\" alt=\"&#x1f9d0;\" \/>ACTUALIZACI\u00d3N<\/strong>: Si quer\u00e9s visualizar el plan de estudio en un formato m\u00e1s amigable ingres\u00e1\u00a0<a href=\"https:\/\/ifdcvm-slu.infd.edu.ar\/sitio\/planes-de-estudio-vigentes\/\">aqu\u00ed<\/a><\/p>\n<p><em>Resoluciones de los planes de estudio:<\/em><\/p>\n<p><a href=\"https:\/\/drive.google.com\/file\/d\/1wf03BjbfdGpEloZw17sO39Y4YopUDd4S\/view?usp=sharing\" target=\"_blank\" rel=\"noopener\">Resoluci\u00f3n N\u00b0 180-ME-2009<\/a><\/p>\n<p><a href=\"https:\/\/drive.google.com\/file\/d\/12p0ZkxEvEqjW2xjyKA99lxSOlGSeolNi\/view?usp=sharing\" target=\"_blank\" rel=\"noopener\">Resoluci\u00f3n N\u00b0 173-ME-2011<\/a><\/p>\n<p><a href=\"https:\/\/drive.google.com\/file\/d\/1lpMCJQBrDkXA8s7oaSVUD63DlZbDL_-B\/view?usp=sharing\" target=\"_blank\" rel=\"noopener\">Resoluci\u00f3n N\u00b0 21-ME-2014<\/a><\/p>\n<p><a href=\"https:\/\/ifdcvm-slu.infd.edu.ar\/sitio\/wp-content\/uploads\/2022\/02\/RESOLU-6-ME-MATEMATICA.pdf\">Resoluci\u00f3n N\u00b0 6-ME-2022<\/a><\/p>\n\n\n<p class=\"has-contrast-color has-base-background-color has-text-color has-background\">Contacto con la coordinaci\u00f3n de la carrera: coordinacion.matematica@ifdcvm.edu.ar<\/p>\n","protected":false},"excerpt":{"rendered":"<p>Profesorado de Educ. Sec. en Matem\u00e1tica ACTUALIZACI\u00d3N: Si quer\u00e9s visualizar el plan de estudio en un formato m\u00e1s amigable ingres\u00e1\u00a0aqu\u00ed Resoluciones de los planes de estudio: Resoluci\u00f3n N\u00b0 180-ME-2009 Resoluci\u00f3n N\u00b0 173-ME-2011 Resoluci\u00f3n N\u00b0 21-ME-2014 Resoluci\u00f3n N\u00b0 6-ME-2022 Contacto con la coordinaci\u00f3n de la carrera: coordinacion.matematica@ifdcvm.edu.ar<\/p>\n","protected":false},"author":1518,"featured_media":0,"parent":0,"menu_order":0,"comment_status":"closed","ping_status":"closed","template":"","meta":[],"acf":[],"_links":{"self":[{"href":"https:\/\/ifdcvm-slu.infd.edu.ar\/sitio\/wp-json\/wp\/v2\/pages\/2778"}],"collection":[{"href":"https:\/\/ifdcvm-slu.infd.edu.ar\/sitio\/wp-json\/wp\/v2\/pages"}],"about":[{"href":"https:\/\/ifdcvm-slu.infd.edu.ar\/sitio\/wp-json\/wp\/v2\/types\/page"}],"author":[{"embeddable":true,"href":"https:\/\/ifdcvm-slu.infd.edu.ar\/sitio\/wp-json\/wp\/v2\/users\/1518"}],"replies":[{"embeddable":true,"href":"https:\/\/ifdcvm-slu.infd.edu.ar\/sitio\/wp-json\/wp\/v2\/comments?post=2778"}],"version-history":[{"count":5,"href":"https:\/\/ifdcvm-slu.infd.edu.ar\/sitio\/wp-json\/wp\/v2\/pages\/2778\/revisions"}],"predecessor-version":[{"id":15232,"href":"https:\/\/ifdcvm-slu.infd.edu.ar\/sitio\/wp-json\/wp\/v2\/pages\/2778\/revisions\/15232"}],"wp:attachment":[{"href":"https:\/\/ifdcvm-slu.infd.edu.ar\/sitio\/wp-json\/wp\/v2\/media?parent=2778"}],"curies":[{"name":"wp","href":"https:\/\/api.w.org\/{rel}","templated":true}]}}