{"id":2818,"date":"2018-07-10T12:50:02","date_gmt":"2018-07-10T15:50:02","guid":{"rendered":"https:\/\/ifdcvm-slu.infd.edu.ar\/sitio\/?page_id=2818"},"modified":"2025-08-12T09:20:17","modified_gmt":"2025-08-12T12:20:17","slug":"prof-educ-primaria","status":"publish","type":"page","link":"https:\/\/ifdcvm-slu.infd.edu.ar\/sitio\/prof-educ-primaria\/","title":{"rendered":"Oferta Educativa 2026 &#8211; Profesorado de Educaci\u00f3n Primaria"},"content":{"rendered":"<p><strong>Nombre de la carrera: PROFESORADO DE EDUCACI\u00d3N PRIMARIA<\/strong><\/p>\n<p><strong>T\u00edtulo que otorga<\/strong>: PROFESOR\/A DE EDUCACI\u00d3N PRIMARIA <strong>(<a href=\"https:\/\/ifdcvm-slu.infd.edu.ar\/sitio\/wp-content\/uploads\/2022\/02\/RESOLU-8-ME-2022-EDUCACION-PRIMARIA.pdf\">RES. N\u00b0 08-ME-2022<\/a>)<\/strong><\/p>\n<p><strong>Incumbencia del t\u00edtulo<\/strong>: NIVEL PRIMARIO (en las diversas Modalidades del Sistema Educativo Nacional y Provincial).<\/p>\n<p><strong>Duraci\u00f3n de la carrera<\/strong>: 4 A\u00f1os<\/p>\n<p><img decoding=\"async\" loading=\"lazy\" class=\"alignnone wp-image-16809 size-medium\" src=\"https:\/\/ifdcvm-slu.infd.edu.ar\/sitio\/wp-content\/uploads\/2025\/08\/6-705x1000.png\" alt=\"\" width=\"705\" height=\"1000\" srcset=\"https:\/\/ifdcvm-slu.infd.edu.ar\/sitio\/wp-content\/uploads\/2025\/08\/6-705x1000.png 705w, https:\/\/ifdcvm-slu.infd.edu.ar\/sitio\/wp-content\/uploads\/2025\/08\/6-1339x1900.png 1339w, https:\/\/ifdcvm-slu.infd.edu.ar\/sitio\/wp-content\/uploads\/2025\/08\/6-768x1090.png 768w, https:\/\/ifdcvm-slu.infd.edu.ar\/sitio\/wp-content\/uploads\/2025\/08\/6-1082x1536.png 1082w, https:\/\/ifdcvm-slu.infd.edu.ar\/sitio\/wp-content\/uploads\/2025\/08\/6.png 1409w\" sizes=\"(max-width: 705px) 100vw, 705px\" \/><\/p>\n<p><strong>Perfil del Egresado<\/strong>: La formaci\u00f3n inicial otorgar\u00e1 al egresado\/a competencias para orientar el pensamiento de ni\u00f1os\/as y j\u00f3venes en los diferentes escenarios y \u00e1mbitos del Sistema Educativo Nacional y Provincial, acompa\u00f1ando su escolarizaci\u00f3n con intervenciones did\u00e1cticas pertinentes y con el desarrollo de proyectos de \u00edndole institucional en las disciplinas de incumbencia: Matem\u00e1tica, Lengua, Ciencias Sociales, Ciencias Naturales y Educaci\u00f3n Tecnol\u00f3gica, valorando la incidencia de la Educaci\u00f3n Sexual Integral, de la Educaci\u00f3n F\u00edsica y de las Lenguas Extranjeras en la formaci\u00f3n integral de los\/as alumnos\/as.<\/p>\n<pre style=\"text-align: center;\"><a href=\"https:\/\/ifdcvm-slu.infd.edu.ar\/sitio\/wp-content\/uploads\/2022\/09\/PLAN_DE_ESTUDIOS_EDUCACION-PRIMARIA.pdf\">PLAN DE ESTUDIOS<\/a><\/pre>\n\n\n<p class=\"has-very-light-gray-to-cyan-bluish-gray-gradient-background has-background\"><a href=\"https:\/\/ifdcvm-slu.infd.edu.ar\/sitio\/oferta-educativa-requisitos-de-preinscripcion\/\" data-type=\"URL\" data-id=\"https:\/\/ifdcvm-slu.infd.edu.ar\/sitio\/oferta-educativa-requisitos-de-preinscripcion\/\" target=\"_blank\" rel=\"noreferrer noopener\">CONOC\u00c9 LOS REQUISITOS DE PREINSCRIPCI\u00d3N<\/a><\/p>\n","protected":false},"excerpt":{"rendered":"<p>Nombre de la carrera: PROFESORADO DE EDUCACI\u00d3N PRIMARIA T\u00edtulo que otorga: PROFESOR\/A DE EDUCACI\u00d3N PRIMARIA (RES. N\u00b0 08-ME-2022) Incumbencia del t\u00edtulo: NIVEL PRIMARIO (en las diversas Modalidades del Sistema Educativo Nacional y Provincial). Duraci\u00f3n de la carrera: 4 A\u00f1os Perfil del Egresado: La formaci\u00f3n inicial otorgar\u00e1 al egresado\/a competencias para orientar el pensamiento de ni\u00f1os\/as &#8230; <a title=\"Oferta Educativa 2026 &#8211; Profesorado de Educaci\u00f3n Primaria\" class=\"read-more\" href=\"https:\/\/ifdcvm-slu.infd.edu.ar\/sitio\/prof-educ-primaria\/\" aria-label=\"More on Oferta Educativa 2026 &#8211; Profesorado de Educaci\u00f3n Primaria\">[+]<\/a><\/p>\n","protected":false},"author":1518,"featured_media":0,"parent":0,"menu_order":0,"comment_status":"closed","ping_status":"closed","template":"","meta":[],"acf":[],"_links":{"self":[{"href":"https:\/\/ifdcvm-slu.infd.edu.ar\/sitio\/wp-json\/wp\/v2\/pages\/2818"}],"collection":[{"href":"https:\/\/ifdcvm-slu.infd.edu.ar\/sitio\/wp-json\/wp\/v2\/pages"}],"about":[{"href":"https:\/\/ifdcvm-slu.infd.edu.ar\/sitio\/wp-json\/wp\/v2\/types\/page"}],"author":[{"embeddable":true,"href":"https:\/\/ifdcvm-slu.infd.edu.ar\/sitio\/wp-json\/wp\/v2\/users\/1518"}],"replies":[{"embeddable":true,"href":"https:\/\/ifdcvm-slu.infd.edu.ar\/sitio\/wp-json\/wp\/v2\/comments?post=2818"}],"version-history":[{"count":22,"href":"https:\/\/ifdcvm-slu.infd.edu.ar\/sitio\/wp-json\/wp\/v2\/pages\/2818\/revisions"}],"predecessor-version":[{"id":16876,"href":"https:\/\/ifdcvm-slu.infd.edu.ar\/sitio\/wp-json\/wp\/v2\/pages\/2818\/revisions\/16876"}],"wp:attachment":[{"href":"https:\/\/ifdcvm-slu.infd.edu.ar\/sitio\/wp-json\/wp\/v2\/media?parent=2818"}],"curies":[{"name":"wp","href":"https:\/\/api.w.org\/{rel}","templated":true}]}}