{"id":2886,"date":"2018-07-02T19:27:31","date_gmt":"2018-07-02T22:27:31","guid":{"rendered":"https:\/\/ifdcvm-slu.infd.edu.ar\/sitio\/planes-de-estudio-7\/"},"modified":"2024-05-27T12:53:18","modified_gmt":"2024-05-27T15:53:18","slug":"planes-de-estudio-7","status":"publish","type":"page","link":"https:\/\/ifdcvm-slu.infd.edu.ar\/sitio\/planes-de-estudio-7\/","title":{"rendered":"Planes de estudio"},"content":{"rendered":"<h3><a>Tecnicatura Superior en Tecnolog\u00edas Industriales<\/a><\/h3>\n<hr \/>\n<p><strong><img decoding=\"async\" class=\"emoji\" role=\"img\" draggable=\"false\" src=\"https:\/\/s.w.org\/images\/core\/emoji\/14.0.0\/svg\/1f9d0.svg\" alt=\"&#x1f9d0;\" \/>ACTUALIZACI\u00d3N<\/strong>: Si quer\u00e9s visualizar el plan de estudio en un formato m\u00e1s amigable ingres\u00e1\u00a0<a href=\"https:\/\/ifdcvm-slu.infd.edu.ar\/sitio\/planes-de-estudio-vigentes\/\">aqu\u00ed<\/a><\/p>\n<p><em>Resoluciones de los planes de estudio:<\/em><\/p>\n<p><a href=\"https:\/\/drive.google.com\/file\/d\/1bJEcZ-zhd8IzEGweoZqDFyjZmWCBx_I9\/view?usp=sharing\" target=\"_blank\" rel=\"noopener\">Resoluci\u00f3n N\u00b0 286-ME-2008<\/a><\/p>\n<p><a href=\"https:\/\/drive.google.com\/file\/d\/1SUZcPr63hGbyYOaPVNn2wdZB6Oc2KdNA\/view?usp=sharing\" target=\"_blank\" rel=\"noopener\">Resoluci\u00f3n N\u00b0 96-ME-2015<\/a><\/p>\n\n\n<p class=\"has-contrast-color has-base-background-color has-text-color has-background\">Contacto con la coordinaci\u00f3n de la carrera: coordinacion.tecnicatura@ifdcvm.edu.ar<\/p>\n","protected":false},"excerpt":{"rendered":"<p>Tecnicatura Superior en Tecnolog\u00edas Industriales ACTUALIZACI\u00d3N: Si quer\u00e9s visualizar el plan de estudio en un formato m\u00e1s amigable ingres\u00e1\u00a0aqu\u00ed Resoluciones de los planes de estudio: Resoluci\u00f3n N\u00b0 286-ME-2008 Resoluci\u00f3n N\u00b0 96-ME-2015 Contacto con la coordinaci\u00f3n de la carrera: coordinacion.tecnicatura@ifdcvm.edu.ar<\/p>\n","protected":false},"author":1518,"featured_media":0,"parent":0,"menu_order":0,"comment_status":"closed","ping_status":"closed","template":"","meta":[],"acf":[],"_links":{"self":[{"href":"https:\/\/ifdcvm-slu.infd.edu.ar\/sitio\/wp-json\/wp\/v2\/pages\/2886"}],"collection":[{"href":"https:\/\/ifdcvm-slu.infd.edu.ar\/sitio\/wp-json\/wp\/v2\/pages"}],"about":[{"href":"https:\/\/ifdcvm-slu.infd.edu.ar\/sitio\/wp-json\/wp\/v2\/types\/page"}],"author":[{"embeddable":true,"href":"https:\/\/ifdcvm-slu.infd.edu.ar\/sitio\/wp-json\/wp\/v2\/users\/1518"}],"replies":[{"embeddable":true,"href":"https:\/\/ifdcvm-slu.infd.edu.ar\/sitio\/wp-json\/wp\/v2\/comments?post=2886"}],"version-history":[{"count":4,"href":"https:\/\/ifdcvm-slu.infd.edu.ar\/sitio\/wp-json\/wp\/v2\/pages\/2886\/revisions"}],"predecessor-version":[{"id":15234,"href":"https:\/\/ifdcvm-slu.infd.edu.ar\/sitio\/wp-json\/wp\/v2\/pages\/2886\/revisions\/15234"}],"wp:attachment":[{"href":"https:\/\/ifdcvm-slu.infd.edu.ar\/sitio\/wp-json\/wp\/v2\/media?parent=2886"}],"curies":[{"name":"wp","href":"https:\/\/api.w.org\/{rel}","templated":true}]}}