{"id":2929,"date":"2018-07-02T19:27:45","date_gmt":"2018-07-02T22:27:45","guid":{"rendered":"https:\/\/ifdcvm-slu.infd.edu.ar\/sitio\/adecuacion-de-plan-3\/"},"modified":"2025-04-29T14:25:34","modified_gmt":"2025-04-29T17:25:34","slug":"adecuacion-de-plan-3","status":"publish","type":"page","link":"https:\/\/ifdcvm-slu.infd.edu.ar\/sitio\/adecuacion-de-plan-3\/","title":{"rendered":"Adecuaci\u00f3n de Plan. Profesorado de Educ. Sec. en Lengua y Literatura"},"content":{"rendered":"\n<figure class=\"wp-block-table\"><table><tbody><tr><td><strong>N\u00b0 RES. ADECUACI\u00d3N<\/strong><\/td><td><strong>UNIDAD CURRICULAR<\/strong><\/td><td><strong>ADECUACI\u00d3N<\/strong><\/td><\/tr><tr><td><a href=\"https:\/\/drive.google.com\/file\/d\/1a3NZuWFeehGgCI4rNk3eSuOjSCpQLgz-\/view?usp=drive_link\" target=\"_blank\" rel=\"noreferrer noopener\">RAc 19-2023<\/a><\/td><td>Alfabetizaci\u00f3n Acad\u00e9mica<\/td><td>1\u00b0C 1\u00b0a\u00f1o todos los profesorados de : &#8211; Artes Visuales (Res. N\u00b0 7-ME-2022 y Res. N\u00b0 286-ME-2016) &#8211; M\u00fasica (Res. N\u00b0 15-ME-2022 y Res. N\u00b0 154-ME-2016) &#8211; Ed. Sec. Lengua y Literatura (Res. N\u00b0 12-ME-2022 y Res. N\u00b0 24-ME-2014) &#8211; Ed. Tecnol\u00f3gica (Res. N\u00b0 5-ME-2022 y Res. N\u00b0 03-ME-2019) &#8211; Ed. Sec. en Matem\u00e1tica (Res. N\u00b0 6-ME-2022 y Res. N\u00b0 21-ME-2014)<\/td><\/tr><tr><td><a href=\"https:\/\/drive.google.com\/file\/d\/1fPw4EAkS_wAHWd9DgilPxvJKnCSKo0KI\/view?usp=drive_link\" target=\"_blank\" rel=\"noreferrer noopener\">RAc 184-2024<\/a><\/td><td>Lenguajes Art\u00edsticos: Teatro<\/td><td>todos los profesorados hasta el 2025 planes no vigentes<\/td><\/tr><tr><td><a href=\"https:\/\/drive.google.com\/file\/d\/1sOemrNndj3HSAZsLkdUYLOndQt3e_NQa\/view?usp=drive_link\" data-type=\"URL\" data-id=\"https:\/\/drive.google.com\/file\/d\/1sOemrNndj3HSAZsLkdUYLOndQt3e_NQa\/view?usp=drive_link\" target=\"_blank\" rel=\"noreferrer noopener\">RAc 174-2023<\/a><\/td><td>Ling\u00fc\u00edstica I. Lectura y Escritura de Textos Literarios<\/td><td>2\u00b0c 2 a\u00f1o Ling\u00fc\u00edstica I (RES.N\u00b0 24-2014 y RES. N\u00b012 -2022 )<br>1\u00b0c 3 a\u00f1o Lectura y Escritura de Textos Literarios (RES.N\u00b0 24-2014 RES. N\u00b012 -2022 )<\/td><\/tr><tr><td><a href=\"https:\/\/drive.google.com\/file\/d\/1Pj7pZJhzwLDee4x-lSOk8xBO04howVye\/view?usp=drive_link\" data-type=\"URL\" data-id=\"https:\/\/drive.google.com\/file\/d\/1Pj7pZJhzwLDee4x-lSOk8xBO04howVye\/view?usp=drive_link\" target=\"_blank\" rel=\"noreferrer noopener\">RAc 15-2023<\/a><\/td><td>Ling\u00fc\u00edstica III<\/td><td>2\u00b0C 4 a\u00f1o (RES.N\u00b0 12-2022)<\/td><\/tr><\/tbody><\/table><\/figure>\n","protected":false},"excerpt":{"rendered":"<p>N\u00b0 RES. ADECUACI\u00d3N UNIDAD CURRICULAR ADECUACI\u00d3N RAc 19-2023 Alfabetizaci\u00f3n Acad\u00e9mica 1\u00b0C 1\u00b0a\u00f1o todos los profesorados de : &#8211; Artes Visuales (Res. N\u00b0 7-ME-2022 y Res. N\u00b0 286-ME-2016) &#8211; M\u00fasica (Res. N\u00b0 15-ME-2022 y Res. N\u00b0 154-ME-2016) &#8211; Ed. Sec. Lengua y Literatura (Res. N\u00b0 12-ME-2022 y Res. N\u00b0 24-ME-2014) &#8211; Ed. Tecnol\u00f3gica (Res. N\u00b0 5-ME-2022 &#8230; <a title=\"Adecuaci\u00f3n de Plan. Profesorado de Educ. Sec. en Lengua y Literatura\" class=\"read-more\" href=\"https:\/\/ifdcvm-slu.infd.edu.ar\/sitio\/adecuacion-de-plan-3\/\" aria-label=\"More on Adecuaci\u00f3n de Plan. Profesorado de Educ. Sec. en Lengua y Literatura\">[+]<\/a><\/p>\n","protected":false},"author":1518,"featured_media":0,"parent":0,"menu_order":0,"comment_status":"closed","ping_status":"closed","template":"","meta":[],"acf":[],"_links":{"self":[{"href":"https:\/\/ifdcvm-slu.infd.edu.ar\/sitio\/wp-json\/wp\/v2\/pages\/2929"}],"collection":[{"href":"https:\/\/ifdcvm-slu.infd.edu.ar\/sitio\/wp-json\/wp\/v2\/pages"}],"about":[{"href":"https:\/\/ifdcvm-slu.infd.edu.ar\/sitio\/wp-json\/wp\/v2\/types\/page"}],"author":[{"embeddable":true,"href":"https:\/\/ifdcvm-slu.infd.edu.ar\/sitio\/wp-json\/wp\/v2\/users\/1518"}],"replies":[{"embeddable":true,"href":"https:\/\/ifdcvm-slu.infd.edu.ar\/sitio\/wp-json\/wp\/v2\/comments?post=2929"}],"version-history":[{"count":7,"href":"https:\/\/ifdcvm-slu.infd.edu.ar\/sitio\/wp-json\/wp\/v2\/pages\/2929\/revisions"}],"predecessor-version":[{"id":16399,"href":"https:\/\/ifdcvm-slu.infd.edu.ar\/sitio\/wp-json\/wp\/v2\/pages\/2929\/revisions\/16399"}],"wp:attachment":[{"href":"https:\/\/ifdcvm-slu.infd.edu.ar\/sitio\/wp-json\/wp\/v2\/media?parent=2929"}],"curies":[{"name":"wp","href":"https:\/\/api.w.org\/{rel}","templated":true}]}}

Adecuación de Plan. Profesorado de Educ. Sec. en Lengua y Literatura

<figure class="wp-block-table"><table><tbody><tr><td><strong>N° RES. ADECUACIÓN</strong></td><td><strong>UNIDAD CURRICULAR</strong></td><td><strong>ADECUACIÓN</strong></td></tr><tr><td><a href="https://drive.google.com/file/d/1a3NZuWFeehGgCI4rNk3eSuOjSCpQLgz-/view?usp=drive_link" target="_blank" rel="noreferrer noopener">RAc 19-2023</a></td><td>Alfabetización Académica</td><td>1°C 1°año todos los profesorados de : &#8211; Artes Visuales (Res. N° 7-ME-2022 y Res. N° 286-ME-2016) &#8211; Música (Res. N° 15-ME-2022 y Res. N° 154-ME-2016) &#8211; Ed. Sec. Lengua y Literatura (Res. N° 12-ME-2022 y Res. N° 24-ME-2014) &#8211; Ed. Tecnológica (Res. N° 5-ME-2022 y Res. N° 03-ME-2019) &#8211; Ed. Sec. en Matemática (Res. N° 6-ME-2022 y Res. N° 21-ME-2014)</td></tr><tr><td><a href="https://drive.google.com/file/d/1fPw4EAkS_wAHWd9DgilPxvJKnCSKo0KI/view?usp=drive_link" target="_blank" rel="noreferrer noopener">RAc 184-2024</a></td><td>Lenguajes Artísticos: Teatro</td><td>todos los profesorados hasta el 2025 planes no vigentes</td></tr><tr><td><a href="https://drive.google.com/file/d/1sOemrNndj3HSAZsLkdUYLOndQt3e_NQa/view?usp=drive_link" data-type="URL" data-id="https://drive.google.com/file/d/1sOemrNndj3HSAZsLkdUYLOndQt3e_NQa/view?usp=drive_link" target="_blank" rel="noreferrer noopener">RAc 174-2023</a></td><td>Lingüística I. Lectura y Escritura de Textos Literarios</td><td>2°c 2 año Lingüística I (RES.N° 24-2014 y RES. N°12 -2022 )<br>1°c 3 año Lectura y Escritura de Textos Literarios (RES.N° 24-2014 RES. N°12 -2022 )</td></tr><tr><td><a href="https://drive.google.com/file/d/1Pj7pZJhzwLDee4x-lSOk8xBO04howVye/view?usp=drive_link" data-type="URL" data-id="https://drive.google.com/file/d/1Pj7pZJhzwLDee4x-lSOk8xBO04howVye/view?usp=drive_link" target="_blank" rel="noreferrer noopener">RAc 15-2023</a></td><td>Lingüística III</td><td>2°C 4 año (RES.N° 12-2022)</td></tr></tbody></table></figure>

<p>N° RES. ADECUACIÓN UNIDAD CURRICULAR ADECUACIÓN RAc 19-2023 Alfabetización Académica 1°C 1°año todos los profesorados de : &#8211; Artes Visuales (Res. N° 7-ME-2022 y Res. N° 286-ME-2016) &#8211; Música (Res. N° 15-ME-2022 y Res. N° 154-ME-2016) &#8211; Ed. Sec. Lengua y Literatura (Res. N° 12-ME-2022 y Res. N° 24-ME-2014) &#8211; Ed. Tecnológica (Res. N° 5-ME-2022 &#8230; <a title="Adecuación de Plan. Profesorado de Educ. Sec. en Lengua y Literatura" class="read-more" href="https://ifdcvm-slu.infd.edu.ar/sitio/adecuacion-de-plan-3/" aria-label="More on Adecuación de Plan. Profesorado de Educ. Sec. en Lengua y Literatura">[+]</a></p>
