{"id":2935,"date":"2018-07-02T19:27:47","date_gmt":"2018-07-02T22:27:47","guid":{"rendered":"https:\/\/ifdcvm-slu.infd.edu.ar\/sitio\/investigacion\/"},"modified":"2025-02-18T10:29:29","modified_gmt":"2025-02-18T13:29:29","slug":"investigacion","status":"publish","type":"page","link":"https:\/\/ifdcvm-slu.infd.edu.ar\/sitio\/investigacion\/","title":{"rendered":"Investigaci\u00f3n"},"content":{"rendered":"<table border=\"1\">\n<tbody>\n<tr style=\"height: 18px;\">\n<td colspan=\"2\"><strong>Formulario y\/o descripci\u00f3n del archivo<\/strong><\/td>\n<td style=\"text-align: center; height: 18px;\"><strong>Clic en el archivo para descargar<\/strong><\/td>\n<\/tr>\n<tr style=\"height: 22.4346px;\">\n<td style=\"height: 22.4346px;\" colspan=\"2\">Formulario INICIO de Investigaci\u00f3n Educativa<\/td>\n<td style=\"text-align: center; height: 22.4346px;\"><a href=\"https:\/\/docs.google.com\/document\/d\/10562QTx_0y8-KSHSuWgC7B_OGvaF9-nx\/edit\" target=\"_blank\" rel=\"noopener\"><img decoding=\"async\" loading=\"lazy\" class=\"alignnone\" src=\"https:\/\/ifdcvm-slu.infd.edu.ar\/sitio\/wp-content\/uploads\/2018\/07\/icono_word.jpg\" alt=\"\" width=\"34\" height=\"32\" border=\"0\" \/><\/a><\/td>\n<\/tr>\n<tr style=\"height: 22.4346px;\">\n<td style=\"height: 22.4346px;\" colspan=\"2\">Formulario de INFORME FINAL de Investigaci\u00f3n Educativa<\/td>\n<td style=\"text-align: center; height: 22.4346px;\"><a href=\"https:\/\/docs.google.com\/document\/d\/1bszTI1pF--M2dSSia5mZqiVY4QyY8wSB\/edit\"><img decoding=\"async\" loading=\"lazy\" class=\"alignnone\" src=\"https:\/\/ifdcvm-slu.infd.edu.ar\/sitio\/wp-content\/uploads\/2018\/07\/icono_word.jpg\" alt=\"\" width=\"34\" height=\"32\" border=\"0\" \/><\/a><\/td>\n<\/tr>\n<tr style=\"height: 22.4346px;\">\n<td style=\"height: 22.4346px;\" colspan=\"2\">La organizaci\u00f3n de la funci\u00f3n de investigaci\u00f3n en la formaci\u00f3n docente<\/td>\n<td style=\"text-align: center; height: 22.4346px;\"><a href=\"https:\/\/drive.google.com\/file\/d\/1lF0HoKFxqwOgoNIzMiYtyB5bKsgwNObX\/view?usp=sharing\" target=\"_blank\" rel=\"noopener\"><img decoding=\"async\" title=\"\" src=\"https:\/\/ifdcvm-slu.infd.edu.ar\/sitio\/wp-content\/uploads\/2018\/07\/icono_pdf.jpg\" alt=\"\" border=\"0\" \/><\/a><\/td>\n<\/tr>\n<tr style=\"height: 22.4346px;\">\n<td style=\"height: 22.4346px;\" colspan=\"2\">Marcos normativos de la investigaci\u00f3n educativa en la formaci\u00f3n docente<\/td>\n<td style=\"text-align: center; height: 22.4346px;\"><a href=\"https:\/\/drive.google.com\/file\/d\/1DTzREiKtrefc5V0cqP9iSDb6jPNkkXgO\/view?usp=sharing\" target=\"_blank\" rel=\"noopener\"><img decoding=\"async\" title=\"\" src=\"https:\/\/ifdcvm-slu.infd.edu.ar\/sitio\/wp-content\/uploads\/2018\/07\/icono_pdf.jpg\" alt=\"\" border=\"0\" \/><\/a><\/td>\n<\/tr>\n<tr style=\"height: 22.4346px;\">\n<td style=\"height: 22.4346px;\" colspan=\"2\">Nuevos lineamientos de investigaci\u00f3n 2025<\/td>\n<td style=\"text-align: center; height: 22.4346px;\"><a href=\"https:\/\/ifdcvm-slu.infd.edu.ar\/sitio\/wp-content\/uploads\/2025\/02\/Lineamientos-para-la-Investigacion-Educativa.pdf\"><img decoding=\"async\" loading=\"lazy\" class=\"alignnone\" src=\"https:\/\/ifdcvm-slu.infd.edu.ar\/sitio\/wp-content\/uploads\/2018\/07\/icono_pdf.jpg\" alt=\"\" width=\"34\" height=\"32\" border=\"0\" \/><\/a><\/td>\n<\/tr>\n<\/tbody>\n<\/table>\n<hr \/>\n<p>Resoluciones ordenadas por a\u00f1o: <strong>INICIO<\/strong><\/p>\n<div>\n<table id=\"GridView1\" class=\"table table-hover\" border=\"1\" rules=\"all\" cellspacing=\"0\">\n<tbody>\n<tr>\n<th scope=\"col\">N\u00famero<\/th>\n<th scope=\"col\">Descripci\u00f3n<\/th>\n<th scope=\"col\">A\u00f1o<\/th>\n<th scope=\"col\" abbr=\"Link de descarga\">Clic en Abrir<\/th>\n<\/tr>\n<tr>\n<td>05\/2016<\/td>\n<td>Informe inicio del proyecto: \u00abLos estudiantes que ingresan al nivel superior, las estrategias de lectura que usan y las que creen usar\u00bb.<\/td>\n<td>2016<\/td>\n<td class=\"alert alert-primary\"><a href=\"https:\/\/drive.google.com\/file\/d\/0B1W8DH-HGW-gclgxVE1zN3dtWlk\/view?usp=sharing\" target=\"_blank\" rel=\"noopener\">Abrir<\/a><\/td>\n<\/tr>\n<tr>\n<td>08\/2016<\/td>\n<td>Inicio de investigaci\u00f3n: \u201cImpacto de la aplicaci\u00f3n de recursos did\u00e1cticos y pedag\u00f3gico\u00bb Pastor-Aguilar.<\/td>\n<td>2016<\/td>\n<td class=\"alert alert-primary\"><a href=\"https:\/\/drive.google.com\/file\/d\/0B1W8DH-HGW-gbTBnSzJYX2k0OV9FbnN5TnNPZ00tWExzX09V\/view?usp=sharing\" target=\"_blank\" rel=\"noopener\">Abrir<\/a><\/td>\n<\/tr>\n<tr>\n<td>17\/2016<\/td>\n<td>Inicio de investigaci\u00f3n. Zavala.<\/td>\n<td>2016<\/td>\n<td class=\"alert alert-primary\"><a href=\"https:\/\/drive.google.com\/file\/d\/0B1W8DH-HGW-gOTZsaFp4OV9jcTEzcTFxUW5fYmdVM3pXdnZj\/view?usp=sharing\" target=\"_blank\" rel=\"noopener\">Abrir<\/a><\/td>\n<\/tr>\n<tr>\n<td>19\/2016<\/td>\n<td>Inicio investigaci\u00f3n C\u00e1mara Guillet.<\/td>\n<td>2016<\/td>\n<td class=\"alert alert-primary\"><a href=\"https:\/\/drive.google.com\/file\/d\/0B1W8DH-HGW-gMFk0UlBrNEhSMFVrWjd2THJycld3OXlJclRZ\/view?usp=sharing\" target=\"_blank\" rel=\"noopener\">Abrir<\/a><\/td>\n<\/tr>\n<tr>\n<td>21\/2017<\/td>\n<td>Inicio \u2013 Milanesio, Ponssa.<\/td>\n<td>2017<\/td>\n<td class=\"alert alert-primary\"><a href=\"https:\/\/drive.google.com\/file\/d\/0B1W8DH-HGW-gSVJwVWlLQ0RxTTR3cUZ5b0pJSXpwLUhNX0Fz\/view?usp=sharing\" target=\"_blank\" rel=\"noopener\">Abrir<\/a><\/td>\n<\/tr>\n<tr>\n<td>22\/2017<\/td>\n<td>Inicio \u2013 Olmedo, Ojeda, Cajal, Sapino, Tarqui Lucero.<\/td>\n<td>2017<\/td>\n<td class=\"alert alert-primary\"><a href=\"https:\/\/drive.google.com\/file\/d\/0B1W8DH-HGW-gUEd1YV9uMDZ6Q2plOE10X2RqVUJNS2p6enB3\/view?usp=sharing\" target=\"_blank\" rel=\"noopener\">Abrir<\/a><\/td>\n<\/tr>\n<tr>\n<td>23\/2017<\/td>\n<td>Inicio, Vassallo, Gonzalez, D\u00edaz, Rodriguez, Gerry, Caram, Pachecho, Cabrera.<\/td>\n<td>2017<\/td>\n<td class=\"alert alert-primary\"><a href=\"https:\/\/drive.google.com\/file\/d\/0B1W8DH-HGW-gMHhURWdhZEFFQ1NEdjRWU1lQTkdMaHNWVHFB\/view?usp=sharing\" target=\"_blank\" rel=\"noopener\">Abrir<\/a><\/td>\n<\/tr>\n<tr>\n<td>24\/2017<\/td>\n<td>Inv. Inicio \u2013 Dema, Varela, Pignedoli, Vera.<\/td>\n<td>2017<\/td>\n<td class=\"alert alert-primary\"><a href=\"https:\/\/drive.google.com\/file\/d\/0B1W8DH-HGW-gZHdoSk5qenJKMVA3cmI4b2xnOGpiM1dabTVv\/view?usp=sharing\" target=\"_blank\" rel=\"noopener\">Abrir<\/a><\/td>\n<\/tr>\n<tr>\n<td>17\/2017<\/td>\n<td>Inicio \u2013 Benitez, Lucero, Ojeda, Pacheco, G\u00f3mez.<\/td>\n<td>2017<\/td>\n<td class=\"alert alert-primary\"><a href=\"https:\/\/drive.google.com\/file\/d\/0B1W8DH-HGW-gRkFveEEwOFRXYUZhX2p6dkYtT3o3NGp1c1VZ\/view?usp=sharing\" target=\"_blank\" rel=\"noopener\">Abrir<\/a><\/td>\n<\/tr>\n<tr>\n<td>18\/2017<\/td>\n<td>Inicio \u2013 Freire, Pomilio, Garc\u00eda.<\/td>\n<td>2017<\/td>\n<td class=\"alert alert-primary\"><a href=\"https:\/\/drive.google.com\/file\/d\/0B1W8DH-HGW-geUdMd1NYYXV5Z2RJVy12elhQYWxjSjBTZnRv\/view?usp=sharing\" target=\"_blank\" rel=\"noopener\">Abrir<\/a><\/td>\n<\/tr>\n<tr>\n<td>19\/2017<\/td>\n<td>Inicio \u2013 Funes, Iba\u00f1ez, Zenteno, Ajata, Absch, Perez, Leonte.<\/td>\n<td>2017<\/td>\n<td class=\"alert alert-primary\"><a href=\"https:\/\/drive.google.com\/file\/d\/0B1W8DH-HGW-gV0ZTLTE2OFJJWTJsSkRQUE1icW5WN013LVE0\/view?usp=sharing\" target=\"_blank\" rel=\"noopener\">Abrir<\/a><\/td>\n<\/tr>\n<tr>\n<td>20\/2017<\/td>\n<td>Inicio \u2013 Guembe, Zalazar, Varela, Pignedoli, Perez.<\/td>\n<td>2017<\/td>\n<td class=\"alert alert-primary\"><a href=\"https:\/\/drive.google.com\/file\/d\/0B1W8DH-HGW-gUUJZWkNyZXdkNDBLVUZOQndfOWVaQU94Q3pB\/view?usp=sharing\" target=\"_blank\" rel=\"noopener\">Abrir<\/a><\/td>\n<\/tr>\n<tr>\n<td>12\/2018<\/td>\n<td>Investigaci\u00f3n Celli.<\/td>\n<td>2018<\/td>\n<td class=\"alert alert-primary\"><a href=\"https:\/\/drive.google.com\/file\/d\/0B1W8DH-HGW-gOXRQeXRIbnhkNVNHWWlqZ0t2SmpVb1gwemtB\/view?usp=sharing\" target=\"_blank\" rel=\"noopener\">Abrir<\/a><\/td>\n<\/tr>\n<tr>\n<td>14\/2018<\/td>\n<td>Inicio investigaci\u00f3n Gonzalez y otros.<\/td>\n<td>2018<\/td>\n<td class=\"alert alert-primary\"><a href=\"https:\/\/drive.google.com\/file\/d\/0B1W8DH-HGW-ga3pjUXFOWlZMUUhHdEpoTXk0dXZKNDBlZ2VZ\/view?usp=sharing\" target=\"_blank\" rel=\"noopener\">Abrir<\/a><\/td>\n<\/tr>\n<tr>\n<td>24\/2018<\/td>\n<td>Inicio investigaci\u00f3n: Caunedo y otros.<\/td>\n<td>2018<\/td>\n<td class=\"alert alert-primary\"><a href=\"https:\/\/drive.google.com\/file\/d\/0B1W8DH-HGW-gamtONkhucDJ1cmxnWkc5UWhzVVlrU1A5SHR3\/view?usp=sharing\" target=\"_blank\" rel=\"noopener\">Abrir<\/a><\/td>\n<\/tr>\n<tr>\n<td>25\/2018<\/td>\n<td>Inicio investigaci\u00f3n: Comatelli y otros.<\/td>\n<td>2018<\/td>\n<td class=\"alert alert-primary\"><a href=\"https:\/\/drive.google.com\/file\/d\/0B1W8DH-HGW-gSXpSXzZUUVdJUDN4VnNCUXhMcnQtWkt5bjJz\/view?usp=sharing\" target=\"_blank\" rel=\"noopener\">Abrir<\/a><\/td>\n<\/tr>\n<tr>\n<td>26\/2018<\/td>\n<td>Inicio de investigaci\u00f3n: Martinez y otros.<\/td>\n<td>2018<\/td>\n<td class=\"alert alert-primary\"><a href=\"https:\/\/drive.google.com\/file\/d\/0B1W8DH-HGW-gNTVQN2hVM1NwcEctTlhQOUx4Qmpra1Vld1ZR\/view?usp=sharing\" target=\"_blank\" rel=\"noopener\">Abrir<\/a><\/td>\n<\/tr>\n<tr>\n<td>32\/2018<\/td>\n<td>Inicio inv. Ugarteche y otros.<\/td>\n<td>2018<\/td>\n<td class=\"alert alert-primary\"><a href=\"https:\/\/drive.google.com\/file\/d\/0B1W8DH-HGW-gcXVlSGNDVEpHU0JpWHZmSFFBTnVBUDRwMTg4\/view?usp=sharing\" target=\"_blank\" rel=\"noopener\">Abrir<\/a><\/td>\n<\/tr>\n<tr>\n<td>27\/2018<\/td>\n<td>Inicio de investigaci\u00f3n: Ajata y otros.<\/td>\n<td>2018<\/td>\n<td class=\"alert alert-primary\"><a href=\"https:\/\/drive.google.com\/file\/d\/0B1W8DH-HGW-gNHA0VmNjMDJEMHRqMlZmQ3lHNGprMlltT2pn\/view?usp=sharing\" target=\"_blank\" rel=\"noopener\">Abrir<\/a><\/td>\n<\/tr>\n<tr>\n<td>28\/2018<\/td>\n<td>Inicio de investigaci\u00f3n: Puebla y otros.<\/td>\n<td>2018<\/td>\n<td class=\"alert alert-primary\"><a href=\"https:\/\/drive.google.com\/file\/d\/0B1W8DH-HGW-gdXc5X2sxZ2gya3k3VFBXdFQ2LUdDTlBXMVVz\/view?usp=sharing\" target=\"_blank\" rel=\"noopener\">Abrir<\/a><\/td>\n<\/tr>\n<tr>\n<td>05\/2021<\/td>\n<td>INICIO del PROYECTO DE INVESTIGACI\u00d3N: \u201cArte Joven en Villa Mercedes. Indagaci\u00f3n pedag\u00f3gica y propuestas did\u00e1cticas para educaci\u00f3n primaria\u00bb&#8230;<\/td>\n<td>2021<\/td>\n<td class=\"alert alert-primary\"><a href=\"https:\/\/drive.google.com\/file\/d\/1VYAjRANf5930nDjZfxuuFKUCosnAIIVY\/view?usp=sharing\" target=\"_blank\" rel=\"noopener\">Abrir<\/a><\/td>\n<\/tr>\n<tr>\n<td>07\/2021<\/td>\n<td>INICIO Competencia literaria en ingresantes al profesorado de Lengua y Literatura.<\/td>\n<td>2021<\/td>\n<td class=\"alert alert-primary\"><a href=\"https:\/\/drive.google.com\/file\/d\/1pagVBkKiPnG6UieEKCSgORpCSNMQWfbL\/view?usp=sharing\" target=\"_blank\" rel=\"noopener\">Abrir<\/a><\/td>\n<\/tr>\n<\/tbody>\n<\/table>\n<\/div>\n<hr \/>\n<p>Resoluciones ordenadas por a\u00f1o: <strong>AVANCE<\/strong><\/p>\n<div>\n<table id=\"GridView1\" class=\"table table-hover\" border=\"1\" rules=\"all\" cellspacing=\"0\">\n<tbody>\n<tr>\n<th scope=\"col\">N\u00famero<\/th>\n<th scope=\"col\">Descripci\u00f3n<\/th>\n<th scope=\"col\">A\u00f1o<\/th>\n<th scope=\"col\" abbr=\"Link de descarga\">Clic en Abrir<\/th>\n<\/tr>\n<tr>\n<td>70\/2015<\/td>\n<td>Avance de Proyecto de escritura acad\u00e9mica y pr\u00e1cticas docentes.<\/td>\n<td>2015<\/td>\n<td class=\"alert alert-primary\"><a href=\"https:\/\/drive.google.com\/file\/d\/0B1W8DH-HGW-gU1A1RXRJZDJ1MG9hMTU0UnhsYk5kTUYzc3k0\/view?usp=sharing\" target=\"_blank\" rel=\"noopener\">Abrir<\/a><\/td>\n<\/tr>\n<tr>\n<td>12\/2017<\/td>\n<td>Avance \u2013 Moreyra, Sosa, Perez, Alfonso.<\/td>\n<td>2017<\/td>\n<td class=\"alert alert-primary\"><a href=\"https:\/\/drive.google.com\/file\/d\/0B1W8DH-HGW-gbXcyM050OXI5cmx1UzR6aFUxRXkxVlE5VFBJ\/view?usp=sharing\" target=\"_blank\" rel=\"noopener\">Abrir<\/a><\/td>\n<\/tr>\n<tr>\n<td>14\/2017<\/td>\n<td>Avance \u2013 Ugarteche, Villegas, P\u00e1ez, Vidal, Martinez, Coser, Quiroga.<\/td>\n<td>2017<\/td>\n<td class=\"alert alert-primary\"><a href=\"https:\/\/drive.google.com\/file\/d\/0B1W8DH-HGW-gcXJDaUxuX3FBNENxTlRBaEdyVDA5R3k5R3JZ\/view?usp=sharing\" target=\"_blank\" rel=\"noopener\">Abrir<\/a><\/td>\n<\/tr>\n<tr>\n<td>15\/2017<\/td>\n<td>Avance \u2013 Zabala, Nieto, Olmos, Sevilla, Celli.<\/td>\n<td>2017<\/td>\n<td class=\"alert alert-primary\"><a href=\"https:\/\/drive.google.com\/file\/d\/0B1W8DH-HGW-gdzFlWk92TjBuekZwbEtsVHcyZEZ1S1g1LTNF\/view?usp=sharing\" target=\"_blank\" rel=\"noopener\">Abrir<\/a><\/td>\n<\/tr>\n<tr>\n<td>04\/2018<\/td>\n<td>Avance Benitez y otros.<\/td>\n<td>2018<\/td>\n<td class=\"alert alert-primary\"><a href=\"https:\/\/drive.google.com\/file\/d\/0B1W8DH-HGW-gQlVkX1pOZm1za2k3SV9Pd2pJTU5QM1pCUWRv\/view?usp=sharing\" target=\"_blank\" rel=\"noopener\">Abrir<\/a><\/td>\n<\/tr>\n<tr>\n<td>10\/2018<\/td>\n<td>Avance investigaci\u00f3n: Guembe y otros.<\/td>\n<td>2018<\/td>\n<td class=\"alert alert-primary\"><a href=\"https:\/\/drive.google.com\/file\/d\/0B1W8DH-HGW-gRzdXUVQ5ZThUQ0JTR0ppOWtiZ0xCM2dUMGJ3\/view?usp=sharing\" target=\"_blank\" rel=\"noopener\">Abrir<\/a><\/td>\n<\/tr>\n<tr>\n<td>11\/2018<\/td>\n<td>Avance investigaci\u00f3n: Milanesio y otros.<\/td>\n<td>2018<\/td>\n<td class=\"alert alert-primary\"><a href=\"https:\/\/drive.google.com\/file\/d\/0B1W8DH-HGW-gNjFraTJfeXdoc29DYWU4S3hrUmllaGoycmFJ\/view?usp=sharing\" target=\"_blank\" rel=\"noopener\">Abrir<\/a><\/td>\n<\/tr>\n<tr>\n<td>16\/2018<\/td>\n<td>Avance Dema y otros.<\/td>\n<td>2018<\/td>\n<td class=\"alert alert-primary\"><a href=\"https:\/\/drive.google.com\/file\/d\/0B1W8DH-HGW-geEZwWnpuVlFoRDJZd3dCaVU5ZlhMLUNrRmRr\/view?usp=sharing\" target=\"_blank\" rel=\"noopener\">Abrir<\/a><\/td>\n<\/tr>\n<tr>\n<td>15\/2019<\/td>\n<td>Informe de AVANCE del PROYECTO DE INVESTIGACI\u00d3N: \u201cQu\u00e9 leen los j\u00f3venes de hoy. Los nuevos cl\u00e1sicos de literatura infantil\u201d.<\/td>\n<td>2019<\/td>\n<td class=\"alert alert-primary\"><a href=\"https:\/\/drive.google.com\/file\/d\/1EVHWZKH-dZYbA5TbPFs9hib7GAuZ457N\/view?usp=sharing\" target=\"_blank\" rel=\"noopener\">Abrir<\/a><\/td>\n<\/tr>\n<tr>\n<td>22\/2019<\/td>\n<td>AVANCE del PROYECTO DE INVESTIGACI\u00d3N: \u201cSaberes populares y curr\u00edculum, una experiencia con docentes del IFDC VM y maestros de escuelas primarias rurales y urbano marginales\u201d.<\/td>\n<td>2019<\/td>\n<td class=\"alert alert-primary\"><a href=\"https:\/\/ifdcvm-slu.infd.edu.ar\/sitio\/wp-content\/uploads\/2019\/12\/22-19-AVANCE-Benitez-Lucero.pdf\" target=\"_blank\" rel=\"noopener\">Abrir<\/a><\/td>\n<\/tr>\n<tr>\n<td>54\/2019<\/td>\n<td>AVANCE Investigaci\u00f3n \u201cLos estudios superiores y las estrategias de lectura de los estudiantes\u201d.<\/td>\n<td>2019<\/td>\n<td class=\"alert alert-primary\"><a href=\"https:\/\/ifdcvm-slu.infd.edu.ar\/sitio\/54-19-avance-investigacion-los-estudios-superiores-y-las-estrategias-de-lectura-de-los-estudiantes\/\" target=\"_blank\" rel=\"noopener\">Abrir<\/a><\/td>\n<\/tr>\n<tr>\n<td>59\/2019<\/td>\n<td>AVANCE del PROYECTO DE INVESTIGACI\u00d3N: \u201cImagen y anacronismo: Hacia la elaboraci\u00f3n de estrategias pedag\u00f3gico did\u00e1cticas para la ense\u00f1anza de la historia del arte en el nivel superior desde una mirada transdisciplinar\u201d.<\/td>\n<td>2019<\/td>\n<td class=\"alert alert-primary\"><a href=\"https:\/\/drive.google.com\/file\/d\/1_Io_Q5O4bGiGyLBSi13-K3p4HbMHXvWA\/view?usp=sharing\" target=\"_blank\" rel=\"noopener\">Abrir<\/a><\/td>\n<\/tr>\n<tr>\n<td>17\/2020<\/td>\n<td>AVANCE Investigaci\u00f3n Saberes y decisiones did\u00e1cticas en Ciencias Sociales.<\/td>\n<td>2020<\/td>\n<td class=\"alert alert-primary\"><a href=\"https:\/\/drive.google.com\/file\/d\/1c-u6KlDr0Dq05ijFyYYyvrvIRB0o6xKQ\/view?usp=sharing\" target=\"_blank\" rel=\"noopener\">Abrir<\/a><\/td>\n<\/tr>\n<\/tbody>\n<\/table>\n<\/div>\n<hr \/>\n<p>Resoluciones ordenadas por a\u00f1o: <strong>CIERRE<\/strong><\/p>\n<div>\n<table id=\"GridView1\" class=\"table table-hover\" border=\"1\" rules=\"all\" cellspacing=\"0\">\n<tbody>\n<tr>\n<th scope=\"col\">N\u00famero<\/th>\n<th scope=\"col\">Descripci\u00f3n<\/th>\n<th scope=\"col\">A\u00f1o<\/th>\n<th scope=\"col\" abbr=\"Link de descarga\">Clic en Abrir<\/th>\n<\/tr>\n<tr>\n<td>77\/2015<\/td>\n<td>Cierre de proyecto de investigaci\u00f3n: Hacia una producci\u00f3n e interpretaci\u00f3n desde el sentido. Los discursos visuales en la escuela media.<\/td>\n<td>2015<\/td>\n<td class=\"alert alert-primary\"><a href=\"https:\/\/drive.google.com\/file\/d\/0B1W8DH-HGW-gbzdrSThoSVNkNHRJR0ZuSVpHOEt1N3dFTEJ3\/view?usp=sharing\" target=\"_blank\" rel=\"noopener\">Abrir<\/a><\/td>\n<\/tr>\n<tr>\n<td>78\/2015<\/td>\n<td>Cierre de proyecto de investigaci\u00f3n: De la fragmentaci\u00f3n a la articulaci\u00f3n del conocimiento disciplinar en Artes Visuales.<\/td>\n<td>2015<\/td>\n<td class=\"alert alert-primary\"><a href=\"https:\/\/drive.google.com\/file\/d\/0B1W8DH-HGW-gMk5XYVpaMGV5RnBiYjBBU2QwT1ExN1ZWMC0w\/view?usp=sharing\" target=\"_blank\" rel=\"noopener\">Abrir<\/a><\/td>\n<\/tr>\n<tr>\n<td>20\/2016<\/td>\n<td>Investigaci\u00f3n cierre Mart\u00ednez.<\/td>\n<td>2016<\/td>\n<td class=\"alert alert-primary\"><a href=\"https:\/\/drive.google.com\/file\/d\/0B1W8DH-HGW-gZHVENXZmRE5LNFdTTEpseUFwQlRsbGxKZ1Y4\/view?usp=sharing\" target=\"_blank\" rel=\"noopener\">Abrir<\/a><\/td>\n<\/tr>\n<tr>\n<td>41\/2017<\/td>\n<td>Cierre: Ugarteche, Villegas, Mart\u00ednez, Coser, Quiroga.<\/td>\n<td>2017<\/td>\n<td class=\"alert alert-primary\"><a href=\"https:\/\/drive.google.com\/file\/d\/0B1W8DH-HGW-gd0ZsLUlNVmdieS1XM1dpRjFPamxaV1Nwd3dz\/view?usp=sharing\" target=\"_blank\" rel=\"noopener\">Abrir<\/a><\/td>\n<\/tr>\n<tr>\n<td>16\/2017<\/td>\n<td>Cierre \u2013 Damario, Krug, D\u00edaz, Molina, Mu\u00f1oz, Varela, Pignedoli, Cabrera.<\/td>\n<td>2017<\/td>\n<td class=\"alert alert-primary\"><a href=\"https:\/\/drive.google.com\/file\/d\/0B1W8DH-HGW-gVUNIQ1FUNjBGbVg3M0hFZV8yUU1RUk9fT1Y0\/view?usp=sharing\" target=\"_blank\" rel=\"noopener\">Abrir<\/a><\/td>\n<\/tr>\n<tr>\n<td>02\/2018<\/td>\n<td>Cierre investigaci\u00f3n Pastor-Aguilar.<\/td>\n<td>2018<\/td>\n<td class=\"alert alert-primary\"><a href=\"https:\/\/drive.google.com\/file\/d\/0B1W8DH-HGW-gem5rVVNYR2tkYVY3WG9wbTJBSzFGdGFDT05j\/view?usp=sharing\" target=\"_blank\" rel=\"noopener\">Abrir<\/a><\/td>\n<\/tr>\n<tr>\n<td>31\/2018<\/td>\n<td>Cierre INV. Zavala y otros.<\/td>\n<td>2018<\/td>\n<td class=\"alert alert-primary\"><a href=\"https:\/\/drive.google.com\/file\/d\/0B1W8DH-HGW-gTXZVTS1oeGlsVndXNG1vMUhleDRZWGFLOGZr\/view?usp=sharing\" target=\"_blank\" rel=\"noopener\">Abrir<\/a><\/td>\n<\/tr>\n<tr>\n<td>14\/2019<\/td>\n<td>CIERRE del PROYECTO DE INVESTIGACI\u00d3N: \u201cEscritura y Conocimiento. Procesos referenciales la construcci\u00f3n de los objetos discursivos\u201d.<\/td>\n<td>2019<\/td>\n<td class=\"alert alert-primary\"><a href=\"https:\/\/drive.google.com\/file\/d\/0B5rFn1O0UB1xZVF3bWlmb2VhamloVEQxcENrbXIxdDlrS1M0\/view?usp=sharing\" target=\"_blank\" rel=\"noopener\">Abrir<\/a><\/td>\n<\/tr>\n<tr>\n<td>19\/2019<\/td>\n<td>CIERRE del PROYECTO DE INVESTIGACI\u00d3N: \u201cEscrituras autorreferenciales: usos de la autobiograf\u00eda o el relato de vida en el nivel medio\u201d.<\/td>\n<td>2019<\/td>\n<td class=\"alert alert-primary\"><a href=\"https:\/\/drive.google.com\/file\/d\/1ts3WaCjfK2Ft_uucy-8ovh0lsw0FDMNe\/view?usp=sharing\" target=\"_blank\" rel=\"noopener\">Abrir<\/a><\/td>\n<\/tr>\n<tr>\n<td>09\/2020<\/td>\n<td>CIERRE del PROYECTO DE INVESTIGACI\u00d3N: \u201cLa ense\u00f1anza de teor\u00eda literaria en el nivel superior y sus proyecciones did\u00e1cticas en el nivel medio\u201d.<\/td>\n<td>2020<\/td>\n<td class=\"alert alert-primary\"><a href=\"https:\/\/drive.google.com\/file\/d\/1NasmT3X_9nMc84neoQZkdFNnV9HW4W9N\/view?usp=sharing\" target=\"_blank\" rel=\"noopener\">Abrir<\/a><\/td>\n<\/tr>\n<tr>\n<td>16\/2020<\/td>\n<td>CIERRE Investigaci\u00f3n \u201cLos estudios superiores y las estrategias de lectura de los estudiantes\u201d.<\/td>\n<td>2020<\/td>\n<td class=\"alert alert-primary\"><a href=\"https:\/\/drive.google.com\/file\/d\/1w2G31_a1I_sWVo7Clf7K3Jv5dMWYTYWS\/view?usp=sharing\" target=\"_blank\" rel=\"noopener\">Abrir<\/a><\/td>\n<\/tr>\n<tr>\n<td>18\/2020<\/td>\n<td>CIERRE Investigaci\u00f3n La ense\u00f1anza de teor\u00eda literaria en el nivel superior.<\/td>\n<td>2020<\/td>\n<td class=\"alert alert-primary\"><a href=\"https:\/\/ifdcvm-slu.infd.edu.ar\/sitio\/18-20-cierre-investigacion-la-ensenanza-de-teoria-literaria-en-el-nivel-superior\/\" target=\"_blank\" rel=\"noopener\">Abrir<\/a><\/td>\n<\/tr>\n<tr>\n<td>23\/2020<\/td>\n<td>CIERRE Investigaci\u00f3n La educaci\u00f3n art\u00edstica m\u00e1s all\u00e1 de la escuela<\/td>\n<td>2020<\/td>\n<td class=\"alert alert-primary\"><a href=\"https:\/\/drive.google.com\/file\/d\/1sYBmuc2JIkd9eeP0mrp-OJFEt70Nggbk\/view?usp=sharing\" target=\"_blank\" rel=\"noopener\">Abrir<\/a><\/td>\n<\/tr>\n<tr>\n<td>29\/2020<\/td>\n<td>CIERRE del PROYECTO DE INVESTIGACI\u00d3N: \u201cSaberes y decisiones did\u00e1cticas en Ciencias Sociales que los residentes del Profesorado de Educaci\u00f3n Primaria ponen en juego al momento de planificar sus propias clases\u201d.<\/td>\n<td>2020<\/td>\n<td class=\"alert alert-primary\"><a href=\"https:\/\/drive.google.com\/file\/d\/1z7XrW9_s8mJEV7ydeQVU5p7RCKxfAVwX\/view\">Abrir<\/a><\/td>\n<\/tr>\n<\/tbody>\n<\/table>\n<\/div>\n<div style=\"background-color: #9ad15c; margin: 1rem; padding: 1rem; border-radius: 1rem; box-shadow: 0.2rem 0.2rem 0.4rem black; font-family: arial;\">\n<p><strong>Links \u00fatiles:<\/strong><\/p>\n<p><a href=\"http:\/\/www.ifdcvm.edu.ar\/resoluciones\/listar_resoluciones.aspx\">Sistema de b\u00fasqueda de resoluciones &#8211; Direcci\u00f3n de Extensi\u00f3n del IFDC Villa Mercedes<\/a><\/p>\n<\/div>\n","protected":false},"excerpt":{"rendered":"<p>Formulario y\/o descripci\u00f3n del archivo Clic en el archivo para descargar Formulario INICIO de Investigaci\u00f3n Educativa Formulario de INFORME FINAL de Investigaci\u00f3n Educativa La organizaci\u00f3n de la funci\u00f3n de investigaci\u00f3n en la formaci\u00f3n docente Marcos normativos de la investigaci\u00f3n educativa en la formaci\u00f3n docente Nuevos lineamientos de investigaci\u00f3n 2025 Resoluciones ordenadas por a\u00f1o: INICIO N\u00famero &#8230; <a title=\"Investigaci\u00f3n\" class=\"read-more\" href=\"https:\/\/ifdcvm-slu.infd.edu.ar\/sitio\/investigacion\/\" aria-label=\"More on Investigaci\u00f3n\">[+]<\/a><\/p>\n","protected":false},"author":1518,"featured_media":0,"parent":0,"menu_order":0,"comment_status":"closed","ping_status":"closed","template":"","meta":[],"acf":[],"_links":{"self":[{"href":"https:\/\/ifdcvm-slu.infd.edu.ar\/sitio\/wp-json\/wp\/v2\/pages\/2935"}],"collection":[{"href":"https:\/\/ifdcvm-slu.infd.edu.ar\/sitio\/wp-json\/wp\/v2\/pages"}],"about":[{"href":"https:\/\/ifdcvm-slu.infd.edu.ar\/sitio\/wp-json\/wp\/v2\/types\/page"}],"author":[{"embeddable":true,"href":"https:\/\/ifdcvm-slu.infd.edu.ar\/sitio\/wp-json\/wp\/v2\/users\/1518"}],"replies":[{"embeddable":true,"href":"https:\/\/ifdcvm-slu.infd.edu.ar\/sitio\/wp-json\/wp\/v2\/comments?post=2935"}],"version-history":[{"count":20,"href":"https:\/\/ifdcvm-slu.infd.edu.ar\/sitio\/wp-json\/wp\/v2\/pages\/2935\/revisions"}],"predecessor-version":[{"id":16055,"href":"https:\/\/ifdcvm-slu.infd.edu.ar\/sitio\/wp-json\/wp\/v2\/pages\/2935\/revisions\/16055"}],"wp:attachment":[{"href":"https:\/\/ifdcvm-slu.infd.edu.ar\/sitio\/wp-json\/wp\/v2\/media?parent=2935"}],"curies":[{"name":"wp","href":"https:\/\/api.w.org\/{rel}","templated":true}]}}