{"id":2937,"date":"2018-07-02T19:27:48","date_gmt":"2018-07-02T22:27:48","guid":{"rendered":"https:\/\/ifdcvm-slu.infd.edu.ar\/sitio\/capacitacion\/"},"modified":"2025-02-18T10:02:53","modified_gmt":"2025-02-18T13:02:53","slug":"capacitacion","status":"publish","type":"page","link":"https:\/\/ifdcvm-slu.infd.edu.ar\/sitio\/capacitacion\/","title":{"rendered":"Direcci\u00f3n de Extensi\u00f3n &#8211; Capacitaci\u00f3n"},"content":{"rendered":"\n<figure class=\"wp-block-table\"><table><tbody><tr><td><strong>Formulario y\/o descripci\u00f3n del archivo<\/strong><\/td><td class=\"has-text-align-center\" data-align=\"center\">Descargar<\/td><\/tr><tr><td>Anexo II &#8211; 2025<\/td><td class=\"has-text-align-center\" data-align=\"center\">\u00a0<a href=\"https:\/\/ifdcvm-slu.infd.edu.ar\/sitio\/wp-content\/uploads\/2025\/02\/ANEXO-II-2025-1.docx\" data-type=\"URL\" data-id=\"https:\/\/ifdcvm-slu.infd.edu.ar\/sitio\/wp-content\/uploads\/2025\/02\/ANEXO-II-2025-1.docx\" target=\"_blank\" rel=\"noreferrer noopener\"><img decoding=\"async\" loading=\"lazy\" width=\"34\" height=\"32\" border=\"0\" src=\"https:\/\/ifdcvm-slu.infd.edu.ar\/sitio\/wp-content\/uploads\/2018\/07\/icono_word.jpg\" alt=\"\"><\/a><\/td><\/tr><tr><td>Anexo III &#8211; 2025<\/td><td class=\"has-text-align-center\" data-align=\"center\"><a href=\"https:\/\/ifdcvm-slu.infd.edu.ar\/sitio\/wp-content\/uploads\/2025\/02\/ANEXO-III-2025.docx\" data-type=\"URL\" data-id=\"https:\/\/ifdcvm-slu.infd.edu.ar\/sitio\/wp-content\/uploads\/2025\/02\/ANEXO-III-2025.docx\" target=\"_blank\" rel=\"noreferrer noopener\"><img decoding=\"async\" loading=\"lazy\" width=\"34\" height=\"32\" border=\"0\" src=\"https:\/\/ifdcvm-slu.infd.edu.ar\/sitio\/wp-content\/uploads\/2018\/07\/icono_word.jpg\" alt=\"\"><\/a><\/td><\/tr><tr><td>Modelo de CV abreviado<\/td><td class=\"has-text-align-center\" data-align=\"center\"><a href=\"https:\/\/ifdcvm-slu.infd.edu.ar\/sitio\/wp-content\/uploads\/2024\/02\/Modelo_CV_Abreviado_2024.doc\" data-type=\"URL\" data-id=\"https:\/\/ifdcvm-slu.infd.edu.ar\/sitio\/wp-content\/uploads\/2024\/02\/Modelo_CV_Abreviado_2024.doc\" target=\"_blank\" rel=\"noreferrer noopener\"><img decoding=\"async\" loading=\"lazy\" width=\"34\" height=\"32\" border=\"0\" src=\"https:\/\/ifdcvm-slu.infd.edu.ar\/sitio\/wp-content\/uploads\/2018\/07\/icono_word.jpg\" alt=\"\"><\/a><\/td><\/tr><tr><td>Post\u00edtulos<\/td><td class=\"has-text-align-center\" data-align=\"center\">&nbsp;<a href=\"https:\/\/drive.google.com\/file\/d\/1I1AFnP-NWew8_YG646NHQNev1IdhCqDW\/view?usp=sharing\" target=\"_blank\" rel=\"noopener\"><img decoding=\"async\" title=\"\" src=\"https:\/\/ifdcvm-slu.infd.edu.ar\/sitio\/wp-content\/uploads\/2018\/07\/icono_pdf.jpg\" alt=\"\" border=\"0\"><\/a><\/td><\/tr><tr><td>Resoluci\u00f3n N\u00b0 432-SDCDyFP-2024<\/td><td class=\"has-text-align-center\" data-align=\"center\"><a href=\"https:\/\/ifdcvm-slu.infd.edu.ar\/sitio\/wp-content\/uploads\/2025\/02\/Res.-N\u00b0432-SCDyFP-2024.pdf\" data-type=\"URL\" data-id=\"https:\/\/ifdcvm-slu.infd.edu.ar\/sitio\/wp-content\/uploads\/2025\/02\/Res.-N\u00b0432-SCDyFP-2024.pdf\" target=\"_blank\" rel=\"noreferrer noopener\"><img decoding=\"async\" title=\"\" border=\"0\" src=\"https:\/\/ifdcvm-slu.infd.edu.ar\/sitio\/wp-content\/uploads\/2018\/07\/icono_pdf.jpg\" alt=\"\"><\/a><\/td><\/tr><tr><td>Resoluci\u00f3n N\u00b0 433-SDCDyFP-2024<\/td><td class=\"has-text-align-center\" data-align=\"center\"><a href=\"https:\/\/ifdcvm-slu.infd.edu.ar\/sitio\/wp-content\/uploads\/2025\/02\/RES.-N-433-SDCDyFP-2024.pdf\" data-type=\"URL\" data-id=\"https:\/\/ifdcvm-slu.infd.edu.ar\/sitio\/wp-content\/uploads\/2025\/02\/RES.-N-433-SDCDyFP-2024.pdf\" target=\"_blank\" rel=\"noreferrer noopener\"><img decoding=\"async\" title=\"\" border=\"0\" src=\"https:\/\/ifdcvm-slu.infd.edu.ar\/sitio\/wp-content\/uploads\/2018\/07\/icono_pdf.jpg\" alt=\"\"><\/a><\/td><\/tr><tr><td>Resoluci\u00f3n N\u00b0 9-SDCDyFP-2024<\/td><td class=\"has-text-align-center\" data-align=\"center\"><a href=\"https:\/\/ifdcvm-slu.infd.edu.ar\/sitio\/wp-content\/uploads\/2024\/03\/RESOLU-009-24.pdf\" data-type=\"URL\" data-id=\"https:\/\/ifdcvm-slu.infd.edu.ar\/sitio\/wp-content\/uploads\/2024\/03\/RESOLU-009-24.pdf\" target=\"_blank\" rel=\"noreferrer noopener\"><img decoding=\"async\" title=\"\" border=\"0\" src=\"https:\/\/ifdcvm-slu.infd.edu.ar\/sitio\/wp-content\/uploads\/2018\/07\/icono_pdf.jpg\" alt=\"\"><\/a><\/td><\/tr><tr><td>Resoluci\u00f3n N\u00b0 22-SDCDyFP-2024<\/td><td class=\"has-text-align-center\" data-align=\"center\"><a href=\"https:\/\/ifdcvm-slu.infd.edu.ar\/sitio\/wp-content\/uploads\/2024\/03\/RES.-N-022-SDCDyFP-2024.pdf\" data-type=\"URL\" data-id=\"https:\/\/ifdcvm-slu.infd.edu.ar\/sitio\/wp-content\/uploads\/2024\/03\/RES.-N-022-SDCDyFP-2024.pdf\" target=\"_blank\" rel=\"noreferrer noopener\"><img decoding=\"async\" title=\"\" border=\"0\" src=\"https:\/\/ifdcvm-slu.infd.edu.ar\/sitio\/wp-content\/uploads\/2018\/07\/icono_pdf.jpg\" alt=\"\"><\/a><\/td><\/tr><tr><td>Decreto N\u00b0 2-SCD-2019<\/td><td class=\"has-text-align-center\" data-align=\"center\">&nbsp;<a href=\"https:\/\/ifdcvm-slu.infd.edu.ar\/sitio\/wp-content\/uploads\/2022\/05\/Res.-No-2-SCD-2019.pdf\" target=\"_blank\" rel=\"noopener\"><img decoding=\"async\" loading=\"lazy\" class=\"alignnone\" src=\"https:\/\/ifdcvm-slu.infd.edu.ar\/sitio\/wp-content\/uploads\/2018\/07\/icono_pdf.jpg\" alt=\"\" width=\"34\" height=\"32\" border=\"0\"><\/a><\/td><\/tr><tr><td>Decreto N\u00b0 2921-ME-2016<\/td><td class=\"has-text-align-center\" data-align=\"center\">&nbsp;<a href=\"https:\/\/drive.google.com\/file\/d\/1eFjGrgwUUUCQeZeTUlhKe2PLRA366zse\/view?usp=sharing\" target=\"_blank\" rel=\"noopener\"><img decoding=\"async\" title=\"\" src=\"https:\/\/ifdcvm-slu.infd.edu.ar\/sitio\/wp-content\/uploads\/2018\/07\/icono_pdf.jpg\" alt=\"\" border=\"0\"><\/a><\/td><\/tr><tr><td>Res. N\u00b0 29-PES-2022<\/td><td class=\"has-text-align-center\" data-align=\"center\">&nbsp;<a href=\"https:\/\/drive.google.com\/file\/d\/1Ir3HpfkPbV8-awOAeBSfHM3qMqjE5ACq\/view?usp=sharing\" target=\"_blank\" rel=\"noopener\"><img decoding=\"async\" loading=\"lazy\" class=\"alignnone\" src=\"https:\/\/ifdcvm-slu.infd.edu.ar\/sitio\/wp-content\/uploads\/2018\/07\/icono_pdf.jpg\" alt=\"\" width=\"34\" height=\"32\" border=\"0\"><\/a><\/td><\/tr><tr><td>Res. N\u00b0 28-PES-2022<\/td><td class=\"has-text-align-center\" data-align=\"center\">&nbsp;<a href=\"https:\/\/drive.google.com\/file\/d\/1hNh0VXDGX5ajf7KthIKAUSWk4RfUGNLo\/view?usp=sharing\" target=\"_blank\" rel=\"noopener\"><img decoding=\"async\" loading=\"lazy\" class=\"alignnone\" src=\"https:\/\/ifdcvm-slu.infd.edu.ar\/sitio\/wp-content\/uploads\/2018\/07\/icono_pdf.jpg\" alt=\"\" width=\"34\" height=\"32\" border=\"0\"><\/a><\/td><\/tr><tr><td>Res. N\u00b0 5-SCD-2018<\/td><td class=\"has-text-align-center\" data-align=\"center\">&nbsp;<a href=\"https:\/\/drive.google.com\/file\/d\/1DjCdOAIegpqWG4Lm1726K348rmRbpkfo\/view?usp=sharing\" target=\"_blank\" rel=\"noopener\"><img decoding=\"async\" title=\"\" src=\"https:\/\/ifdcvm-slu.infd.edu.ar\/sitio\/wp-content\/uploads\/2018\/07\/icono_pdf.jpg\" alt=\"\" border=\"0\"><\/a><\/td><\/tr><tr><td>Res. N\u00b0 6-SCD-2018<\/td><td class=\"has-text-align-center\" data-align=\"center\">&nbsp;<a href=\"https:\/\/drive.google.com\/file\/d\/1APGCZXn-f4kRKMHW9AoMR4VjGdplUut-\/view?usp=sharing\" target=\"_blank\" rel=\"noopener\"><img decoding=\"async\" title=\"\" src=\"https:\/\/ifdcvm-slu.infd.edu.ar\/sitio\/wp-content\/uploads\/2018\/07\/icono_pdf.jpg\" alt=\"\" border=\"0\"><\/a><\/td><\/tr><tr><td>Res. N\u00b0 9-SCD-2018<\/td><td class=\"has-text-align-center\" data-align=\"center\">&nbsp;<a href=\"https:\/\/drive.google.com\/file\/d\/1VBBs2gJbAprE05fvLxkvGhMPP--kh0Uj\/view?usp=sharing\" target=\"_blank\" rel=\"noopener\"><img decoding=\"async\" title=\"\" src=\"https:\/\/ifdcvm-slu.infd.edu.ar\/sitio\/wp-content\/uploads\/2018\/07\/icono_pdf.jpg\" alt=\"\" border=\"0\"><\/a><\/td><\/tr><tr><td>Res. N\u00b0 10-SCD-2018<\/td><td class=\"has-text-align-center\" data-align=\"center\">&nbsp;<a href=\"https:\/\/drive.google.com\/file\/d\/1BVPX7FQ2m9PaWzHL8LvBn6azNvQX_eOw\/view?usp=sharing\" target=\"_blank\" rel=\"noopener\"><img decoding=\"async\" title=\"\" src=\"https:\/\/ifdcvm-slu.infd.edu.ar\/sitio\/wp-content\/uploads\/2018\/07\/icono_pdf.jpg\" alt=\"\" border=\"0\"><\/a><\/td><\/tr><tr><td>Res. N\u00b0 22-SCD-2018<\/td><td class=\"has-text-align-center\" data-align=\"center\">&nbsp;<a href=\"https:\/\/drive.google.com\/file\/d\/14yI-b28_hiQXTa0KfC1ucvb9sHg5FYX4\/view?usp=sharing\" target=\"_blank\" rel=\"noopener\"><img decoding=\"async\" title=\"\" src=\"https:\/\/ifdcvm-slu.infd.edu.ar\/sitio\/wp-content\/uploads\/2018\/07\/icono_pdf.jpg\" alt=\"\" border=\"0\"><\/a><\/td><\/tr><tr><td>Res. N\u00b0 48-SCD-2018<\/td><td class=\"has-text-align-center\" data-align=\"center\"><a href=\"https:\/\/drive.google.com\/file\/d\/0B1W8DH-HGW-gTjRNTmdPcmlhdU5Na0UwSVp3b2UwVGQ1dUxr\/view?usp=sharing\" target=\"_blank\" rel=\"noopener\"><img decoding=\"async\" class=\"aligncenter\" title=\"\" src=\"https:\/\/ifdcvm-slu.infd.edu.ar\/sitio\/wp-content\/uploads\/2018\/07\/icono_pdf.jpg\" alt=\"\" border=\"0\"><\/a><\/td><\/tr><tr><td>Res. N\u00b0 49-SCD-2018<\/td><td class=\"has-text-align-center\" data-align=\"center\"><a href=\"https:\/\/drive.google.com\/file\/d\/0B1W8DH-HGW-gaW9YbnQyREhjZnh0TUkwaTJRZlBZRDVST1Yw\/view?usp=sharing\" target=\"_blank\" rel=\"noopener\"><img decoding=\"async\" class=\"aligncenter\" title=\"\" src=\"https:\/\/ifdcvm-slu.infd.edu.ar\/sitio\/wp-content\/uploads\/2018\/07\/icono_pdf.jpg\" alt=\"\" border=\"0\"><\/a><\/td><\/tr><tr><td>Res. N\u00b0 50-SCD-2018<\/td><td class=\"has-text-align-center\" data-align=\"center\"><a href=\"https:\/\/drive.google.com\/file\/d\/0B1W8DH-HGW-gU2VKSmk5OWo4VXlUSXVKRExNeTVrVlRpUU5R\/view?usp=sharing\" target=\"_blank\" rel=\"noopener\"><img decoding=\"async\" class=\"aligncenter\" title=\"\" src=\"https:\/\/ifdcvm-slu.infd.edu.ar\/sitio\/wp-content\/uploads\/2018\/07\/icono_pdf.jpg\" alt=\"\" border=\"0\"><\/a><\/td><\/tr><tr><td>Res. N\u00b0 51-SCD-2018<\/td><td class=\"has-text-align-center\" data-align=\"center\"><a href=\"https:\/\/drive.google.com\/file\/d\/0B1W8DH-HGW-gVFplOUE0T29Bd2p6RmVKaUZ6RGtHa2dibFVB\/view?usp=sharing\" target=\"_blank\" rel=\"noopener\"><img decoding=\"async\" class=\"aligncenter\" title=\"\" src=\"https:\/\/ifdcvm-slu.infd.edu.ar\/sitio\/wp-content\/uploads\/2018\/07\/icono_pdf.jpg\" alt=\"\" border=\"0\"><\/a><\/td><\/tr><tr><td>Res. N\u00b0 59-SCD-2018<\/td><td class=\"has-text-align-center\" data-align=\"center\"><a href=\"https:\/\/drive.google.com\/file\/d\/0B1W8DH-HGW-gcmJvMjh2VVB5Nm93cEJvZG83RHJmbkZTSDRN\/view?usp=sharing\" target=\"_blank\" rel=\"noopener\"><img decoding=\"async\" class=\"aligncenter\" title=\"\" src=\"https:\/\/ifdcvm-slu.infd.edu.ar\/sitio\/wp-content\/uploads\/2018\/07\/icono_pdf.jpg\" alt=\"\" border=\"0\"><\/a><\/td><\/tr><tr><td>Res. N\u00b0 60-SCD-2018<\/td><td class=\"has-text-align-center\" data-align=\"center\"><a href=\"https:\/\/drive.google.com\/file\/d\/0B1W8DH-HGW-gcG1XVUtwdWFOSjRENGFudmxPRGNTUHVsbzhv\/view?usp=sharing\" target=\"_blank\" rel=\"noopener\"><img decoding=\"async\" class=\"aligncenter\" title=\"\" src=\"https:\/\/ifdcvm-slu.infd.edu.ar\/sitio\/wp-content\/uploads\/2018\/07\/icono_pdf.jpg\" alt=\"\" border=\"0\"><\/a><\/td><\/tr><tr><td>Res. N\u00b0 84-SCD-2018<\/td><td class=\"has-text-align-center\" data-align=\"center\"><a href=\"https:\/\/drive.google.com\/file\/d\/0B1W8DH-HGW-gZmY2dHZBM3hzX2Z5S09aNU93bzBGbzJTNnhn\/view?usp=sharing\" target=\"_blank\" rel=\"noopener\"><img decoding=\"async\" class=\"aligncenter\" title=\"\" src=\"https:\/\/ifdcvm-slu.infd.edu.ar\/sitio\/wp-content\/uploads\/2018\/07\/icono_pdf.jpg\" alt=\"\" border=\"0\"><\/a><\/td><\/tr><tr><td>Res. N\u00b0 85-SCD-2018<\/td><td class=\"has-text-align-center\" data-align=\"center\"><a href=\"https:\/\/drive.google.com\/file\/d\/0B1W8DH-HGW-gUHRjYU9SUXpBa0JMaHRQZFYtb2xpUDJrT19z\/view?usp=sharing\" target=\"_blank\" rel=\"noopener\"><img decoding=\"async\" class=\"aligncenter\" title=\"\" src=\"https:\/\/ifdcvm-slu.infd.edu.ar\/sitio\/wp-content\/uploads\/2018\/07\/icono_pdf.jpg\" alt=\"\" border=\"0\"><\/a><\/td><\/tr><tr><td>Res. N\u00b0 86-SCD-2018<\/td><td class=\"has-text-align-center\" data-align=\"center\"><a href=\"https:\/\/drive.google.com\/file\/d\/0B1W8DH-HGW-gMzdRVFJGQVYtZ2tRMk96SlR5Q1FhSmxoS2ZV\/view?usp=sharing\" target=\"_blank\" rel=\"noopener\"><img decoding=\"async\" class=\"aligncenter\" title=\"\" src=\"https:\/\/ifdcvm-slu.infd.edu.ar\/sitio\/wp-content\/uploads\/2018\/07\/icono_pdf.jpg\" alt=\"\" border=\"0\"><\/a><\/td><\/tr><tr><td>Res. N\u00b0 87-SCD-2018<\/td><td class=\"has-text-align-center\" data-align=\"center\"><a href=\"https:\/\/drive.google.com\/file\/d\/0B1W8DH-HGW-gbXIxZ1RBN0lvVXBPUU4yTEFFVGFveklpMlp3\/view?usp=sharing\" target=\"_blank\" rel=\"noopener\"><img decoding=\"async\" class=\"aligncenter\" title=\"\" src=\"https:\/\/ifdcvm-slu.infd.edu.ar\/sitio\/wp-content\/uploads\/2018\/07\/icono_pdf.jpg\" alt=\"\" border=\"0\"><\/a><\/td><\/tr><tr><td>Res. N\u00b0 88-SCD-2018<\/td><td class=\"has-text-align-center\" data-align=\"center\"><a href=\"https:\/\/drive.google.com\/file\/d\/0B1W8DH-HGW-gRUFMSWFFOEtCRzd5V0dvT1lrcnlWaDlEMEhR\/view?usp=sharing\" target=\"_blank\" rel=\"noopener\"><img decoding=\"async\" class=\"aligncenter\" title=\"\" src=\"https:\/\/ifdcvm-slu.infd.edu.ar\/sitio\/wp-content\/uploads\/2018\/07\/icono_pdf.jpg\" alt=\"\" border=\"0\"><\/a><\/td><\/tr><tr><td>Res. N\u00b0 89-SCD-2018<\/td><td class=\"has-text-align-center\" data-align=\"center\"><a href=\"https:\/\/drive.google.com\/file\/d\/0B1W8DH-HGW-geEdNQ2J5OTVJU3RMRWlZT2ZUbVpzM0ZwTHRR\/view?usp=sharing\" target=\"_blank\" rel=\"noopener\"><img decoding=\"async\" class=\"aligncenter\" title=\"\" src=\"https:\/\/ifdcvm-slu.infd.edu.ar\/sitio\/wp-content\/uploads\/2018\/07\/icono_pdf.jpg\" alt=\"\" border=\"0\"><\/a><\/td><\/tr><tr><td>Res. N\u00b0 98-SCD-2018<\/td><td class=\"has-text-align-center\" data-align=\"center\"><a href=\"https:\/\/drive.google.com\/file\/d\/0B1W8DH-HGW-gdkgyYi1JUlRid3daNTQ1UWxzaFR5cHo2Zmcw\/view?usp=sharing\" target=\"_blank\" rel=\"noopener\"><img decoding=\"async\" class=\"aligncenter\" title=\"\" src=\"https:\/\/ifdcvm-slu.infd.edu.ar\/sitio\/wp-content\/uploads\/2018\/07\/icono_pdf.jpg\" alt=\"\" border=\"0\"><\/a><\/td><\/tr><tr><td>Res. N\u00b0 99-SCD-2018<\/td><td class=\"has-text-align-center\" data-align=\"center\"><a href=\"https:\/\/drive.google.com\/file\/d\/0B1W8DH-HGW-gVDloNWxkUUdtTENBNW1vdUpSeThtTTd2ajRZ\/view?usp=sharing\" target=\"_blank\" rel=\"noopener\"><img decoding=\"async\" class=\"aligncenter\" title=\"\" src=\"https:\/\/ifdcvm-slu.infd.edu.ar\/sitio\/wp-content\/uploads\/2018\/07\/icono_pdf.jpg\" alt=\"\" border=\"0\"><\/a><\/td><\/tr><tr><td>Res. N\u00b0 100-SCD-2018<\/td><td class=\"has-text-align-center\" data-align=\"center\"><a href=\"https:\/\/drive.google.com\/file\/d\/0B1W8DH-HGW-geDN5ZjZwcm1qelIySkFldlA3R0tGd2lZMFpR\/view?usp=sharing\" target=\"_blank\" rel=\"noopener\"><img decoding=\"async\" class=\"aligncenter\" title=\"\" src=\"https:\/\/ifdcvm-slu.infd.edu.ar\/sitio\/wp-content\/uploads\/2018\/07\/icono_pdf.jpg\" alt=\"\" border=\"0\"><\/a><\/td><\/tr><tr><td>Res. N\u00b0 101-SCD-2018<\/td><td class=\"has-text-align-center\" data-align=\"center\"><a href=\"https:\/\/drive.google.com\/file\/d\/0B1W8DH-HGW-gQ2kwSkJVWms1NWg4NHpJVEVCaEViQzZ1c3VN\/view?usp=sharing\" target=\"_blank\" rel=\"noopener\"><img decoding=\"async\" class=\"aligncenter\" title=\"\" src=\"https:\/\/ifdcvm-slu.infd.edu.ar\/sitio\/wp-content\/uploads\/2018\/07\/icono_pdf.jpg\" alt=\"\" border=\"0\"><\/a><\/td><\/tr><tr><td>Res. N\u00b0 102-SCD-2018<\/td><td class=\"has-text-align-center\" data-align=\"center\"><a href=\"https:\/\/drive.google.com\/file\/d\/0B1W8DH-HGW-gVnh1QWhSdEd2bzM3OEM1OFVqRzRocVJka0hJ\/view?usp=sharing\" target=\"_blank\" rel=\"noopener\"><img decoding=\"async\" class=\"aligncenter\" title=\"\" src=\"https:\/\/ifdcvm-slu.infd.edu.ar\/sitio\/wp-content\/uploads\/2018\/07\/icono_pdf.jpg\" alt=\"\" border=\"0\"><\/a><\/td><\/tr><tr><td>Res. N\u00b0 103-SCD-2018<\/td><td class=\"has-text-align-center\" data-align=\"center\"><a href=\"https:\/\/drive.google.com\/file\/d\/0B1W8DH-HGW-gYWNNb1NWSUVBeENfaE1lRzNGWU1tNlcwWWhV\/view?usp=sharing\" target=\"_blank\" rel=\"noopener\"><img decoding=\"async\" class=\"aligncenter\" title=\"\" src=\"https:\/\/ifdcvm-slu.infd.edu.ar\/sitio\/wp-content\/uploads\/2018\/07\/icono_pdf.jpg\" alt=\"\" border=\"0\"><\/a><\/td><\/tr><tr><td>Res. N\u00b0 76-SCD-2017<\/td><td class=\"has-text-align-center\" data-align=\"center\">&nbsp;<a href=\"https:\/\/drive.google.com\/file\/d\/1EBkpGBRkEQMz5mvhcDsP2PS5Pmeay5u1\/view?usp=sharing\" target=\"_blank\" rel=\"noopener\"><img decoding=\"async\" title=\"\" src=\"https:\/\/ifdcvm-slu.infd.edu.ar\/sitio\/wp-content\/uploads\/2018\/07\/icono_pdf.jpg\" alt=\"\" border=\"0\"><\/a><\/td><\/tr><tr><td>Res. N\u00b0 76-SCD-2017 (<em>modificada<\/em>)<\/td><td class=\"has-text-align-center\" data-align=\"center\">&nbsp;<a href=\"https:\/\/drive.google.com\/file\/d\/10Gr3Q6ZCyqvwjPDVW93Lw231iWsYxcy4\/view?usp=sharing\" target=\"_blank\" rel=\"noopener\"><img decoding=\"async\" title=\"\" src=\"https:\/\/ifdcvm-slu.infd.edu.ar\/sitio\/wp-content\/uploads\/2018\/07\/icono_pdf.jpg\" alt=\"\" border=\"0\"><\/a><\/td><\/tr><tr><td>Res. N\u00b0 107-SCD-2017<\/td><td class=\"has-text-align-center\" data-align=\"center\">&nbsp;<a href=\"https:\/\/drive.google.com\/file\/d\/1r07wOFVlNe8ANBUA13hey3vSaPu4eUz7\/view?usp=sharing\" target=\"_blank\" rel=\"noopener\"><img decoding=\"async\" title=\"\" src=\"https:\/\/ifdcvm-slu.infd.edu.ar\/sitio\/wp-content\/uploads\/2018\/07\/icono_pdf.jpg\" alt=\"\" border=\"0\"><\/a><\/td><\/tr><tr><td>Res. N\u00b0 108-SCD-2017<\/td><td class=\"has-text-align-center\" data-align=\"center\">&nbsp;<a href=\"https:\/\/drive.google.com\/file\/d\/1lG4Q6-YIo6stiWm3V4OkD6RFz4j3RnrJ\/view?usp=sharing\" target=\"_blank\" rel=\"noopener\"><img decoding=\"async\" title=\"\" src=\"https:\/\/ifdcvm-slu.infd.edu.ar\/sitio\/wp-content\/uploads\/2018\/07\/icono_pdf.jpg\" alt=\"\" border=\"0\"><\/a><\/td><\/tr><tr><td>Res. N\u00b0 110-SCD-2017<\/td><td class=\"has-text-align-center\" data-align=\"center\">&nbsp;<a href=\"https:\/\/drive.google.com\/file\/d\/1lWPDtd1M-bTFdOPZ9YH4gZRqt0cFwuqD\/view?usp=sharing\" target=\"_blank\" rel=\"noopener\"><img decoding=\"async\" title=\"\" src=\"https:\/\/ifdcvm-slu.infd.edu.ar\/sitio\/wp-content\/uploads\/2018\/07\/icono_pdf.jpg\" alt=\"\" border=\"0\"><\/a><\/td><\/tr><tr><td>Res. N\u00b0 111-SCD-2016<\/td><td class=\"has-text-align-center\" data-align=\"center\">&nbsp;<a href=\"https:\/\/drive.google.com\/file\/d\/13qz-9GPTQg0WuSwMCICkW4G-n98tVneL\/view?usp=sharing\" target=\"_blank\" rel=\"noopener\"><img decoding=\"async\" loading=\"lazy\" class=\"alignnone\" src=\"https:\/\/ifdcvm-slu.infd.edu.ar\/sitio\/wp-content\/uploads\/2018\/07\/icono_pdf.jpg\" alt=\"\" width=\"34\" height=\"32\" border=\"0\"><\/a><\/td><\/tr><\/tbody><\/table><\/figure>\n\n\n\n<p><\/p>\n","protected":false},"excerpt":{"rendered":"<p>Formulario y\/o descripci\u00f3n del archivo Descargar Anexo II &#8211; 2025 \u00a0 Anexo III &#8211; 2025 Modelo de CV abreviado Post\u00edtulos &nbsp; Resoluci\u00f3n N\u00b0 432-SDCDyFP-2024 Resoluci\u00f3n N\u00b0 433-SDCDyFP-2024 Resoluci\u00f3n N\u00b0 9-SDCDyFP-2024 Resoluci\u00f3n N\u00b0 22-SDCDyFP-2024 Decreto N\u00b0 2-SCD-2019 &nbsp; Decreto N\u00b0 2921-ME-2016 &nbsp; Res. N\u00b0 29-PES-2022 &nbsp; Res. N\u00b0 28-PES-2022 &nbsp; Res. N\u00b0 5-SCD-2018 &nbsp; Res. N\u00b0 &#8230; <a title=\"Direcci\u00f3n de Extensi\u00f3n &#8211; Capacitaci\u00f3n\" class=\"read-more\" href=\"https:\/\/ifdcvm-slu.infd.edu.ar\/sitio\/capacitacion\/\" aria-label=\"More on Direcci\u00f3n de Extensi\u00f3n &#8211; Capacitaci\u00f3n\">[+]<\/a><\/p>\n","protected":false},"author":792,"featured_media":0,"parent":0,"menu_order":0,"comment_status":"closed","ping_status":"closed","template":"","meta":[],"acf":[],"_links":{"self":[{"href":"https:\/\/ifdcvm-slu.infd.edu.ar\/sitio\/wp-json\/wp\/v2\/pages\/2937"}],"collection":[{"href":"https:\/\/ifdcvm-slu.infd.edu.ar\/sitio\/wp-json\/wp\/v2\/pages"}],"about":[{"href":"https:\/\/ifdcvm-slu.infd.edu.ar\/sitio\/wp-json\/wp\/v2\/types\/page"}],"author":[{"embeddable":true,"href":"https:\/\/ifdcvm-slu.infd.edu.ar\/sitio\/wp-json\/wp\/v2\/users\/792"}],"replies":[{"embeddable":true,"href":"https:\/\/ifdcvm-slu.infd.edu.ar\/sitio\/wp-json\/wp\/v2\/comments?post=2937"}],"version-history":[{"count":16,"href":"https:\/\/ifdcvm-slu.infd.edu.ar\/sitio\/wp-json\/wp\/v2\/pages\/2937\/revisions"}],"predecessor-version":[{"id":16053,"href":"https:\/\/ifdcvm-slu.infd.edu.ar\/sitio\/wp-json\/wp\/v2\/pages\/2937\/revisions\/16053"}],"wp:attachment":[{"href":"https:\/\/ifdcvm-slu.infd.edu.ar\/sitio\/wp-json\/wp\/v2\/media?parent=2937"}],"curies":[{"name":"wp","href":"https:\/\/api.w.org\/{rel}","templated":true}]}}