{"id":6717,"date":"2019-07-05T10:40:34","date_gmt":"2019-07-05T13:40:34","guid":{"rendered":"https:\/\/ifdcvm-slu.infd.edu.ar\/sitio\/?page_id=6717"},"modified":"2019-07-05T10:44:39","modified_gmt":"2019-07-05T13:44:39","slug":"recursos-didacticos-digitales","status":"publish","type":"page","link":"https:\/\/ifdcvm-slu.infd.edu.ar\/sitio\/recursos-didacticos-digitales\/","title":{"rendered":"Recursos Did\u00e1cticos Digitales"},"content":{"rendered":"<h3><strong>Proyecto Sanas Conexiones<\/strong><\/h3>\n<p>El aprendizaje basado en proyectos seg\u00fan Lourdes Galeano, es un modelo de aprendizaje en el que los estudiantes planean, implementan y eval\u00faan proyectos que tienen aplicaci\u00f3n en el mundo real, m\u00e1s all\u00e1 del aula.<\/p>\n<p><img decoding=\"async\" loading=\"lazy\" class=\"aligncenter wp-image-6718 size-medium\" src=\"https:\/\/ifdcvm-slu.infd.edu.ar\/sitio\/wp-content\/uploads\/2019\/07\/6-1000x563.jpg\" alt=\"\" width=\"1000\" height=\"563\" srcset=\"https:\/\/ifdcvm-slu.infd.edu.ar\/sitio\/wp-content\/uploads\/2019\/07\/6-1000x563.jpg 1000w, https:\/\/ifdcvm-slu.infd.edu.ar\/sitio\/wp-content\/uploads\/2019\/07\/6-768x432.jpg 768w, https:\/\/ifdcvm-slu.infd.edu.ar\/sitio\/wp-content\/uploads\/2019\/07\/6-1900x1069.jpg 1900w, https:\/\/ifdcvm-slu.infd.edu.ar\/sitio\/wp-content\/uploads\/2019\/07\/6.jpg 1920w\" sizes=\"(max-width: 1000px) 100vw, 1000px\" \/><\/p>\n<p>La tem\u00e1tica de este proyecto est\u00e1 centrada en el uso del celular, el contexto de implementaci\u00f3n elegido fue principalmente el contexto educativo, enfoc\u00e1ndose en el Instituto de Formaci\u00f3n Docente Continua de Villa Mercedes, San Luis; la finalidad primordial es observar, analizar\u00a0 y evaluar el uso del celular en el mundo real, por medio de propuestas concretas, como entrevistas, encuestas, talleres, etc.<\/p>\n<p>Son muchos los actores que forman parte de este proyecto, ya que el aprendizaje basado en proyecto tiene como ventaja, establecer relaciones de integraci\u00f3n entre diversas disciplinas y profesiones. Por ello , habr\u00e1 aportes de psic\u00f3logos, fonoaudi\u00f3logos, kinesi\u00f3logos, alumnos de la carrera de Educaci\u00f3n Primaria, \u00a0directivos, docentes y no docentes del IFDCVM.<\/p>\n<p><img decoding=\"async\" loading=\"lazy\" class=\"aligncenter wp-image-6686 size-large\" src=\"https:\/\/ifdcvm-slu.infd.edu.ar\/sitio\/wp-content\/uploads\/2019\/07\/IMG_20190612_111917-1900x1425.jpg\" alt=\"\" width=\"1200\" height=\"900\" srcset=\"https:\/\/ifdcvm-slu.infd.edu.ar\/sitio\/wp-content\/uploads\/2019\/07\/IMG_20190612_111917-1900x1425.jpg 1900w, https:\/\/ifdcvm-slu.infd.edu.ar\/sitio\/wp-content\/uploads\/2019\/07\/IMG_20190612_111917-1000x750.jpg 1000w, https:\/\/ifdcvm-slu.infd.edu.ar\/sitio\/wp-content\/uploads\/2019\/07\/IMG_20190612_111917-768x576.jpg 768w\" sizes=\"(max-width: 1200px) 100vw, 1200px\" \/><\/p>\n<p>Un proyecto basado en la metodolog\u00eda ABP, desarrolla las habilidades para la soluci\u00f3n de problemas, raz\u00f3n por la cual la cantidad de actores participantes beneficia y aporta a que la investigaci\u00f3n realizada tenga mayor validez, como as\u00ed tambi\u00e9n a aumentar la motivaci\u00f3n de quienes trabajan en dicho proyecto.<\/p>\n<p><img decoding=\"async\" loading=\"lazy\" class=\"aligncenter wp-image-6691 size-medium\" src=\"https:\/\/ifdcvm-slu.infd.edu.ar\/sitio\/wp-content\/uploads\/2019\/07\/IMG_20190626_111656-1000x750.jpg\" alt=\"\" width=\"1000\" height=\"750\" srcset=\"https:\/\/ifdcvm-slu.infd.edu.ar\/sitio\/wp-content\/uploads\/2019\/07\/IMG_20190626_111656-1000x750.jpg 1000w, https:\/\/ifdcvm-slu.infd.edu.ar\/sitio\/wp-content\/uploads\/2019\/07\/IMG_20190626_111656-768x576.jpg 768w, https:\/\/ifdcvm-slu.infd.edu.ar\/sitio\/wp-content\/uploads\/2019\/07\/IMG_20190626_111656-1900x1425.jpg 1900w\" sizes=\"(max-width: 1000px) 100vw, 1000px\" \/><\/p>\n<p style=\"text-align: center;\"><a href=\"https:\/\/drive.google.com\/drive\/folders\/1V2xhdeglMZQaB-rcOkzk0m1k0VL8hQXi?usp=sharing\">Material que hemos generado y utilizado<\/a><\/p>\n<hr \/>\n<h3><strong>Proyecto TIC al Rescate<\/strong><\/h3>\n<p><img decoding=\"async\" loading=\"lazy\" class=\"aligncenter size-full wp-image-6720\" src=\"https:\/\/ifdcvm-slu.infd.edu.ar\/sitio\/wp-content\/uploads\/2019\/07\/Agradecimientos-TIC.jpg\" alt=\"\" width=\"960\" height=\"720\" srcset=\"https:\/\/ifdcvm-slu.infd.edu.ar\/sitio\/wp-content\/uploads\/2019\/07\/Agradecimientos-TIC.jpg 960w, https:\/\/ifdcvm-slu.infd.edu.ar\/sitio\/wp-content\/uploads\/2019\/07\/Agradecimientos-TIC-768x576.jpg 768w\" sizes=\"(max-width: 960px) 100vw, 960px\" \/><\/p>\n<p>Este proyecto se dirige especialmente a los estudiantes del Instituto de Formaci\u00f3n Docente Continua de Villa Mercedes en la Provincia de San Luis.<\/p>\n<p>La creaci\u00f3n surge por parte de la c\u00e1tedra <strong>\u201cRecursos Did\u00e1cticos Digitales\u201d<\/strong> y de los alumnos y alumnas de dicho espacio para dar soluci\u00f3n al problema real con el que se enfrentan los miembros de la instituci\u00f3n.<\/p>\n<p style=\"text-align: center;\"><iframe loading=\"lazy\" src=\"https:\/\/www.youtube.com\/embed\/zbcL0NwyvAA\" width=\"560\" height=\"315\" frameborder=\"0\" allowfullscreen=\"allowfullscreen\"><\/iframe><\/p>\n<p>El mismo surge a partir de observar el problema de comunicaci\u00f3n, interna que vivencian cotidianamente los docentes, no docentes, administrativos y alumnos del IFDC.<\/p>\n<p style=\"text-align: center;\"><iframe loading=\"lazy\" src=\"https:\/\/www.youtube.com\/embed\/p5roJ9qCWZU\" width=\"560\" height=\"315\" frameborder=\"0\" allowfullscreen=\"allowfullscreen\"><\/iframe><\/p>\n<p>La \u00faltima etapa de los proyectos, la etapa de comunicaci\u00f3n de resultados y posibles soluciones. Se llev\u00f3 a cabo el d\u00eda 26 de agosto de 9 a 11 horas en el teatro del IFDCVM.<\/p>\n<p>A continuaci\u00f3n se exponen los recursos realizados por las alumnas, dichos recursos formaron parte de la presentaci\u00f3n y puesta en escena final para comunicar a la comunidad del IFDCVM los resultados objetivos y posibles soluciones de ambos proyectos<\/p>\n<p><img decoding=\"async\" loading=\"lazy\" class=\"aligncenter size-full wp-image-6721\" src=\"https:\/\/ifdcvm-slu.infd.edu.ar\/sitio\/wp-content\/uploads\/2019\/07\/Agradecimientos-TIC_2.jpg\" alt=\"\" width=\"960\" height=\"720\" srcset=\"https:\/\/ifdcvm-slu.infd.edu.ar\/sitio\/wp-content\/uploads\/2019\/07\/Agradecimientos-TIC_2.jpg 960w, https:\/\/ifdcvm-slu.infd.edu.ar\/sitio\/wp-content\/uploads\/2019\/07\/Agradecimientos-TIC_2-768x576.jpg 768w\" sizes=\"(max-width: 960px) 100vw, 960px\" \/><\/p>\n<p style=\"text-align: center;\"><a href=\"https:\/\/drive.google.com\/drive\/folders\/1cOStikmRyu52oEUCB9Dx4W8_TzP1Wy0T?usp=sharing\">Material que hemos generado y utilizado<\/a><\/p>\n","protected":false},"excerpt":{"rendered":"<p>Proyecto Sanas Conexiones El aprendizaje basado en proyectos seg\u00fan Lourdes Galeano, es un modelo de aprendizaje en el que los estudiantes planean, implementan y eval\u00faan proyectos que tienen aplicaci\u00f3n en el mundo real, m\u00e1s all\u00e1 del aula. La tem\u00e1tica de este proyecto est\u00e1 centrada en el uso del celular, el contexto de implementaci\u00f3n elegido fue &#8230; <a title=\"Recursos Did\u00e1cticos Digitales\" class=\"read-more\" href=\"https:\/\/ifdcvm-slu.infd.edu.ar\/sitio\/recursos-didacticos-digitales\/\" aria-label=\"More on Recursos Did\u00e1cticos Digitales\">[+]<\/a><\/p>\n","protected":false},"author":1518,"featured_media":0,"parent":0,"menu_order":0,"comment_status":"closed","ping_status":"closed","template":"","meta":[],"acf":[],"_links":{"self":[{"href":"https:\/\/ifdcvm-slu.infd.edu.ar\/sitio\/wp-json\/wp\/v2\/pages\/6717"}],"collection":[{"href":"https:\/\/ifdcvm-slu.infd.edu.ar\/sitio\/wp-json\/wp\/v2\/pages"}],"about":[{"href":"https:\/\/ifdcvm-slu.infd.edu.ar\/sitio\/wp-json\/wp\/v2\/types\/page"}],"author":[{"embeddable":true,"href":"https:\/\/ifdcvm-slu.infd.edu.ar\/sitio\/wp-json\/wp\/v2\/users\/1518"}],"replies":[{"embeddable":true,"href":"https:\/\/ifdcvm-slu.infd.edu.ar\/sitio\/wp-json\/wp\/v2\/comments?post=6717"}],"version-history":[{"count":4,"href":"https:\/\/ifdcvm-slu.infd.edu.ar\/sitio\/wp-json\/wp\/v2\/pages\/6717\/revisions"}],"predecessor-version":[{"id":7006,"href":"https:\/\/ifdcvm-slu.infd.edu.ar\/sitio\/wp-json\/wp\/v2\/pages\/6717\/revisions\/7006"}],"wp:attachment":[{"href":"https:\/\/ifdcvm-slu.infd.edu.ar\/sitio\/wp-json\/wp\/v2\/media?parent=6717"}],"curies":[{"name":"wp","href":"https:\/\/api.w.org\/{rel}","templated":true}]}}