{"id":6834,"date":"2019-08-09T08:40:36","date_gmt":"2019-08-09T11:40:36","guid":{"rendered":"https:\/\/ifdcvm-slu.infd.edu.ar\/sitio\/?page_id=6834"},"modified":"2025-10-16T09:37:54","modified_gmt":"2025-10-16T12:37:54","slug":"art","status":"publish","type":"page","link":"https:\/\/ifdcvm-slu.infd.edu.ar\/sitio\/art\/","title":{"rendered":"ART &#8211; Procedimiento"},"content":{"rendered":"\n<p><strong>Compa\u00f1\u00eda de Seguros<\/strong>: Federal Patronal Seguros S.A. &#8211; Aseguradora de riesgos del trabajo<\/p>\n\n\n\n<figure class=\"wp-block-image size-full\"><img decoding=\"async\" loading=\"lazy\" width=\"1300\" height=\"1746\" src=\"https:\/\/ifdcvm-slu.infd.edu.ar\/sitio\/wp-content\/uploads\/2025\/10\/0593-80-Afiche-0800-c-S.A.U.-1_001.png\" alt=\"\" class=\"wp-image-17340\" srcset=\"https:\/\/ifdcvm-slu.infd.edu.ar\/sitio\/wp-content\/uploads\/2025\/10\/0593-80-Afiche-0800-c-S.A.U.-1_001.png 1300w, https:\/\/ifdcvm-slu.infd.edu.ar\/sitio\/wp-content\/uploads\/2025\/10\/0593-80-Afiche-0800-c-S.A.U.-1_001-745x1000.png 745w, https:\/\/ifdcvm-slu.infd.edu.ar\/sitio\/wp-content\/uploads\/2025\/10\/0593-80-Afiche-0800-c-S.A.U.-1_001-768x1031.png 768w, https:\/\/ifdcvm-slu.infd.edu.ar\/sitio\/wp-content\/uploads\/2025\/10\/0593-80-Afiche-0800-c-S.A.U.-1_001-1144x1536.png 1144w\" sizes=\"(max-width: 1300px) 100vw, 1300px\" \/><\/figure>\n\n\n\n<p class=\"has-large-font-size\"><strong>PROCEDIMIENTO PARA ACTUAR ANTE UNA EMERGENCIA:<\/strong><\/p>\n\n\n\n<p class=\"has-base-background-color has-background has-medium-font-size\"><strong>ACCIDENTE LEVE<\/strong> (Si el accidentado puede deambular)<\/p>\n\n\n\n<p>a) Der\u00edvelo al prestador m\u00e9dico habilitado de su localidad, el cual podr\u00e1 ser consultado a trav\u00e9s de nuestra p\u00e1gina web ingresando a: www.fedpat.com.ar<\/p>\n\n\n\n<p>b) Si desconoce los prestadores de su zona, comun\u00edquese al CENTRO DE ATENCI\u00d3N PERMANENTE.<\/p>\n\n\n\n<p><\/p>\n\n\n\n<p class=\"has-base-background-color has-background has-medium-font-size\"><strong>ACCIDENTE DE MAYOR GRAVEDAD<\/strong><\/p>\n\n\n\n<ul>\n<li>Gran quemado<\/li>\n\n\n\n<li>Amputado<\/li>\n\n\n\n<li>Intoxicaci\u00f3n<\/li>\n\n\n\n<li>Gran traumatizado<br><strong>RECOMENDACI\u00d3N<\/strong>: Llame inmediatamente al CENTRO DE ATENCI\u00d3N PERMANENTE.<br><br>Proporcione los datos personales del accidentado y la ubicaci\u00f3n exacta donde se encuentra; calle, n\u00famero, piso, calles laterales, etc.<br>El servicio de emergencias m\u00e9dicas determinar\u00e1 el lugar de atenci\u00f3n de acuerdo a la zona, al tipo de gravedad de la lesi\u00f3n y se gestionar\u00e1 el traslado en veh\u00edculo acorde.<\/li>\n<\/ul>\n\n\n\n<p><\/p>\n\n\n\n<p><\/p>\n\n\n\n<p class=\"has-medium-font-size\"><strong>IMPORTANTE<\/strong>:<br>Recuerde que el accidentado siempre debe concurrir con el formulario de Denuncia de Accidente para su correcta atenci\u00f3n. Asimismo, deber\u00e1 remitir el duplicado de la misma, antes de las 48 horas de ocurrido el siniestro a cualquiera de nuestras sucursales, oficinas de vuestro asesor de seguros o v\u00eda e-mail a denunciasart@fedpat.com.ar<\/p>\n\n\n\n<p>Para obtener Formularios de Denuncia o realizar la misma on line ingrese a: <a rel=\"noreferrer noopener\" href=\"https:\/\/www.fedpat.com.ar\/\" data-type=\"URL\" data-id=\"https:\/\/www.fedpat.com.ar\/\" target=\"_blank\">www.fedpat.com.ar<\/a> dentro de Acceso Web ART o al link <a href=\"https:\/\/self2.fedpat.com.ar\/art\">https:\/\/self2.fedpat.com.ar\/art<\/a><\/p>\n\n\n\n<p>&#x23ec;<a rel=\"noreferrer noopener\" href=\"https:\/\/ifdcvm-slu.infd.edu.ar\/sitio\/wp-content\/uploads\/2025\/10\/0429-80-Accidentes-ART-1.pdf\" data-type=\"URL\" data-id=\"https:\/\/ifdcvm-slu.infd.edu.ar\/sitio\/wp-content\/uploads\/2025\/10\/0429-80-Accidentes-ART-1.pdf\" target=\"_blank\">DESCARGAR GU\u00cdA COMPLETA<\/a>&#x23ec;<\/p>\n\n\n\n<p>ART &#8211; Federaci\u00f3n Patronal Seguros S.A.<\/p>\n","protected":false},"excerpt":{"rendered":"<p>Compa\u00f1\u00eda de Seguros: Federal Patronal Seguros S.A. &#8211; Aseguradora de riesgos del trabajo PROCEDIMIENTO PARA ACTUAR ANTE UNA EMERGENCIA: ACCIDENTE LEVE (Si el accidentado puede deambular) a) Der\u00edvelo al prestador m\u00e9dico habilitado de su localidad, el cual podr\u00e1 ser consultado a trav\u00e9s de nuestra p\u00e1gina web ingresando a: www.fedpat.com.ar b) Si desconoce los prestadores de &#8230; <a title=\"ART &#8211; Procedimiento\" class=\"read-more\" href=\"https:\/\/ifdcvm-slu.infd.edu.ar\/sitio\/art\/\" aria-label=\"More on ART &#8211; Procedimiento\">[+]<\/a><\/p>\n","protected":false},"author":1518,"featured_media":0,"parent":0,"menu_order":0,"comment_status":"closed","ping_status":"closed","template":"","meta":[],"acf":[],"_links":{"self":[{"href":"https:\/\/ifdcvm-slu.infd.edu.ar\/sitio\/wp-json\/wp\/v2\/pages\/6834"}],"collection":[{"href":"https:\/\/ifdcvm-slu.infd.edu.ar\/sitio\/wp-json\/wp\/v2\/pages"}],"about":[{"href":"https:\/\/ifdcvm-slu.infd.edu.ar\/sitio\/wp-json\/wp\/v2\/types\/page"}],"author":[{"embeddable":true,"href":"https:\/\/ifdcvm-slu.infd.edu.ar\/sitio\/wp-json\/wp\/v2\/users\/1518"}],"replies":[{"embeddable":true,"href":"https:\/\/ifdcvm-slu.infd.edu.ar\/sitio\/wp-json\/wp\/v2\/comments?post=6834"}],"version-history":[{"count":10,"href":"https:\/\/ifdcvm-slu.infd.edu.ar\/sitio\/wp-json\/wp\/v2\/pages\/6834\/revisions"}],"predecessor-version":[{"id":17353,"href":"https:\/\/ifdcvm-slu.infd.edu.ar\/sitio\/wp-json\/wp\/v2\/pages\/6834\/revisions\/17353"}],"wp:attachment":[{"href":"https:\/\/ifdcvm-slu.infd.edu.ar\/sitio\/wp-json\/wp\/v2\/media?parent=6834"}],"curies":[{"name":"wp","href":"https:\/\/api.w.org\/{rel}","templated":true}]}}