{"id":7778,"date":"2020-03-13T09:11:30","date_gmt":"2020-03-13T12:11:30","guid":{"rendered":"https:\/\/ifdcvm-slu.infd.edu.ar\/sitio\/?page_id=7778"},"modified":"2020-03-13T09:32:25","modified_gmt":"2020-03-13T12:32:25","slug":"inscripcion-al-campus-virtual-por-carrera","status":"publish","type":"page","link":"https:\/\/ifdcvm-slu.infd.edu.ar\/sitio\/inscripcion-al-campus-virtual-por-carrera\/","title":{"rendered":"Inscripci\u00f3n al Campus Virtual por carrera"},"content":{"rendered":"<p><a href=\"https:\/\/forms.gle\/FC2Le3mhuj8JM3u5A\">Profesorado Educaci\u00f3n Primaria<\/a><\/p>\n<p><a href=\"https:\/\/forms.gle\/8QZAqgHC2ahL5CvG8\">Profesorado de Matem\u00e1tica<\/a><\/p>\n<p>Profesorado Secundario en Lengua y Literatura<\/p>\n<p>Profesorado en Artes Visuales<\/p>\n<p>Profesorado de M\u00fasica<\/p>\n<p><a href=\"https:\/\/forms.gle\/ddinFRfzQKAz4rpp9\">Tecnicatura en Tecnolog\u00edas Industriales<\/a><\/p>\n<p>Profesorado Secundario T\u00e9cnico Profesional<\/p>\n<p><a href=\"https:\/\/forms.gle\/KY4ttw1xbo5fUJBA7\">Profesorado Educaci\u00f3n Tecnol\u00f3gica<\/a><\/p>\n","protected":false},"excerpt":{"rendered":"<p>Profesorado Educaci\u00f3n Primaria Profesorado de Matem\u00e1tica Profesorado Secundario en Lengua y Literatura Profesorado en Artes Visuales Profesorado de M\u00fasica Tecnicatura en Tecnolog\u00edas Industriales Profesorado Secundario T\u00e9cnico Profesional Profesorado Educaci\u00f3n Tecnol\u00f3gica<\/p>\n","protected":false},"author":792,"featured_media":0,"parent":0,"menu_order":0,"comment_status":"closed","ping_status":"closed","template":"","meta":[],"acf":[],"_links":{"self":[{"href":"https:\/\/ifdcvm-slu.infd.edu.ar\/sitio\/wp-json\/wp\/v2\/pages\/7778"}],"collection":[{"href":"https:\/\/ifdcvm-slu.infd.edu.ar\/sitio\/wp-json\/wp\/v2\/pages"}],"about":[{"href":"https:\/\/ifdcvm-slu.infd.edu.ar\/sitio\/wp-json\/wp\/v2\/types\/page"}],"author":[{"embeddable":true,"href":"https:\/\/ifdcvm-slu.infd.edu.ar\/sitio\/wp-json\/wp\/v2\/users\/792"}],"replies":[{"embeddable":true,"href":"https:\/\/ifdcvm-slu.infd.edu.ar\/sitio\/wp-json\/wp\/v2\/comments?post=7778"}],"version-history":[{"count":4,"href":"https:\/\/ifdcvm-slu.infd.edu.ar\/sitio\/wp-json\/wp\/v2\/pages\/7778\/revisions"}],"predecessor-version":[{"id":7782,"href":"https:\/\/ifdcvm-slu.infd.edu.ar\/sitio\/wp-json\/wp\/v2\/pages\/7778\/revisions\/7782"}],"wp:attachment":[{"href":"https:\/\/ifdcvm-slu.infd.edu.ar\/sitio\/wp-json\/wp\/v2\/media?parent=7778"}],"curies":[{"name":"wp","href":"https:\/\/api.w.org\/{rel}","templated":true}]}}